CRAN Package Check Results for Package rCarto

Last updated on 2014-11-22 03:49:37.

Flavor Version Tinstall Tcheck Ttotal Status Flags
r-devel-linux-x86_64-debian-clang 0.8 1.68 20.69 22.37 NOTE
r-devel-linux-x86_64-debian-gcc 0.8 1.44 20.38 21.82 NOTE
r-devel-linux-x86_64-fedora-clang 0.8 47.24 NOTE
r-devel-linux-x86_64-fedora-gcc 0.8 42.70 NOTE
r-devel-osx-x86_64-clang 0.8 44.35 NOTE
r-devel-windows-ix86+x86_64 0.8 6.00 52.00 58.00 NOTE
r-patched-linux-x86_64 0.8 1.52 20.98 22.51 NOTE
r-patched-solaris-sparc 0.8 296.10 NOTE
r-patched-solaris-x86 0.8 62.70 NOTE
r-release-linux-ix86 0.8 1.75 27.16 28.90 NOTE
r-release-linux-x86_64 0.8 1.44 20.69 22.13 NOTE
r-release-osx-x86_64-mavericks 0.8 NOTE
r-release-osx-x86_64-snowleopard 0.8 NOTE
r-release-windows-ix86+x86_64 0.8 9.00 38.00 47.00 NOTE
r-oldrel-windows-ix86+x86_64 0.8 6.00 38.00 44.00 NOTE

Check Details

Version: 0.8
Check: dependencies in R code
Result: NOTE
    'library' or 'require' calls to packages already attached by Depends:
     ‘RColorBrewer’ ‘classInt’ ‘maptools’
     Please remove these calls from your code.
    Packages in Depends field not imported from:
     ‘RColorBrewer’ ‘classInt’ ‘maptools’
     These packages need to be imported from (in the NAMESPACE file)
     for when this namespace is loaded but not attached.
    See the information on DESCRIPTION files in the chapter ‘Creating R
    packages’ of the ‘Writing R Extensions’ manual.
Flavors: r-devel-linux-x86_64-debian-clang, r-devel-linux-x86_64-debian-gcc, r-devel-linux-x86_64-fedora-clang, r-devel-linux-x86_64-fedora-gcc, r-devel-osx-x86_64-clang, r-devel-windows-ix86+x86_64, r-patched-linux-x86_64, r-patched-solaris-sparc, r-patched-solaris-x86, r-release-linux-ix86, r-release-linux-x86_64, r-release-osx-x86_64-mavericks, r-release-windows-ix86+x86_64, r-oldrel-windows-ix86+x86_64

Version: 0.8
Check: R code for possible problems
Result: NOTE
    circlesSize: no visible global function definition for ‘bbox’
    discretVar: no visible global function definition for ‘classIntervals’
    discretVar: no visible global function definition for ‘brewer.pal’
    frameAutoSize: no visible global function definition for ‘bbox’
    mapChoroTypo: no visible global function definition for
     ‘readShapeSpatial’
    mapChoropleth: no visible global function definition for
     ‘readShapeSpatial’
    mapCircles: no visible global function definition for
     ‘readShapeSpatial’
    mapCircles: no visible global function definition for ‘coordinates’
    mapCirclesChoro: no visible global function definition for
     ‘readShapeSpatial’
    mapCirclesChoro: no visible global function definition for
     ‘coordinates’
    mapCirclesTypo: no visible global function definition for
     ‘readShapeSpatial’
    mapCirclesTypo: no visible global function definition for ‘coordinates’
    northArrowDisplay: no visible global function definition for
     ‘SpatialPolygonsRescale’
    northArrowDisplay: no visible global function definition for
     ‘layout.north.arrow’
    scalebarDisplay: no visible global function definition for
     ‘SpatialPolygonsRescale’
    scalebarDisplay: no visible global function definition for
     ‘layout.scale.bar’
    typo: no visible global function definition for ‘brewer.pal’
Flavors: r-devel-linux-x86_64-debian-clang, r-devel-linux-x86_64-debian-gcc, r-devel-linux-x86_64-fedora-clang, r-devel-linux-x86_64-fedora-gcc, r-devel-osx-x86_64-clang, r-devel-windows-ix86+x86_64, r-patched-linux-x86_64, r-patched-solaris-sparc, r-patched-solaris-x86, r-release-linux-ix86, r-release-linux-x86_64, r-release-windows-ix86+x86_64

Version: 0.8
Check: dependencies in R code
Result: NOTE
    'library' or 'require' calls to packages already attached by Depends:
     'RColorBrewer' 'classInt' 'maptools'
     Please remove these calls from your code.
    See the information on DESCRIPTION files in the chapter 'Creating R
    packages' of the 'Writing R Extensions' manual.
Flavor: r-release-osx-x86_64-snowleopard