CRAN Package Check Results for Package rCarto

Last updated on 2015-05-29 23:48:12.

Flavor Version Tinstall Tcheck Ttotal Status Flags
r-devel-linux-x86_64-debian-clang 0.8 1.18 16.62 17.81 NOTE
r-devel-linux-x86_64-debian-gcc 0.8 1.17 16.54 17.72 NOTE
r-devel-linux-x86_64-fedora-clang 0.8 35.90 NOTE
r-devel-linux-x86_64-fedora-gcc 0.8 33.01 NOTE
r-devel-osx-x86_64-clang 0.8 36.87 NOTE
r-devel-windows-ix86+x86_64 0.8 6.00 34.00 40.00 NOTE
r-patched-linux-x86_64 0.8 1.15 16.72 17.87 NOTE
r-patched-solaris-sparc 0.8 218.90 NOTE
r-patched-solaris-x86 0.8 50.90 NOTE
r-release-linux-x86_64 0.8 1.16 16.67 17.82 NOTE
r-release-osx-x86_64-mavericks 0.8 NOTE
r-release-osx-x86_64-snowleopard 0.8 NOTE
r-release-windows-ix86+x86_64 0.8 5.00 37.00 42.00 NOTE
r-oldrel-windows-ix86+x86_64 0.8 8.00 67.00 75.00 NOTE

Check Details

Version: 0.8
Check: DESCRIPTION meta-information
Result: NOTE
    Malformed Title field: should not end in a period.
Flavors: r-devel-linux-x86_64-debian-clang, r-devel-linux-x86_64-debian-gcc, r-devel-linux-x86_64-fedora-clang, r-devel-linux-x86_64-fedora-gcc, r-devel-osx-x86_64-clang, r-devel-windows-ix86+x86_64, r-patched-linux-x86_64, r-patched-solaris-sparc, r-patched-solaris-x86, r-release-linux-x86_64, r-release-osx-x86_64-mavericks, r-release-osx-x86_64-snowleopard, r-release-windows-ix86+x86_64

Version: 0.8
Check: dependencies in R code
Result: NOTE
    'library' or 'require' calls to packages already attached by Depends:
     ‘RColorBrewer’ ‘classInt’ ‘maptools’
     Please remove these calls from your code.
    Packages in Depends field not imported from:
     ‘RColorBrewer’ ‘classInt’ ‘maptools’
     These packages need to be imported from (in the NAMESPACE file)
     for when this namespace is loaded but not attached.
Flavors: r-devel-linux-x86_64-debian-clang, r-devel-linux-x86_64-debian-gcc, r-devel-linux-x86_64-fedora-clang, r-devel-linux-x86_64-fedora-gcc, r-devel-osx-x86_64-clang, r-devel-windows-ix86+x86_64, r-patched-linux-x86_64, r-patched-solaris-sparc, r-patched-solaris-x86, r-release-linux-x86_64, r-release-osx-x86_64-mavericks, r-release-osx-x86_64-snowleopard, r-release-windows-ix86+x86_64, r-oldrel-windows-ix86+x86_64

Version: 0.8
Check: R code for possible problems
Result: NOTE
    circlesSize: no visible global function definition for ‘bbox’
    discretVar: no visible global function definition for ‘classIntervals’
    discretVar: no visible global function definition for ‘brewer.pal’
    frameAutoSize: no visible global function definition for ‘bbox’
    mapChoroTypo: no visible global function definition for
     ‘readShapeSpatial’
    mapChoropleth: no visible global function definition for
     ‘readShapeSpatial’
    mapCircles: no visible global function definition for
     ‘readShapeSpatial’
    mapCircles: no visible global function definition for ‘coordinates’
    mapCirclesChoro: no visible global function definition for
     ‘readShapeSpatial’
    mapCirclesChoro: no visible global function definition for
     ‘coordinates’
    mapCirclesTypo: no visible global function definition for
     ‘readShapeSpatial’
    mapCirclesTypo: no visible global function definition for ‘coordinates’
    northArrowDisplay: no visible global function definition for
     ‘SpatialPolygonsRescale’
    northArrowDisplay: no visible global function definition for
     ‘layout.north.arrow’
    scalebarDisplay: no visible global function definition for
     ‘SpatialPolygonsRescale’
    scalebarDisplay: no visible global function definition for
     ‘layout.scale.bar’
    typo: no visible global function definition for ‘brewer.pal’
Flavors: r-devel-linux-x86_64-debian-clang, r-devel-linux-x86_64-debian-gcc, r-devel-linux-x86_64-fedora-clang, r-devel-linux-x86_64-fedora-gcc, r-devel-osx-x86_64-clang, r-devel-windows-ix86+x86_64, r-patched-linux-x86_64, r-patched-solaris-sparc, r-patched-solaris-x86, r-release-linux-x86_64, r-release-osx-x86_64-mavericks, r-release-osx-x86_64-snowleopard, r-release-windows-ix86+x86_64, r-oldrel-windows-ix86+x86_64