CRAN Package Check Results for Package rCarto

Last updated on 2015-07-28 23:47:46.

Flavor Version Tinstall Tcheck Ttotal Status Flags
r-devel-linux-x86_64-debian-clang 0.8 1.20 16.99 18.18 NOTE
r-devel-linux-x86_64-debian-gcc 0.8 1.32 16.57 17.89 NOTE
r-devel-linux-x86_64-fedora-clang 0.8 35.98 NOTE
r-devel-linux-x86_64-fedora-gcc 0.8 34.07 NOTE
r-devel-osx-x86_64-clang 0.8 31.61 NOTE
r-devel-windows-ix86+x86_64 0.8 6.00 32.00 38.00 NOTE
r-patched-linux-x86_64 0.8 1.18 17.31 18.48 NOTE
r-patched-solaris-sparc 0.8 224.30 NOTE
r-patched-solaris-x86 0.8 52.50 NOTE
r-release-linux-x86_64 0.8 1.22 16.64 17.87 NOTE
r-release-osx-x86_64-mavericks 0.8 NOTE
r-release-windows-ix86+x86_64 0.8 7.00 31.00 38.00 NOTE
r-oldrel-windows-ix86+x86_64 0.8 8.00 65.00 73.00 NOTE

Check Details

Version: 0.8
Check: DESCRIPTION meta-information
Result: NOTE
    Malformed Title field: should not end in a period.
Flavors: r-devel-linux-x86_64-debian-clang, r-devel-linux-x86_64-debian-gcc, r-devel-linux-x86_64-fedora-clang, r-devel-linux-x86_64-fedora-gcc, r-devel-osx-x86_64-clang, r-devel-windows-ix86+x86_64, r-patched-linux-x86_64, r-patched-solaris-sparc, r-patched-solaris-x86, r-release-linux-x86_64, r-release-osx-x86_64-mavericks, r-release-windows-ix86+x86_64

Version: 0.8
Check: dependencies in R code
Result: NOTE
    'library' or 'require' calls to packages already attached by Depends:
     ‘RColorBrewer’ ‘classInt’ ‘maptools’
     Please remove these calls from your code.
    Packages in Depends field not imported from:
     ‘RColorBrewer’ ‘classInt’ ‘maptools’
     These packages need to be imported from (in the NAMESPACE file)
     for when this namespace is loaded but not attached.
Flavors: r-devel-linux-x86_64-debian-clang, r-devel-linux-x86_64-debian-gcc, r-devel-linux-x86_64-fedora-clang, r-devel-linux-x86_64-fedora-gcc, r-devel-osx-x86_64-clang, r-devel-windows-ix86+x86_64, r-patched-linux-x86_64, r-patched-solaris-sparc, r-patched-solaris-x86, r-release-linux-x86_64, r-release-osx-x86_64-mavericks, r-release-windows-ix86+x86_64, r-oldrel-windows-ix86+x86_64

Version: 0.8
Check: R code for possible problems
Result: NOTE
    circlesSize: no visible global function definition for ‘bbox’
    circlesSize: no visible global function definition for ‘cm’
    circlesSize: no visible global function definition for ‘xinch’
    discretVar: no visible global function definition for ‘classIntervals’
    discretVar: no visible global function definition for ‘brewer.pal’
    frameAutoSize: no visible global function definition for ‘bbox’
    lgdDisplayCircles: no visible global function definition for ‘par’
    lgdDisplayCircles: no visible global function definition for ‘strwidth’
    lgdDisplayCircles: no visible global function definition for
     ‘strheight’
    lgdDisplayCircles: no visible global function definition for ‘text’
    lgdDisplayCircles: no visible global function definition for ‘symbols’
    lgdDisplayCircles: no visible global function definition for ‘segments’
    lgdDisplayDistr: no visible global function definition for ‘par’
    lgdDisplayDistr: no visible global function definition for ‘strwidth’
    lgdDisplayDistr: no visible global function definition for ‘strheight’
    lgdDisplayDistr: no visible global function definition for ‘text’
    lgdDisplayDistr: no visible global function definition for ‘rect’
    lgdDisplayQualit: no visible global function definition for ‘par’
    lgdDisplayQualit: no visible global function definition for ‘strwidth’
    lgdDisplayQualit: no visible global function definition for ‘strheight’
    lgdDisplayQualit: no visible global function definition for ‘text’
    lgdDisplayQualit: no visible global function definition for ‘rect’
    mapChoroTypo: no visible global function definition for
     ‘readShapeSpatial’
    mapChoroTypo: no visible global function definition for ‘par’
    mapChoroTypo: no visible global function definition for ‘layout’
    mapChoroTypo: no visible global function definition for ‘lcm’
    mapChoroTypo: no visible global function definition for ‘plot.new’
    mapChoroTypo: no visible global function definition for ‘text’
    mapChoroTypo: no visible global function definition for ‘segments’
    mapChoroTypo: no visible global function definition for ‘plot’
    mapChoropleth: no visible global function definition for
     ‘readShapeSpatial’
    mapChoropleth: no visible global function definition for ‘par’
    mapChoropleth: no visible global function definition for ‘layout’
    mapChoropleth: no visible global function definition for ‘lcm’
    mapChoropleth: no visible global function definition for ‘plot.new’
    mapChoropleth: no visible global function definition for ‘text’
    mapChoropleth: no visible global function definition for ‘segments’
    mapChoropleth: no visible global function definition for ‘plot’
    mapCircles: no visible global function definition for
     ‘readShapeSpatial’
    mapCircles: no visible global function definition for ‘coordinates’
    mapCircles: no visible global function definition for ‘par’
    mapCircles: no visible global function definition for ‘layout’
    mapCircles: no visible global function definition for ‘lcm’
    mapCircles: no visible global function definition for ‘plot.new’
    mapCircles: no visible global function definition for ‘text’
    mapCircles: no visible global function definition for ‘segments’
    mapCircles: no visible global function definition for ‘plot’
    mapCircles: no visible global function definition for ‘symbols’
    mapCirclesChoro: no visible global function definition for
     ‘readShapeSpatial’
    mapCirclesChoro: no visible global function definition for
     ‘coordinates’
    mapCirclesChoro: no visible global function definition for ‘par’
    mapCirclesChoro: no visible global function definition for ‘layout’
    mapCirclesChoro: no visible global function definition for ‘lcm’
    mapCirclesChoro: no visible global function definition for ‘plot.new’
    mapCirclesChoro: no visible global function definition for ‘text’
    mapCirclesChoro: no visible global function definition for ‘segments’
    mapCirclesChoro: no visible global function definition for ‘plot’
    mapCirclesChoro: no visible global function definition for ‘symbols’
    mapCirclesTypo: no visible global function definition for
     ‘readShapeSpatial’
    mapCirclesTypo: no visible global function definition for ‘coordinates’
    mapCirclesTypo: no visible global function definition for ‘par’
    mapCirclesTypo: no visible global function definition for ‘layout’
    mapCirclesTypo: no visible global function definition for ‘lcm’
    mapCirclesTypo: no visible global function definition for ‘plot.new’
    mapCirclesTypo: no visible global function definition for ‘text’
    mapCirclesTypo: no visible global function definition for ‘segments’
    mapCirclesTypo: no visible global function definition for ‘plot’
    mapCirclesTypo: no visible global function definition for ‘symbols’
    northArrowDisplay: no visible global function definition for ‘locator’
    northArrowDisplay: no visible global function definition for
     ‘SpatialPolygonsRescale’
    northArrowDisplay: no visible global function definition for
     ‘layout.north.arrow’
    scalebarDisplay: no visible global function definition for ‘locator’
    scalebarDisplay: no visible global function definition for
     ‘SpatialPolygonsRescale’
    scalebarDisplay: no visible global function definition for
     ‘layout.scale.bar’
    scalebarDisplay: no visible global function definition for ‘text’
    typo: no visible global function definition for ‘brewer.pal’
    Undefined global functions or variables:
     SpatialPolygonsRescale bbox brewer.pal classIntervals cm coordinates
     layout layout.north.arrow layout.scale.bar lcm locator par plot
     plot.new readShapeSpatial rect segments strheight strwidth symbols
     text xinch
    Consider adding
     importFrom("grDevices", "cm")
     importFrom("graphics", "layout", "lcm", "locator", "par", "plot",
     "plot.new", "rect", "segments", "strheight", "strwidth",
     "symbols", "text", "xinch")
    to your NAMESPACE.
Flavors: r-devel-linux-x86_64-debian-clang, r-devel-linux-x86_64-debian-gcc, r-devel-linux-x86_64-fedora-clang, r-devel-linux-x86_64-fedora-gcc, r-devel-windows-ix86+x86_64

Version: 0.8
Check: R code for possible problems
Result: NOTE
    circlesSize: no visible global function definition for ‘bbox’
    discretVar: no visible global function definition for ‘classIntervals’
    discretVar: no visible global function definition for ‘brewer.pal’
    frameAutoSize: no visible global function definition for ‘bbox’
    mapChoroTypo: no visible global function definition for
     ‘readShapeSpatial’
    mapChoropleth: no visible global function definition for
     ‘readShapeSpatial’
    mapCircles: no visible global function definition for
     ‘readShapeSpatial’
    mapCircles: no visible global function definition for ‘coordinates’
    mapCirclesChoro: no visible global function definition for
     ‘readShapeSpatial’
    mapCirclesChoro: no visible global function definition for
     ‘coordinates’
    mapCirclesTypo: no visible global function definition for
     ‘readShapeSpatial’
    mapCirclesTypo: no visible global function definition for ‘coordinates’
    northArrowDisplay: no visible global function definition for
     ‘SpatialPolygonsRescale’
    northArrowDisplay: no visible global function definition for
     ‘layout.north.arrow’
    scalebarDisplay: no visible global function definition for
     ‘SpatialPolygonsRescale’
    scalebarDisplay: no visible global function definition for
     ‘layout.scale.bar’
    typo: no visible global function definition for ‘brewer.pal’
    Undefined global functions or variables:
     SpatialPolygonsRescale bbox brewer.pal classIntervals coordinates
     layout.north.arrow layout.scale.bar readShapeSpatial
Flavor: r-devel-osx-x86_64-clang

Version: 0.8
Check: R code for possible problems
Result: NOTE
    circlesSize: no visible global function definition for ‘bbox’
    discretVar: no visible global function definition for ‘classIntervals’
    discretVar: no visible global function definition for ‘brewer.pal’
    frameAutoSize: no visible global function definition for ‘bbox’
    mapChoroTypo: no visible global function definition for
     ‘readShapeSpatial’
    mapChoropleth: no visible global function definition for
     ‘readShapeSpatial’
    mapCircles: no visible global function definition for
     ‘readShapeSpatial’
    mapCircles: no visible global function definition for ‘coordinates’
    mapCirclesChoro: no visible global function definition for
     ‘readShapeSpatial’
    mapCirclesChoro: no visible global function definition for
     ‘coordinates’
    mapCirclesTypo: no visible global function definition for
     ‘readShapeSpatial’
    mapCirclesTypo: no visible global function definition for ‘coordinates’
    northArrowDisplay: no visible global function definition for
     ‘SpatialPolygonsRescale’
    northArrowDisplay: no visible global function definition for
     ‘layout.north.arrow’
    scalebarDisplay: no visible global function definition for
     ‘SpatialPolygonsRescale’
    scalebarDisplay: no visible global function definition for
     ‘layout.scale.bar’
    typo: no visible global function definition for ‘brewer.pal’
Flavors: r-patched-linux-x86_64, r-patched-solaris-sparc, r-patched-solaris-x86, r-release-linux-x86_64, r-release-osx-x86_64-mavericks, r-release-windows-ix86+x86_64, r-oldrel-windows-ix86+x86_64