CRAN Package Check Results for Package rCarto

Last updated on 2014-04-24 11:48:53.

Flavor Version Tinstall Tcheck Ttotal Status Flags
r-devel-linux-x86_64-debian-clang 0.8 1.51 21.79 23.30 NOTE
r-devel-linux-x86_64-debian-gcc 0.8 1.56 21.71 23.27 NOTE
r-devel-linux-x86_64-fedora-clang 0.8 45.49 NOTE
r-devel-linux-x86_64-fedora-gcc 0.8 43.34 NOTE
r-devel-osx-x86_64-clang 0.8 48.80 NOTE
r-devel-osx-x86_64-gcc 0.8 ERROR
r-devel-windows-ix86+x86_64 0.8 7.00 34.00 41.00 NOTE
r-patched-linux-x86_64 0.8 1.62 21.52 23.14 NOTE
r-patched-solaris-sparc 0.8 256.70 NOTE
r-patched-solaris-x86 0.8 63.70 NOTE
r-release-linux-ix86 0.8 3.00 42.00 45.00 NOTE
r-release-linux-x86_64 0.8 1.50 22.06 23.56 NOTE
r-release-osx-x86_64-mavericks 0.8 ERROR
r-release-osx-x86_64-snowleopard 0.8 NOTE
r-release-windows-ix86+x86_64 0.8 7.00 37.00 44.00 NOTE
r-oldrel-windows-ix86+x86_64 0.8 6.00 41.00 47.00 NOTE

Check Details

Version: 0.8
Check: dependencies in R code
Result: NOTE
    'library' or 'require' calls to packages already attached by Depends:
     ‘RColorBrewer’ ‘classInt’ ‘maptools’
     Please remove these calls from your code.
    Packages in Depends field not imported from:
     ‘RColorBrewer’ ‘classInt’ ‘maptools’
     These packages need to be imported from (in the NAMESPACE file)
     for when this namespace is loaded but not attached.
    See the information on DESCRIPTION files in the chapter ‘Creating R
    packages’ of the ‘Writing R Extensions’ manual.
Flavors: r-devel-linux-x86_64-debian-clang, r-devel-linux-x86_64-debian-gcc, r-devel-linux-x86_64-fedora-clang, r-devel-linux-x86_64-fedora-gcc, r-devel-osx-x86_64-clang, r-devel-windows-ix86+x86_64, r-patched-linux-x86_64, r-patched-solaris-sparc, r-patched-solaris-x86, r-release-linux-ix86, r-release-linux-x86_64, r-release-windows-ix86+x86_64, r-oldrel-windows-ix86+x86_64

Version: 0.8
Check: package dependencies
Result: ERROR
    Package required but not available: ‘maptools’
    
    See the information on DESCRIPTION files in the chapter ‘Creating R
    packages’ of the ‘Writing R Extensions’ manual.
Flavors: r-devel-osx-x86_64-gcc, r-release-osx-x86_64-mavericks

Version: 0.8
Check: dependencies in R code
Result: NOTE
    'library' or 'require' calls to packages already attached by Depends:
     'RColorBrewer' 'classInt' 'maptools'
     Please remove these calls from your code.
    See the information on DESCRIPTION files in the chapter 'Creating R
    packages' of the 'Writing R Extensions' manual.
Flavor: r-release-osx-x86_64-snowleopard