CRAN Package Check Results for Package rChoiceDialogs

Last updated on 2014-09-01 11:49:03.

Flavor Version Tinstall Tcheck Ttotal Status Flags
r-release-linux-ix86 1.0.4 2.06 27.45 29.52 NOTE
r-release-osx-x86_64-snowleopard 1.0.4 NOTE

Check Details

Version: 1.0.4
Check: dependencies in R code
Result: NOTE
    Package in Depends field not imported from: ‘rJava’
     These packages need to be imported from (in the NAMESPACE file)
     for when this namespace is loaded but not attached.
    See the information on DESCRIPTION files in the chapter ‘Creating R
    packages’ of the ‘Writing R Extensions’ manual.
Flavor: r-release-linux-ix86

Version: 1.0.4
Check: for old-style vignette sources
Result: NOTE
    Vignette sources only in ‘inst/doc’:
     ‘rChoiceDialogs.Rnw’
    A ‘vignettes’ directory is required as from R 3.1.0
    and these will not be indexed nor checked
Flavors: r-release-linux-ix86, r-release-osx-x86_64-snowleopard