CRAN Package Check Results for Package rChoiceDialogs

Last updated on 2017-06-29 06:53:17.

Flavor Version Tinstall Tcheck Ttotal Status Flags
r-devel-linux-x86_64-debian-clang 1.0.6 1.34 22.36 23.71 NOTE
r-devel-linux-x86_64-debian-gcc 1.0.6 1.21 21.94 23.14 NOTE
r-devel-linux-x86_64-fedora-clang 1.0.6 42.57 NOTE
r-devel-linux-x86_64-fedora-gcc 1.0.6 42.60 NOTE
r-devel-windows-ix86+x86_64 1.0.6 7.00 45.00 52.00 NOTE
r-patched-linux-x86_64 1.0.6 1.32 21.83 23.15 NOTE
r-patched-solaris-sparc 1.0.6 250.30 NOTE
r-patched-solaris-x86 1.0.6 58.60 NOTE
r-release-linux-x86_64 1.0.6 1.33 22.06 23.39 NOTE
r-release-windows-ix86+x86_64 1.0.6 5.00 49.00 54.00 NOTE
r-release-osx-x86_64 1.0.6 NOTE
r-oldrel-windows-ix86+x86_64 1.0.6 4.00 43.00 47.00 NOTE
r-oldrel-osx-x86_64 1.0.6 NOTE

Check Details

Version: 1.0.6
Check: DESCRIPTION meta-information
Result: NOTE
    Malformed Description field: should contain one or more complete sentences.
Flavors: r-devel-linux-x86_64-debian-clang, r-devel-linux-x86_64-debian-gcc, r-devel-linux-x86_64-fedora-clang, r-devel-linux-x86_64-fedora-gcc, r-devel-windows-ix86+x86_64, r-patched-linux-x86_64, r-patched-solaris-sparc, r-patched-solaris-x86, r-release-linux-x86_64, r-release-windows-ix86+x86_64, r-release-osx-x86_64, r-oldrel-windows-ix86+x86_64, r-oldrel-osx-x86_64

Version: 1.0.6
Check: R code for possible problems
Result: NOTE
    .onAttach: no visible global function definition for
     ‘packageDescription’
    rselect.list: no visible global function definition for ‘select.list’
    Undefined global functions or variables:
     packageDescription select.list
    Consider adding
     importFrom("utils", "packageDescription", "select.list")
    to your NAMESPACE file.
Flavors: r-devel-linux-x86_64-debian-clang, r-devel-linux-x86_64-debian-gcc, r-devel-linux-x86_64-fedora-clang, r-devel-linux-x86_64-fedora-gcc, r-devel-windows-ix86+x86_64, r-patched-linux-x86_64, r-patched-solaris-sparc, r-patched-solaris-x86, r-release-linux-x86_64, r-release-windows-ix86+x86_64, r-release-osx-x86_64, r-oldrel-windows-ix86+x86_64, r-oldrel-osx-x86_64

Version: 1.0.6
Check: dependencies in R code
Result: NOTE
    Invalid MIT-MAGIC-COOKIE-1 key
Flavor: r-oldrel-osx-x86_64