CRAN Package Check Results for Package rChoiceDialogs

Last updated on 2017-08-18 00:50:18.

Flavor Version Tinstall Tcheck Ttotal Status Flags
r-devel-linux-x86_64-debian-clang 1.0.6 1.37 22.21 23.58 NOTE
r-devel-linux-x86_64-debian-gcc 1.0.6 1.42 21.97 23.39 NOTE
r-devel-linux-x86_64-fedora-clang 1.0.6 42.29 NOTE
r-devel-linux-x86_64-fedora-gcc 1.0.6 43.51 NOTE
r-devel-windows-ix86+x86_64 1.0.6 7.00 48.00 55.00 NOTE
r-patched-linux-x86_64 1.0.6 1.38 21.93 23.31 NOTE
r-patched-solaris-x86 1.0.6 58.50 NOTE
r-release-linux-x86_64 1.0.6 1.54 22.14 23.68 NOTE
r-release-windows-ix86+x86_64 1.0.6 6.00 50.00 56.00 NOTE
r-release-osx-x86_64 1.0.6 NOTE
r-oldrel-windows-ix86+x86_64 1.0.6 4.00 43.00 47.00 NOTE
r-oldrel-osx-x86_64 1.0.6 NOTE

Check Details

Version: 1.0.6
Check: DESCRIPTION meta-information
Result: NOTE
    Malformed Description field: should contain one or more complete sentences.
Flavors: r-devel-linux-x86_64-debian-clang, r-devel-linux-x86_64-debian-gcc, r-devel-linux-x86_64-fedora-clang, r-devel-linux-x86_64-fedora-gcc, r-devel-windows-ix86+x86_64, r-patched-linux-x86_64, r-patched-solaris-x86, r-release-linux-x86_64, r-release-windows-ix86+x86_64, r-release-osx-x86_64, r-oldrel-windows-ix86+x86_64, r-oldrel-osx-x86_64

Version: 1.0.6
Check: R code for possible problems
Result: NOTE
    .onAttach: no visible global function definition for
     ‘packageDescription’
    rselect.list: no visible global function definition for ‘select.list’
    Undefined global functions or variables:
     packageDescription select.list
    Consider adding
     importFrom("utils", "packageDescription", "select.list")
    to your NAMESPACE file.
Flavors: r-devel-linux-x86_64-debian-clang, r-devel-linux-x86_64-debian-gcc, r-devel-linux-x86_64-fedora-clang, r-devel-linux-x86_64-fedora-gcc, r-devel-windows-ix86+x86_64, r-patched-linux-x86_64, r-patched-solaris-x86, r-release-linux-x86_64, r-release-windows-ix86+x86_64, r-release-osx-x86_64, r-oldrel-windows-ix86+x86_64, r-oldrel-osx-x86_64

Version: 1.0.6
Check: dependencies in R code
Result: NOTE
    Invalid MIT-MAGIC-COOKIE-1 key
Flavor: r-oldrel-osx-x86_64