CRAN Package Check Results for Package rChoiceDialogs

Last updated on 2017-02-26 19:54:05.

Flavor Version Tinstall Tcheck Ttotal Status Flags
r-devel-linux-x86_64-debian-clang 1.0.6 1.24 21.61 22.84 NOTE
r-devel-linux-x86_64-debian-gcc 1.0.6 1.30 21.88 23.18 NOTE
r-devel-linux-x86_64-fedora-clang 1.0.6 44.98 NOTE --no-stop-on-test-error
r-devel-linux-x86_64-fedora-gcc 1.0.6 40.32 NOTE --no-stop-on-test-error
r-devel-macos-x86_64-clang 1.0.6 36.94 NOTE --no-stop-on-test-error
r-devel-windows-ix86+x86_64 1.0.6 5.00 91.00 96.00 NOTE
r-patched-linux-x86_64 1.0.6 1.27 19.17 20.44 NOTE
r-patched-solaris-sparc 1.0.6 225.70 NOTE
r-patched-solaris-x86 1.0.6 49.20 NOTE
r-release-linux-x86_64 1.0.6 1.21 18.87 20.08 NOTE
r-release-osx-x86_64-mavericks 1.0.6 NOTE
r-release-windows-ix86+x86_64 1.0.6 4.00 43.00 47.00 NOTE
r-oldrel-windows-ix86+x86_64 1.0.6 5.00 42.00 47.00 NOTE

Check Details

Version: 1.0.6
Check: DESCRIPTION meta-information
Result: NOTE
    Malformed Description field: should contain one or more complete sentences.
Flavors: r-devel-linux-x86_64-debian-clang, r-devel-linux-x86_64-debian-gcc, r-devel-windows-ix86+x86_64, r-patched-linux-x86_64, r-patched-solaris-sparc, r-patched-solaris-x86, r-release-linux-x86_64, r-release-osx-x86_64-mavericks, r-release-windows-ix86+x86_64, r-oldrel-windows-ix86+x86_64

Version: 1.0.6
Check: R code for possible problems
Result: NOTE
    .onAttach: no visible global function definition for
     ‘packageDescription’
    rselect.list: no visible global function definition for ‘select.list’
    Undefined global functions or variables:
     packageDescription select.list
    Consider adding
     importFrom("utils", "packageDescription", "select.list")
    to your NAMESPACE file.
Flavors: r-devel-linux-x86_64-debian-clang, r-devel-linux-x86_64-debian-gcc, r-devel-windows-ix86+x86_64, r-patched-linux-x86_64, r-patched-solaris-sparc, r-patched-solaris-x86, r-release-linux-x86_64, r-release-osx-x86_64-mavericks, r-release-windows-ix86+x86_64

Version: 1.0.6
Flags: --no-stop-on-test-error
Check: DESCRIPTION meta-information
Result: NOTE
    Malformed Description field: should contain one or more complete sentences.
Flavors: r-devel-linux-x86_64-fedora-clang, r-devel-linux-x86_64-fedora-gcc, r-devel-macos-x86_64-clang

Version: 1.0.6
Flags: --no-stop-on-test-error
Check: R code for possible problems
Result: NOTE
    .onAttach: no visible global function definition for
     ‘packageDescription’
    rselect.list: no visible global function definition for ‘select.list’
    Undefined global functions or variables:
     packageDescription select.list
    Consider adding
     importFrom("utils", "packageDescription", "select.list")
    to your NAMESPACE file.
Flavors: r-devel-linux-x86_64-fedora-clang, r-devel-linux-x86_64-fedora-gcc, r-devel-macos-x86_64-clang

Version: 1.0.6
Check: dependencies in R code
Result: NOTE
    Invalid MIT-MAGIC-COOKIE-1 key
Flavor: r-release-osx-x86_64-mavericks