CRAN Package Check Results for Package rChoiceDialogs

Last updated on 2018-04-26 10:47:19 CEST.

Flavor Version Tinstall Tcheck Ttotal Status Flags
r-devel-linux-x86_64-debian-clang 1.0.6 1.97 31.70 33.67 NOTE
r-devel-linux-x86_64-debian-gcc 1.0.6 1.61 28.50 30.11 NOTE
r-devel-linux-x86_64-fedora-clang 1.0.6 43.57 NOTE
r-devel-linux-x86_64-fedora-gcc 1.0.6 41.82 NOTE
r-devel-windows-ix86+x86_64 1.0.6 7.00 48.00 55.00 NOTE
r-patched-linux-x86_64 1.0.6 1.89 35.25 37.14 NOTE
r-patched-solaris-x86 1.0.6 63.90 NOTE
r-release-linux-x86_64 1.0.6 2.23 35.48 37.71 NOTE
r-release-windows-ix86+x86_64 1.0.6 7.00 48.00 55.00 NOTE
r-release-osx-x86_64 1.0.6 NOTE
r-oldrel-windows-ix86+x86_64 1.0.6 8.00 60.00 68.00 NOTE
r-oldrel-osx-x86_64 1.0.6 NOTE

Check Details

Version: 1.0.6
Check: DESCRIPTION meta-information
Result: NOTE
    Malformed Description field: should contain one or more complete sentences.
Flavors: r-devel-linux-x86_64-debian-clang, r-devel-linux-x86_64-debian-gcc, r-devel-linux-x86_64-fedora-clang, r-devel-linux-x86_64-fedora-gcc, r-devel-windows-ix86+x86_64, r-patched-linux-x86_64, r-patched-solaris-x86, r-release-linux-x86_64, r-release-windows-ix86+x86_64, r-release-osx-x86_64, r-oldrel-windows-ix86+x86_64, r-oldrel-osx-x86_64

Version: 1.0.6
Check: R code for possible problems
Result: NOTE
    .onAttach: no visible global function definition for
     ‘packageDescription’
    rselect.list: no visible global function definition for ‘select.list’
    Undefined global functions or variables:
     packageDescription select.list
    Consider adding
     importFrom("utils", "packageDescription", "select.list")
    to your NAMESPACE file.
Flavors: r-devel-linux-x86_64-debian-clang, r-devel-linux-x86_64-debian-gcc, r-devel-linux-x86_64-fedora-clang, r-devel-linux-x86_64-fedora-gcc, r-devel-windows-ix86+x86_64, r-patched-linux-x86_64, r-patched-solaris-x86, r-release-linux-x86_64, r-release-windows-ix86+x86_64, r-release-osx-x86_64, r-oldrel-windows-ix86+x86_64, r-oldrel-osx-x86_64