CRAN Package Check Results for Package rChoiceDialogs

Last updated on 2015-07-30 07:47:19.

Flavor Version Tinstall Tcheck Ttotal Status Flags
r-devel-linux-x86_64-debian-clang 1.0.6 1.32 19.61 20.93 NOTE
r-devel-linux-x86_64-debian-gcc 1.0.6 1.18 19.13 20.31 NOTE
r-devel-linux-x86_64-fedora-clang 1.0.6 42.79 NOTE
r-devel-linux-x86_64-fedora-gcc 1.0.6 39.81 NOTE
r-devel-osx-x86_64-clang 1.0.6 37.41 NOTE
r-devel-windows-ix86+x86_64 1.0.6 5.00 34.00 39.00 NOTE
r-patched-linux-x86_64 1.0.6 1.26 19.84 21.10 NOTE
r-patched-solaris-sparc 1.0.6 263.30 NOTE
r-patched-solaris-x86 1.0.6 68.10 NOTE
r-release-linux-x86_64 1.0.6 1.22 19.21 20.43 NOTE
r-release-osx-x86_64-mavericks 1.0.6 NOTE
r-release-windows-ix86+x86_64 1.0.6 5.00 36.00 41.00 NOTE
r-oldrel-windows-ix86+x86_64 1.0.6 8.00 40.00 48.00 OK

Check Details

Version: 1.0.6
Check: DESCRIPTION meta-information
Result: NOTE
    Malformed Description field: should contain one or more complete sentences.
Flavors: r-devel-linux-x86_64-debian-clang, r-devel-linux-x86_64-debian-gcc, r-devel-linux-x86_64-fedora-clang, r-devel-linux-x86_64-fedora-gcc, r-devel-osx-x86_64-clang, r-devel-windows-ix86+x86_64, r-patched-linux-x86_64, r-patched-solaris-sparc, r-patched-solaris-x86, r-release-linux-x86_64, r-release-osx-x86_64-mavericks, r-release-windows-ix86+x86_64

Version: 1.0.6
Check: R code for possible problems
Result: NOTE
    .onAttach: no visible global function definition for
     ‘packageDescription’
    rselect.list: no visible global function definition for ‘select.list’
    Undefined global functions or variables:
     packageDescription select.list
    Consider adding
     importFrom("utils", "packageDescription", "select.list")
    to your NAMESPACE.
Flavors: r-devel-linux-x86_64-debian-clang, r-devel-linux-x86_64-debian-gcc, r-devel-linux-x86_64-fedora-clang, r-devel-linux-x86_64-fedora-gcc, r-devel-windows-ix86+x86_64