CRAN Package Check Results for Package rChoiceDialogs

Last updated on 2014-08-29 19:48:18.

Flavor Version Tinstall Tcheck Ttotal Status Flags
r-devel-linux-x86_64-debian-gcc 1.0.4 1.79 18.76 20.55 NOTE
r-patched-linux-x86_64 1.0.4 1.72 19.85 21.57 NOTE
r-release-linux-ix86 1.0.4 2.04 26.65 28.70 NOTE
r-release-linux-x86_64 1.0.4 1.70 20.48 22.18 NOTE
r-release-osx-x86_64-mavericks 1.0.4 NOTE
r-release-osx-x86_64-snowleopard 1.0.4 NOTE
r-release-windows-ix86+x86_64 1.0.4 7.00 43.00 50.00 NOTE
r-oldrel-windows-ix86+x86_64 1.0.4 6.00 49.00 55.00 NOTE

Check Details

Version: 1.0.4
Check: dependencies in R code
Result: NOTE
    Package in Depends field not imported from: ‘rJava’
     These packages need to be imported from (in the NAMESPACE file)
     for when this namespace is loaded but not attached.
    See the information on DESCRIPTION files in the chapter ‘Creating R
    packages’ of the ‘Writing R Extensions’ manual.
Flavors: r-devel-linux-x86_64-debian-gcc, r-patched-linux-x86_64, r-release-linux-ix86, r-release-linux-x86_64, r-release-osx-x86_64-mavericks, r-release-windows-ix86+x86_64, r-oldrel-windows-ix86+x86_64

Version: 1.0.4
Check: R code for possible problems
Result: NOTE
    .onAttach: no visible global function definition for ‘.jpackage’
    .onAttach: no visible global function definition for ‘.jcall’
    jchoose.dir: no visible global function definition for ‘J’
    jchoose.dir: no visible global function definition for ‘.jnew’
    jchoose.files: no visible global function definition for ‘J’
    jchoose.files: no visible global function definition for ‘.jnew’
    jchoose.files: no visible global function definition for ‘.jarray’
    jselect.list: no visible global function definition for ‘.jarray’
    jselect.list: no visible global function definition for ‘J’
Flavor: r-devel-linux-x86_64-debian-gcc

Version: 1.0.4
Check: for old-style vignette sources
Result: NOTE
    Vignette sources only in ‘inst/doc’:
     ‘rChoiceDialogs.Rnw’
    A ‘vignettes’ directory is required as from R 3.1.0
    and these will not be indexed nor checked
Flavors: r-devel-linux-x86_64-debian-gcc, r-patched-linux-x86_64, r-release-linux-ix86, r-release-linux-x86_64, r-release-osx-x86_64-mavericks, r-release-osx-x86_64-snowleopard, r-release-windows-ix86+x86_64

Version: 1.0.4
Check: for old-style vignette sources
Result: NOTE
    Vignette sources only in 'inst/doc':
     'rChoiceDialogs.Rnw'
    A 'vignettes' directory will be required as from R 3.1.0
Flavor: r-oldrel-windows-ix86+x86_64