CRAN Package Check Results for Package rChoiceDialogs

Last updated on 2016-02-14 10:46:54.

Flavor Version Tinstall Tcheck Ttotal Status Flags
r-devel-linux-x86_64-debian-gcc 1.0.6 1.14 17.41 18.56 NOTE
r-devel-linux-x86_64-fedora-clang 1.0.6 35.52 NOTE
r-devel-linux-x86_64-fedora-gcc 1.0.6 33.71 NOTE
r-devel-osx-x86_64-clang 1.0.6 54.37 NOTE
r-devel-windows-ix86+x86_64 1.0.6 7.00 42.00 49.00 NOTE
r-patched-linux-x86_64 1.0.6 1.28 19.89 21.16 NOTE
r-patched-solaris-sparc 1.0.6 241.60 NOTE
r-patched-solaris-x86 1.0.6 53.10 NOTE
r-release-linux-x86_64 1.0.6 1.30 19.69 20.99 NOTE
r-release-osx-x86_64-mavericks 1.0.6 NOTE
r-release-windows-ix86+x86_64 1.0.6 7.00 33.00 40.00 NOTE
r-oldrel-windows-ix86+x86_64 1.0.6 9.00 41.00 50.00 OK

Check Details

Version: 1.0.6
Check: DESCRIPTION meta-information
Result: NOTE
    Malformed Description field: should contain one or more complete sentences.
Flavors: r-devel-linux-x86_64-debian-gcc, r-devel-linux-x86_64-fedora-clang, r-devel-linux-x86_64-fedora-gcc, r-devel-osx-x86_64-clang, r-devel-windows-ix86+x86_64, r-patched-linux-x86_64, r-patched-solaris-sparc, r-patched-solaris-x86, r-release-linux-x86_64, r-release-osx-x86_64-mavericks, r-release-windows-ix86+x86_64

Version: 1.0.6
Check: R code for possible problems
Result: NOTE
    .onAttach: no visible global function definition for
     ‘packageDescription’
    rselect.list: no visible global function definition for ‘select.list’
    Undefined global functions or variables:
     packageDescription select.list
    Consider adding
     importFrom("utils", "packageDescription", "select.list")
    to your NAMESPACE file.
Flavors: r-devel-linux-x86_64-debian-gcc, r-devel-linux-x86_64-fedora-clang, r-devel-linux-x86_64-fedora-gcc, r-devel-osx-x86_64-clang, r-devel-windows-ix86+x86_64