CRAN Package Check Results for Package rChoiceDialogs

Last updated on 2016-05-24 23:48:19.

Flavor Version Tinstall Tcheck Ttotal Status Flags
r-devel-linux-x86_64-debian-gcc 1.0.6 1.18 18.69 19.87 NOTE
r-devel-linux-x86_64-fedora-clang 1.0.6 35.63 NOTE
r-devel-linux-x86_64-fedora-gcc 1.0.6 34.12 NOTE
r-devel-osx-x86_64-clang 1.0.6 45.25 NOTE
r-devel-windows-ix86+x86_64 1.0.6 6.00 54.00 60.00 NOTE
r-patched-linux-x86_64 1.0.6 1.19 18.53 19.72 NOTE
r-patched-solaris-sparc 1.0.6 226.30 NOTE
r-patched-solaris-x86 1.0.6 51.00 NOTE
r-release-linux-x86_64 1.0.6 1.17 18.12 19.29 NOTE
r-release-osx-x86_64-mavericks 1.0.6 NOTE
r-release-windows-ix86+x86_64 1.0.6 6.00 54.00 60.00 NOTE
r-oldrel-windows-ix86+x86_64 1.0.6 7.00 33.00 40.00 NOTE

Check Details

Version: 1.0.6
Check: DESCRIPTION meta-information
Result: NOTE
    Malformed Description field: should contain one or more complete sentences.
Flavors: r-devel-linux-x86_64-debian-gcc, r-devel-linux-x86_64-fedora-clang, r-devel-linux-x86_64-fedora-gcc, r-devel-osx-x86_64-clang, r-devel-windows-ix86+x86_64, r-patched-linux-x86_64, r-patched-solaris-sparc, r-patched-solaris-x86, r-release-linux-x86_64, r-release-osx-x86_64-mavericks, r-release-windows-ix86+x86_64, r-oldrel-windows-ix86+x86_64

Version: 1.0.6
Check: R code for possible problems
Result: NOTE
    .onAttach: no visible global function definition for
     ‘packageDescription’
    rselect.list: no visible global function definition for ‘select.list’
    Undefined global functions or variables:
     packageDescription select.list
    Consider adding
     importFrom("utils", "packageDescription", "select.list")
    to your NAMESPACE file.
Flavors: r-devel-linux-x86_64-debian-gcc, r-devel-linux-x86_64-fedora-clang, r-devel-linux-x86_64-fedora-gcc, r-devel-osx-x86_64-clang, r-devel-windows-ix86+x86_64, r-patched-linux-x86_64, r-patched-solaris-sparc, r-patched-solaris-x86, r-release-linux-x86_64, r-release-osx-x86_64-mavericks, r-release-windows-ix86+x86_64

Version: 1.0.6
Check: dependencies in R code
Result: NOTE
    Invalid MIT-MAGIC-COOKIE-1 key
Flavor: r-release-osx-x86_64-mavericks