CRAN Package Check Results for Package rChoiceDialogs

Last updated on 2014-07-24 21:48:49.

Flavor Version Tinstall Tcheck Ttotal Status Flags
r-devel-linux-x86_64-debian-clang 1.0.4 1.70 19.98 21.68 NOTE
r-devel-linux-x86_64-debian-gcc 1.0.4 1.78 19.44 21.23 NOTE
r-devel-linux-x86_64-fedora-clang 1.0.4 48.05 NOTE
r-devel-linux-x86_64-fedora-gcc 1.0.4 44.97 NOTE
r-devel-osx-x86_64-clang 1.0.4 42.79 NOTE
r-devel-windows-ix86+x86_64 1.0.4 6.00 30.00 36.00 NOTE
r-patched-linux-x86_64 1.0.4 1.77 19.92 21.68 NOTE
r-patched-solaris-sparc 1.0.4 263.50 NOTE
r-patched-solaris-x86 1.0.4 64.00 NOTE
r-release-linux-ix86 1.0.4 2.10 27.47 29.57 NOTE
r-release-linux-x86_64 1.0.4 1.78 20.26 22.04 NOTE
r-release-osx-x86_64-mavericks 1.0.4 NOTE
r-release-osx-x86_64-snowleopard 1.0.4 NOTE
r-release-windows-ix86+x86_64 1.0.4 7.00 43.00 50.00 NOTE
r-oldrel-windows-ix86+x86_64 1.0.4 6.00 49.00 55.00 NOTE

Check Details

Version: 1.0.4
Check: dependencies in R code
Result: NOTE
    Package in Depends field not imported from: ‘rJava’
     These packages need to be imported from (in the NAMESPACE file)
     for when this namespace is loaded but not attached.
    See the information on DESCRIPTION files in the chapter ‘Creating R
    packages’ of the ‘Writing R Extensions’ manual.
Flavors: r-devel-linux-x86_64-debian-clang, r-devel-linux-x86_64-debian-gcc, r-devel-linux-x86_64-fedora-clang, r-devel-linux-x86_64-fedora-gcc, r-devel-osx-x86_64-clang, r-devel-windows-ix86+x86_64, r-patched-linux-x86_64, r-patched-solaris-sparc, r-patched-solaris-x86, r-release-linux-ix86, r-release-linux-x86_64, r-release-osx-x86_64-mavericks, r-release-windows-ix86+x86_64, r-oldrel-windows-ix86+x86_64

Version: 1.0.4
Check: for old-style vignette sources
Result: NOTE
    Vignette sources only in ‘inst/doc’:
     ‘rChoiceDialogs.Rnw’
    A ‘vignettes’ directory is required as from R 3.1.0
    and these will not be indexed nor checked
Flavors: r-devel-linux-x86_64-debian-clang, r-devel-linux-x86_64-debian-gcc, r-devel-linux-x86_64-fedora-clang, r-devel-linux-x86_64-fedora-gcc, r-devel-osx-x86_64-clang, r-devel-windows-ix86+x86_64, r-patched-linux-x86_64, r-patched-solaris-sparc, r-patched-solaris-x86, r-release-linux-ix86, r-release-linux-x86_64, r-release-osx-x86_64-mavericks, r-release-osx-x86_64-snowleopard, r-release-windows-ix86+x86_64

Version: 1.0.4
Check: for old-style vignette sources
Result: NOTE
    Vignette sources only in 'inst/doc':
     'rChoiceDialogs.Rnw'
    A 'vignettes' directory will be required as from R 3.1.0
Flavor: r-oldrel-windows-ix86+x86_64