CRAN Package Check Results for Package rChoiceDialogs

Last updated on 2015-05-30 19:47:29.

Flavor Version Tinstall Tcheck Ttotal Status Flags
r-devel-linux-x86_64-debian-clang 1.0.6 1.24 19.33 20.57 NOTE
r-devel-linux-x86_64-debian-gcc 1.0.6 1.22 18.91 20.12 NOTE
r-devel-linux-x86_64-fedora-clang 1.0.6 42.44 NOTE
r-devel-linux-x86_64-fedora-gcc 1.0.6 38.99 NOTE
r-devel-osx-x86_64-clang 1.0.6 44.98 NOTE
r-devel-windows-ix86+x86_64 1.0.6 5.00 32.00 37.00 NOTE
r-patched-linux-x86_64 1.0.6 1.20 19.54 20.74 NOTE
r-patched-solaris-sparc 1.0.6 259.70 NOTE
r-patched-solaris-x86 1.0.6 66.40 NOTE
r-release-linux-x86_64 1.0.6 1.24 19.03 20.27 NOTE
r-release-osx-x86_64-mavericks 1.0.6 NOTE
r-release-osx-x86_64-snowleopard 1.0.6 NOTE
r-release-windows-ix86+x86_64 1.0.6 4.00 37.00 41.00 NOTE
r-oldrel-windows-ix86+x86_64 1.0.6 8.00 40.00 48.00 OK

Check Details

Version: 1.0.6
Check: DESCRIPTION meta-information
Result: NOTE
    Malformed Description field: should contain one or more complete sentences.
Flavors: r-devel-linux-x86_64-debian-clang, r-devel-linux-x86_64-debian-gcc, r-devel-linux-x86_64-fedora-clang, r-devel-linux-x86_64-fedora-gcc, r-devel-osx-x86_64-clang, r-devel-windows-ix86+x86_64, r-patched-linux-x86_64, r-patched-solaris-sparc, r-patched-solaris-x86, r-release-linux-x86_64, r-release-osx-x86_64-mavericks, r-release-osx-x86_64-snowleopard, r-release-windows-ix86+x86_64