CRAN Package Check Results for Package rChoiceDialogs

Last updated on 2014-04-24 03:47:51.

Flavor Version Tinstall Tcheck Ttotal Status Flags
r-devel-linux-x86_64-debian-clang 1.0.4 1.85 20.84 22.69 NOTE
r-devel-linux-x86_64-debian-gcc 1.0.4 1.76 20.86 22.62 NOTE
r-devel-linux-x86_64-fedora-clang 1.0.4 46.70 NOTE
r-devel-linux-x86_64-fedora-gcc 1.0.4 43.99 NOTE
r-devel-osx-x86_64-clang 1.0.4 43.86 NOTE
r-devel-osx-x86_64-gcc 1.0.4 NOTE
r-devel-windows-ix86+x86_64 1.0.4 5.00 31.00 36.00 NOTE
r-patched-linux-x86_64 1.0.4 1.78 20.60 22.38 NOTE
r-patched-solaris-sparc 1.0.4 263.50 NOTE
r-patched-solaris-x86 1.0.4 64.50 NOTE
r-release-linux-ix86 1.0.4 2.00 39.00 41.00 NOTE
r-release-linux-x86_64 1.0.4 1.87 21.16 23.03 NOTE
r-release-osx-x86_64-mavericks 1.0.4 NOTE
r-release-osx-x86_64-snowleopard 1.0.4 NOTE
r-release-windows-ix86+x86_64 1.0.4 8.00 43.00 51.00 NOTE
r-oldrel-windows-ix86+x86_64 1.0.4 6.00 49.00 55.00 NOTE

Check Details

Version: 1.0.4
Check: dependencies in R code
Result: NOTE
    Package in Depends field not imported from: ‘rJava’
     These packages need to be imported from (in the NAMESPACE file)
     for when this namespace is loaded but not attached.
    See the information on DESCRIPTION files in the chapter ‘Creating R
    packages’ of the ‘Writing R Extensions’ manual.
Flavors: r-devel-linux-x86_64-debian-clang, r-devel-linux-x86_64-debian-gcc, r-devel-linux-x86_64-fedora-clang, r-devel-linux-x86_64-fedora-gcc, r-devel-osx-x86_64-clang, r-devel-osx-x86_64-gcc, r-devel-windows-ix86+x86_64, r-patched-linux-x86_64, r-patched-solaris-sparc, r-patched-solaris-x86, r-release-linux-ix86, r-release-linux-x86_64, r-release-osx-x86_64-mavericks, r-release-windows-ix86+x86_64, r-oldrel-windows-ix86+x86_64

Version: 1.0.4
Check: for old-style vignette sources
Result: NOTE
    Vignette sources only in ‘inst/doc’:
     ‘rChoiceDialogs.Rnw’
    A ‘vignettes’ directory is required as from R 3.1.0
    and these will not be indexed nor checked
Flavors: r-devel-linux-x86_64-debian-clang, r-devel-linux-x86_64-debian-gcc, r-devel-linux-x86_64-fedora-clang, r-devel-linux-x86_64-fedora-gcc, r-devel-osx-x86_64-clang, r-devel-osx-x86_64-gcc, r-devel-windows-ix86+x86_64, r-patched-linux-x86_64, r-patched-solaris-sparc, r-patched-solaris-x86, r-release-linux-ix86, r-release-linux-x86_64, r-release-osx-x86_64-mavericks, r-release-osx-x86_64-snowleopard, r-release-windows-ix86+x86_64

Version: 1.0.4
Check: for old-style vignette sources
Result: NOTE
    Vignette sources only in 'inst/doc':
     'rChoiceDialogs.Rnw'
    A 'vignettes' directory will be required as from R 3.1.0
Flavor: r-oldrel-windows-ix86+x86_64