CRAN Package Check Results for Package rChoiceDialogs

Last updated on 2015-03-03 11:49:28.

Flavor Version Tinstall Tcheck Ttotal Status Flags
r-devel-linux-x86_64-debian-clang 1.0.6 1.33 19.76 21.09 NOTE
r-devel-linux-x86_64-debian-gcc 1.0.6 1.23 19.19 20.42 NOTE
r-devel-linux-x86_64-fedora-clang 1.0.6 42.75 NOTE
r-devel-linux-x86_64-fedora-gcc 1.0.6 39.03 NOTE
r-devel-osx-x86_64-clang 1.0.6 45.52 NOTE
r-devel-windows-ix86+x86_64 1.0.6 4.00 33.00 37.00 NOTE
r-patched-linux-x86_64 1.0.6 1.69 24.49 26.18 OK
r-patched-solaris-sparc 1.0.6 332.00 OK
r-patched-solaris-x86 1.0.6 75.10 OK
r-release-linux-ix86 1.0.6 2.04 33.91 35.95 OK
r-release-linux-x86_64 1.0.6 1.71 23.94 25.66 OK
r-release-osx-x86_64-mavericks 1.0.6 OK
r-release-osx-x86_64-snowleopard 1.0.6 OK
r-release-windows-ix86+x86_64 1.0.6 5.00 50.00 55.00 OK
r-oldrel-windows-ix86+x86_64 1.0.6 6.00 46.00 52.00 OK

Check Details

Version: 1.0.6
Check: DESCRIPTION meta-information
Result: NOTE
    Malformed Description field: should contain one or more complete sentences.
Flavors: r-devel-linux-x86_64-debian-clang, r-devel-linux-x86_64-debian-gcc, r-devel-linux-x86_64-fedora-clang, r-devel-linux-x86_64-fedora-gcc, r-devel-osx-x86_64-clang, r-devel-windows-ix86+x86_64