CRAN Package Check Results for Package rClinicalCodes

Last updated on 2015-05-05 23:47:55.

Flavor Version Tinstall Tcheck Ttotal Status Flags
r-devel-linux-x86_64-debian-clang 1.0.1 1.20 16.76 17.96 NOTE
r-devel-linux-x86_64-debian-gcc 1.0.1 1.15 16.54 17.68 NOTE
r-devel-linux-x86_64-fedora-clang 1.0.1 35.64 NOTE
r-devel-linux-x86_64-fedora-gcc 1.0.1 33.91 NOTE
r-devel-osx-x86_64-clang 1.0.1 36.70 NOTE
r-devel-windows-ix86+x86_64 1.0.1 4.00 29.00 33.00 NOTE
r-patched-linux-x86_64 1.0.1 1.16 16.94 18.10 NOTE
r-patched-solaris-sparc 1.0.1 200.90 NOTE
r-patched-solaris-x86 1.0.1 49.70 NOTE
r-release-linux-x86_64 1.0.1 1.17 16.59 17.76 NOTE
r-release-osx-x86_64-mavericks 1.0.1 NOTE
r-release-osx-x86_64-snowleopard 1.0.1 ERROR
r-release-windows-ix86+x86_64 1.0.1 6.00 28.00 34.00 NOTE
r-oldrel-windows-ix86+x86_64 1.0.1 8.00 60.00 68.00 OK

Check Details

Version: 1.0.1
Check: DESCRIPTION meta-information
Result: NOTE
    Malformed Description field: should contain one or more complete sentences.
Flavors: r-devel-linux-x86_64-debian-clang, r-devel-linux-x86_64-debian-gcc, r-devel-linux-x86_64-fedora-clang, r-devel-linux-x86_64-fedora-gcc, r-devel-osx-x86_64-clang, r-devel-windows-ix86+x86_64, r-patched-linux-x86_64, r-patched-solaris-sparc, r-patched-solaris-x86, r-release-linux-x86_64, r-release-osx-x86_64-mavericks, r-release-windows-ix86+x86_64

Version: 1.0.1
Check: package dependencies
Result: ERROR
    Packages required but not available: ‘XML’ ‘tm’
    
    See section ‘The DESCRIPTION file’ in the ‘Writing R Extensions’
    manual.
Flavor: r-release-osx-x86_64-snowleopard