CRAN Package Check Results for Package rClinicalCodes

Last updated on 2017-12-16 05:48:06 CET.

Flavor Version Tinstall Tcheck Ttotal Status Flags
r-devel-linux-x86_64-debian-clang 1.0.1 1.89 30.79 32.68 NOTE
r-devel-linux-x86_64-debian-gcc 1.0.1 1.71 24.89 26.60 NOTE
r-devel-linux-x86_64-fedora-clang 1.0.1 39.13 NOTE
r-devel-linux-x86_64-fedora-gcc 1.0.1 37.24 NOTE
r-devel-windows-ix86+x86_64 1.0.1 5.00 42.00 47.00 NOTE
r-patched-linux-x86_64 1.0.1 2.32 30.59 32.91 NOTE
r-patched-solaris-x86 1.0.1 61.20 NOTE
r-release-linux-x86_64 1.0.1 2.06 31.74 33.80 NOTE
r-release-windows-ix86+x86_64 1.0.1 5.00 39.00 44.00 NOTE
r-release-osx-x86_64 1.0.1 NOTE
r-oldrel-windows-ix86+x86_64 1.0.1 6.00 61.00 67.00 NOTE
r-oldrel-osx-x86_64 1.0.1 NOTE

Check Details

Version: 1.0.1
Check: DESCRIPTION meta-information
Result: NOTE
    Malformed Description field: should contain one or more complete sentences.
Flavors: r-devel-linux-x86_64-debian-clang, r-devel-linux-x86_64-debian-gcc, r-devel-linux-x86_64-fedora-clang, r-devel-linux-x86_64-fedora-gcc, r-devel-windows-ix86+x86_64, r-patched-linux-x86_64, r-patched-solaris-x86, r-release-linux-x86_64, r-release-windows-ix86+x86_64, r-release-osx-x86_64, r-oldrel-windows-ix86+x86_64, r-oldrel-osx-x86_64

Version: 1.0.1
Check: R code for possible problems
Result: NOTE
    get_ClinicalCodes: no visible global function definition for ‘read.csv’
    get_ClinicalCodes : <anonymous>: no visible global function definition
     for ‘read.csv’
    Undefined global functions or variables:
     read.csv
    Consider adding
     importFrom("utils", "read.csv")
    to your NAMESPACE file.
Flavors: r-devel-linux-x86_64-debian-clang, r-devel-linux-x86_64-debian-gcc, r-devel-linux-x86_64-fedora-clang, r-devel-linux-x86_64-fedora-gcc, r-devel-windows-ix86+x86_64, r-patched-linux-x86_64, r-patched-solaris-x86, r-release-linux-x86_64, r-release-windows-ix86+x86_64, r-release-osx-x86_64, r-oldrel-windows-ix86+x86_64, r-oldrel-osx-x86_64