CRAN Package Check Results for Package rClinicalCodes

Last updated on 2017-02-24 17:48:48.

Flavor Version Tinstall Tcheck Ttotal Status Flags
r-devel-linux-x86_64-debian-clang 1.0.1 1.20 18.28 19.48 NOTE
r-devel-linux-x86_64-debian-gcc 1.0.1 1.19 18.67 19.86 NOTE
r-devel-linux-x86_64-fedora-clang 1.0.1 38.52 NOTE --no-stop-on-test-error
r-devel-linux-x86_64-fedora-gcc 1.0.1 33.29 NOTE --no-stop-on-test-error
r-devel-macos-x86_64-clang 1.0.1 30.04 NOTE --no-stop-on-test-error
r-devel-windows-ix86+x86_64 1.0.1 12.00 60.00 72.00 NOTE
r-patched-linux-x86_64 1.0.1 1.11 16.70 17.81 NOTE
r-patched-solaris-sparc 1.0.1 191.20 NOTE
r-patched-solaris-x86 1.0.1 50.10 NOTE
r-release-linux-x86_64 1.0.1 1.22 16.85 18.07 NOTE
r-release-osx-x86_64-mavericks 1.0.1 NOTE
r-release-windows-ix86+x86_64 1.0.1 13.00 50.00 63.00 NOTE
r-oldrel-windows-ix86+x86_64 1.0.1 11.00 92.00 103.00 NOTE

Check Details

Version: 1.0.1
Check: DESCRIPTION meta-information
Result: NOTE
    Malformed Description field: should contain one or more complete sentences.
Flavors: r-devel-linux-x86_64-debian-clang, r-devel-linux-x86_64-debian-gcc, r-devel-windows-ix86+x86_64, r-patched-linux-x86_64, r-patched-solaris-sparc, r-patched-solaris-x86, r-release-linux-x86_64, r-release-osx-x86_64-mavericks, r-release-windows-ix86+x86_64, r-oldrel-windows-ix86+x86_64

Version: 1.0.1
Check: R code for possible problems
Result: NOTE
    get_ClinicalCodes: no visible global function definition for ‘read.csv’
    get_ClinicalCodes : <anonymous>: no visible global function definition
     for ‘read.csv’
    Undefined global functions or variables:
     read.csv
    Consider adding
     importFrom("utils", "read.csv")
    to your NAMESPACE file.
Flavors: r-devel-linux-x86_64-debian-clang, r-devel-linux-x86_64-debian-gcc, r-devel-windows-ix86+x86_64, r-patched-linux-x86_64, r-patched-solaris-sparc, r-patched-solaris-x86, r-release-linux-x86_64, r-release-osx-x86_64-mavericks, r-release-windows-ix86+x86_64

Version: 1.0.1
Flags: --no-stop-on-test-error
Check: DESCRIPTION meta-information
Result: NOTE
    Malformed Description field: should contain one or more complete sentences.
Flavors: r-devel-linux-x86_64-fedora-clang, r-devel-linux-x86_64-fedora-gcc, r-devel-macos-x86_64-clang

Version: 1.0.1
Flags: --no-stop-on-test-error
Check: R code for possible problems
Result: NOTE
    get_ClinicalCodes: no visible global function definition for ‘read.csv’
    get_ClinicalCodes : <anonymous>: no visible global function definition
     for ‘read.csv’
    Undefined global functions or variables:
     read.csv
    Consider adding
     importFrom("utils", "read.csv")
    to your NAMESPACE file.
Flavors: r-devel-linux-x86_64-fedora-clang, r-devel-linux-x86_64-fedora-gcc, r-devel-macos-x86_64-clang