CRAN Package Check Results for Package rClinicalCodes

Last updated on 2015-07-30 22:50:04.

Flavor Version Tinstall Tcheck Ttotal Status Flags
r-devel-linux-x86_64-debian-clang 1.0.1 1.17 17.38 18.56 NOTE
r-devel-linux-x86_64-debian-gcc 1.0.1 1.22 16.44 17.66 NOTE
r-devel-linux-x86_64-fedora-clang 1.0.1 35.28 NOTE
r-devel-linux-x86_64-fedora-gcc 1.0.1 33.66 NOTE
r-devel-osx-x86_64-clang 1.0.1 30.90 NOTE
r-devel-windows-ix86+x86_64 1.0.1 7.00 32.00 39.00 NOTE
r-patched-linux-x86_64 1.0.1 1.17 16.98 18.15 NOTE
r-patched-solaris-sparc 1.0.1 232.10 NOTE
r-patched-solaris-x86 1.0.1 54.90 NOTE
r-release-linux-x86_64 1.0.1 1.24 16.77 18.01 NOTE
r-release-osx-x86_64-mavericks 1.0.1 NOTE
r-release-windows-ix86+x86_64 1.0.1 5.00 48.00 53.00 NOTE
r-oldrel-windows-ix86+x86_64 1.0.1 9.00 58.00 67.00 OK

Check Details

Version: 1.0.1
Check: DESCRIPTION meta-information
Result: NOTE
    Malformed Description field: should contain one or more complete sentences.
Flavors: r-devel-linux-x86_64-debian-clang, r-devel-linux-x86_64-debian-gcc, r-devel-linux-x86_64-fedora-clang, r-devel-linux-x86_64-fedora-gcc, r-devel-osx-x86_64-clang, r-devel-windows-ix86+x86_64, r-patched-linux-x86_64, r-patched-solaris-sparc, r-patched-solaris-x86, r-release-linux-x86_64, r-release-osx-x86_64-mavericks, r-release-windows-ix86+x86_64

Version: 1.0.1
Check: R code for possible problems
Result: NOTE
    get_ClinicalCodes: no visible global function definition for ‘read.csv’
    get_ClinicalCodes : <anonymous>: no visible global function definition
     for ‘read.csv’
    Undefined global functions or variables:
     read.csv
    Consider adding
     importFrom("utils", "read.csv")
    to your NAMESPACE.
Flavors: r-devel-linux-x86_64-debian-clang, r-devel-linux-x86_64-debian-gcc, r-devel-linux-x86_64-fedora-clang, r-devel-linux-x86_64-fedora-gcc, r-devel-windows-ix86+x86_64