CRAN Package Check Results for Package rClinicalCodes

Last updated on 2017-06-23 18:46:57.

Flavor Version Tinstall Tcheck Ttotal Status Flags
r-devel-linux-x86_64-debian-clang 1.0.1 1.68 20.83 22.51 NOTE
r-devel-linux-x86_64-debian-gcc 1.0.1 1.53 19.89 21.42 NOTE
r-devel-linux-x86_64-fedora-clang 1.0.1 39.40 NOTE
r-devel-linux-x86_64-fedora-gcc 1.0.1 37.89 NOTE
r-devel-windows-ix86+x86_64 1.0.1 8.00 60.00 68.00 NOTE
r-patched-linux-x86_64 1.0.1 1.38 20.38 21.76 NOTE
r-patched-solaris-sparc 1.0.1 239.30 NOTE
r-patched-solaris-x86 1.0.1 58.70 NOTE
r-release-linux-x86_64 1.0.1 1.36 20.67 22.02 NOTE
r-release-windows-ix86+x86_64 1.0.1 4.00 43.00 47.00 NOTE
r-release-osx-x86_64 1.0.1 NOTE
r-oldrel-windows-ix86+x86_64 1.0.1 7.00 51.00 58.00 NOTE
r-oldrel-osx-x86_64 1.0.1 NOTE

Check Details

Version: 1.0.1
Check: DESCRIPTION meta-information
Result: NOTE
    Malformed Description field: should contain one or more complete sentences.
Flavors: r-devel-linux-x86_64-debian-clang, r-devel-linux-x86_64-debian-gcc, r-devel-linux-x86_64-fedora-clang, r-devel-linux-x86_64-fedora-gcc, r-devel-windows-ix86+x86_64, r-patched-linux-x86_64, r-patched-solaris-sparc, r-patched-solaris-x86, r-release-linux-x86_64, r-release-windows-ix86+x86_64, r-release-osx-x86_64, r-oldrel-windows-ix86+x86_64, r-oldrel-osx-x86_64

Version: 1.0.1
Check: R code for possible problems
Result: NOTE
    get_ClinicalCodes: no visible global function definition for ‘read.csv’
    get_ClinicalCodes : <anonymous>: no visible global function definition
     for ‘read.csv’
    Undefined global functions or variables:
     read.csv
    Consider adding
     importFrom("utils", "read.csv")
    to your NAMESPACE file.
Flavors: r-devel-linux-x86_64-debian-clang, r-devel-linux-x86_64-debian-gcc, r-devel-linux-x86_64-fedora-clang, r-devel-linux-x86_64-fedora-gcc, r-devel-windows-ix86+x86_64, r-patched-linux-x86_64, r-patched-solaris-sparc, r-patched-solaris-x86, r-release-linux-x86_64, r-release-windows-ix86+x86_64, r-release-osx-x86_64, r-oldrel-windows-ix86+x86_64, r-oldrel-osx-x86_64