CRAN Package Check Results for Package rClinicalCodes

Last updated on 2017-08-17 04:47:25.

Flavor Version Tinstall Tcheck Ttotal Status Flags
r-devel-linux-x86_64-debian-clang 1.0.1 1.43 20.29 21.72 NOTE
r-devel-linux-x86_64-debian-gcc 1.0.1 1.32 20.63 21.95 NOTE
r-devel-linux-x86_64-fedora-clang 1.0.1 39.51 NOTE
r-devel-linux-x86_64-fedora-gcc 1.0.1 41.03 NOTE
r-devel-windows-ix86+x86_64 1.0.1 4.00 45.00 49.00 NOTE
r-patched-linux-x86_64 1.0.1 1.32 20.59 21.91 NOTE
r-patched-solaris-x86 1.0.1 59.10 NOTE
r-release-linux-x86_64 1.0.1 1.34 21.05 22.39 NOTE
r-release-windows-ix86+x86_64 1.0.1 4.00 46.00 50.00 NOTE
r-release-osx-x86_64 1.0.1 NOTE
r-oldrel-windows-ix86+x86_64 1.0.1 5.00 38.00 43.00 NOTE
r-oldrel-osx-x86_64 1.0.1 NOTE

Check Details

Version: 1.0.1
Check: DESCRIPTION meta-information
Result: NOTE
    Malformed Description field: should contain one or more complete sentences.
Flavors: r-devel-linux-x86_64-debian-clang, r-devel-linux-x86_64-debian-gcc, r-devel-linux-x86_64-fedora-clang, r-devel-linux-x86_64-fedora-gcc, r-devel-windows-ix86+x86_64, r-patched-linux-x86_64, r-patched-solaris-x86, r-release-linux-x86_64, r-release-windows-ix86+x86_64, r-release-osx-x86_64, r-oldrel-windows-ix86+x86_64, r-oldrel-osx-x86_64

Version: 1.0.1
Check: R code for possible problems
Result: NOTE
    get_ClinicalCodes: no visible global function definition for ‘read.csv’
    get_ClinicalCodes : <anonymous>: no visible global function definition
     for ‘read.csv’
    Undefined global functions or variables:
     read.csv
    Consider adding
     importFrom("utils", "read.csv")
    to your NAMESPACE file.
Flavors: r-devel-linux-x86_64-debian-clang, r-devel-linux-x86_64-debian-gcc, r-devel-linux-x86_64-fedora-clang, r-devel-linux-x86_64-fedora-gcc, r-devel-windows-ix86+x86_64, r-patched-linux-x86_64, r-patched-solaris-x86, r-release-linux-x86_64, r-release-windows-ix86+x86_64, r-release-osx-x86_64, r-oldrel-windows-ix86+x86_64, r-oldrel-osx-x86_64