CRAN Package Check Results for Package rClinicalCodes

Last updated on 2016-07-27 17:50:13.

Flavor Version Tinstall Tcheck Ttotal Status Flags
r-devel-linux-x86_64-debian-clang 1.0.1 1.41 18.75 20.15 NOTE
r-devel-linux-x86_64-debian-gcc 1.0.1 1.63 18.47 20.10 NOTE
r-devel-linux-x86_64-fedora-clang 1.0.1 31.92 NOTE
r-devel-linux-x86_64-fedora-gcc 1.0.1 32.79 NOTE
r-devel-osx-x86_64-clang 1.0.1 27.00 NOTE
r-devel-windows-ix86+x86_64 1.0.1 6.00 49.00 55.00 NOTE
r-patched-linux-x86_64 1.0.1 1.22 19.50 20.72 NOTE
r-patched-solaris-sparc 1.0.1 191.70 NOTE
r-patched-solaris-x86 1.0.1 45.10 NOTE
r-release-linux-x86_64 1.0.1 1.57 19.38 20.95 NOTE
r-release-osx-x86_64-mavericks 1.0.1 NOTE
r-release-windows-ix86+x86_64 1.0.1 6.00 50.00 56.00 NOTE
r-oldrel-windows-ix86+x86_64 1.0.1 6.00 38.00 44.00 NOTE

Check Details

Version: 1.0.1
Check: DESCRIPTION meta-information
Result: NOTE
    Malformed Description field: should contain one or more complete sentences.
Flavors: r-devel-linux-x86_64-debian-clang, r-devel-linux-x86_64-debian-gcc, r-devel-linux-x86_64-fedora-clang, r-devel-linux-x86_64-fedora-gcc, r-devel-osx-x86_64-clang, r-devel-windows-ix86+x86_64, r-patched-linux-x86_64, r-patched-solaris-sparc, r-patched-solaris-x86, r-release-linux-x86_64, r-release-osx-x86_64-mavericks, r-release-windows-ix86+x86_64, r-oldrel-windows-ix86+x86_64

Version: 1.0.1
Check: R code for possible problems
Result: NOTE
    get_ClinicalCodes: no visible global function definition for ‘read.csv’
    get_ClinicalCodes : <anonymous>: no visible global function definition
     for ‘read.csv’
    Undefined global functions or variables:
     read.csv
    Consider adding
     importFrom("utils", "read.csv")
    to your NAMESPACE file.
Flavors: r-devel-linux-x86_64-debian-clang, r-devel-linux-x86_64-debian-gcc, r-devel-linux-x86_64-fedora-clang, r-devel-linux-x86_64-fedora-gcc, r-devel-osx-x86_64-clang, r-devel-windows-ix86+x86_64, r-patched-linux-x86_64, r-patched-solaris-sparc, r-patched-solaris-x86, r-release-linux-x86_64, r-release-osx-x86_64-mavericks, r-release-windows-ix86+x86_64