CRAN Package Check Results for Package rClinicalCodes

Last updated on 2016-06-30 09:49:47.

Flavor Version Tinstall Tcheck Ttotal Status Flags
r-devel-linux-x86_64-debian-gcc 1.0.1 1.16 17.22 18.37 NOTE
r-devel-linux-x86_64-fedora-clang 1.0.1 31.51 NOTE
r-devel-linux-x86_64-fedora-gcc 1.0.1 30.03 NOTE
r-devel-osx-x86_64-clang 1.0.1 27.26 NOTE
r-devel-windows-ix86+x86_64 1.0.1 4.00 37.00 41.00 NOTE
r-patched-linux-x86_64 1.0.1 1.16 16.62 17.78 NOTE
r-patched-solaris-sparc 1.0.1 191.70 NOTE
r-patched-solaris-x86 1.0.1 46.30 NOTE
r-release-linux-x86_64 1.0.1 1.10 15.99 17.09 NOTE
r-release-osx-x86_64-mavericks 1.0.1 NOTE
r-release-windows-ix86+x86_64 1.0.1 6.00 51.00 57.00 NOTE
r-oldrel-windows-ix86+x86_64 1.0.1 8.00 37.00 45.00 NOTE

Check Details

Version: 1.0.1
Check: DESCRIPTION meta-information
Result: NOTE
    Malformed Description field: should contain one or more complete sentences.
Flavors: r-devel-linux-x86_64-debian-gcc, r-devel-linux-x86_64-fedora-clang, r-devel-linux-x86_64-fedora-gcc, r-devel-osx-x86_64-clang, r-devel-windows-ix86+x86_64, r-patched-linux-x86_64, r-patched-solaris-sparc, r-patched-solaris-x86, r-release-linux-x86_64, r-release-osx-x86_64-mavericks, r-release-windows-ix86+x86_64, r-oldrel-windows-ix86+x86_64

Version: 1.0.1
Check: R code for possible problems
Result: NOTE
    get_ClinicalCodes: no visible global function definition for ‘read.csv’
    get_ClinicalCodes : <anonymous>: no visible global function definition
     for ‘read.csv’
    Undefined global functions or variables:
     read.csv
    Consider adding
     importFrom("utils", "read.csv")
    to your NAMESPACE file.
Flavors: r-devel-linux-x86_64-debian-gcc, r-devel-linux-x86_64-fedora-clang, r-devel-linux-x86_64-fedora-gcc, r-devel-osx-x86_64-clang, r-devel-windows-ix86+x86_64, r-patched-linux-x86_64, r-patched-solaris-sparc, r-patched-solaris-x86, r-release-linux-x86_64, r-release-osx-x86_64-mavericks, r-release-windows-ix86+x86_64