CRAN Package Check Results for Package rClinicalCodes

Last updated on 2017-04-30 11:47:56.

Flavor Version Tinstall Tcheck Ttotal Status Flags
r-devel-linux-x86_64-debian-clang 1.0.1 1.44 20.35 21.79 NOTE
r-devel-linux-x86_64-debian-gcc 1.0.1 1.43 20.61 22.04 NOTE
r-devel-linux-x86_64-fedora-clang 1.0.1 41.12 NOTE --no-stop-on-test-error
r-devel-linux-x86_64-fedora-gcc 1.0.1 37.88 NOTE --no-stop-on-test-error
r-devel-windows-ix86+x86_64 1.0.1 8.00 56.00 64.00 NOTE
r-patched-linux-x86_64 1.0.1 1.50 20.24 21.74 NOTE
r-patched-solaris-sparc 1.0.1 239.30 NOTE
r-patched-solaris-x86 1.0.1 59.20 NOTE
r-release-linux-x86_64 1.0.1 1.32 20.08 21.40 NOTE
r-release-windows-ix86+x86_64 1.0.1 7.00 44.00 51.00 NOTE
r-release-osx-x86_64 1.0.1 NOTE
r-oldrel-windows-ix86+x86_64 1.0.1 7.00 50.00 57.00 NOTE
r-oldrel-osx-x86_64 1.0.1 NOTE

Check Details

Version: 1.0.1
Check: DESCRIPTION meta-information
Result: NOTE
    Malformed Description field: should contain one or more complete sentences.
Flavors: r-devel-linux-x86_64-debian-clang, r-devel-linux-x86_64-debian-gcc, r-devel-windows-ix86+x86_64, r-patched-linux-x86_64, r-patched-solaris-sparc, r-patched-solaris-x86, r-release-linux-x86_64, r-release-windows-ix86+x86_64, r-release-osx-x86_64, r-oldrel-windows-ix86+x86_64, r-oldrel-osx-x86_64

Version: 1.0.1
Check: R code for possible problems
Result: NOTE
    get_ClinicalCodes: no visible global function definition for ‘read.csv’
    get_ClinicalCodes : <anonymous>: no visible global function definition
     for ‘read.csv’
    Undefined global functions or variables:
     read.csv
    Consider adding
     importFrom("utils", "read.csv")
    to your NAMESPACE file.
Flavors: r-devel-linux-x86_64-debian-clang, r-devel-linux-x86_64-debian-gcc, r-devel-windows-ix86+x86_64, r-patched-linux-x86_64, r-patched-solaris-sparc, r-patched-solaris-x86, r-release-linux-x86_64, r-release-windows-ix86+x86_64, r-release-osx-x86_64, r-oldrel-windows-ix86+x86_64, r-oldrel-osx-x86_64

Version: 1.0.1
Flags: --no-stop-on-test-error
Check: DESCRIPTION meta-information
Result: NOTE
    Malformed Description field: should contain one or more complete sentences.
Flavors: r-devel-linux-x86_64-fedora-clang, r-devel-linux-x86_64-fedora-gcc

Version: 1.0.1
Flags: --no-stop-on-test-error
Check: R code for possible problems
Result: NOTE
    get_ClinicalCodes: no visible global function definition for ‘read.csv’
    get_ClinicalCodes : <anonymous>: no visible global function definition
     for ‘read.csv’
    Undefined global functions or variables:
     read.csv
    Consider adding
     importFrom("utils", "read.csv")
    to your NAMESPACE file.
Flavors: r-devel-linux-x86_64-fedora-clang, r-devel-linux-x86_64-fedora-gcc