CRAN Package Check Results for Package rClinicalCodes

Last updated on 2017-10-17 19:48:07.

Flavor Version Tinstall Tcheck Ttotal Status Flags
r-devel-linux-x86_64-debian-clang 1.0.1 1.34 20.96 22.31 NOTE
r-devel-linux-x86_64-debian-gcc 1.0.1 1.40 20.99 22.38 NOTE
r-devel-linux-x86_64-fedora-clang 1.0.1 44.88 NOTE
r-devel-linux-x86_64-fedora-gcc 1.0.1 40.96 NOTE
r-devel-windows-ix86+x86_64 1.0.1 4.00 66.00 70.00 NOTE
r-patched-linux-x86_64 1.0.1 1.48 20.20 21.68 NOTE
r-patched-solaris-x86 1.0.1 59.80 NOTE
r-release-linux-x86_64 1.0.1 1.39 20.24 21.63 NOTE
r-release-windows-ix86+x86_64 1.0.1 7.00 40.00 47.00 NOTE
r-release-osx-x86_64 1.0.1 NOTE
r-oldrel-windows-ix86+x86_64 1.0.1 7.00 51.00 58.00 NOTE
r-oldrel-osx-x86_64 1.0.1 NOTE

Check Details

Version: 1.0.1
Check: DESCRIPTION meta-information
Result: NOTE
    Malformed Description field: should contain one or more complete sentences.
Flavors: r-devel-linux-x86_64-debian-clang, r-devel-linux-x86_64-debian-gcc, r-devel-linux-x86_64-fedora-clang, r-devel-linux-x86_64-fedora-gcc, r-devel-windows-ix86+x86_64, r-patched-linux-x86_64, r-patched-solaris-x86, r-release-linux-x86_64, r-release-windows-ix86+x86_64, r-release-osx-x86_64, r-oldrel-windows-ix86+x86_64, r-oldrel-osx-x86_64

Version: 1.0.1
Check: R code for possible problems
Result: NOTE
    get_ClinicalCodes: no visible global function definition for ‘read.csv’
    get_ClinicalCodes : <anonymous>: no visible global function definition
     for ‘read.csv’
    Undefined global functions or variables:
     read.csv
    Consider adding
     importFrom("utils", "read.csv")
    to your NAMESPACE file.
Flavors: r-devel-linux-x86_64-debian-clang, r-devel-linux-x86_64-debian-gcc, r-devel-linux-x86_64-fedora-clang, r-devel-linux-x86_64-fedora-gcc, r-devel-windows-ix86+x86_64, r-patched-linux-x86_64, r-patched-solaris-x86, r-release-linux-x86_64, r-release-windows-ix86+x86_64, r-release-osx-x86_64, r-oldrel-windows-ix86+x86_64, r-oldrel-osx-x86_64