CRAN Package Check Results for Package rClinicalCodes

Last updated on 2016-02-14 08:47:41.

Flavor Version Tinstall Tcheck Ttotal Status Flags
r-devel-linux-x86_64-debian-gcc 1.0.1 1.17 15.61 16.78 NOTE
r-devel-linux-x86_64-fedora-clang 1.0.1 31.90 NOTE
r-devel-linux-x86_64-fedora-gcc 1.0.1 30.08 NOTE
r-devel-osx-x86_64-clang 1.0.1 46.38 NOTE
r-devel-windows-ix86+x86_64 1.0.1 6.00 38.00 44.00 NOTE
r-patched-linux-x86_64 1.0.1 1.26 17.17 18.42 NOTE
r-patched-solaris-sparc 1.0.1 210.60 NOTE
r-patched-solaris-x86 1.0.1 50.00 NOTE
r-release-linux-x86_64 1.0.1 1.24 17.15 18.40 NOTE
r-release-osx-x86_64-mavericks 1.0.1 NOTE
r-release-windows-ix86+x86_64 1.0.1 5.00 30.00 35.00 NOTE
r-oldrel-windows-ix86+x86_64 1.0.1 10.00 48.00 58.00 OK

Check Details

Version: 1.0.1
Check: DESCRIPTION meta-information
Result: NOTE
    Malformed Description field: should contain one or more complete sentences.
Flavors: r-devel-linux-x86_64-debian-gcc, r-devel-linux-x86_64-fedora-clang, r-devel-linux-x86_64-fedora-gcc, r-devel-osx-x86_64-clang, r-devel-windows-ix86+x86_64, r-patched-linux-x86_64, r-patched-solaris-sparc, r-patched-solaris-x86, r-release-linux-x86_64, r-release-osx-x86_64-mavericks, r-release-windows-ix86+x86_64

Version: 1.0.1
Check: R code for possible problems
Result: NOTE
    get_ClinicalCodes: no visible global function definition for ‘read.csv’
    get_ClinicalCodes : <anonymous>: no visible global function definition
     for ‘read.csv’
    Undefined global functions or variables:
     read.csv
    Consider adding
     importFrom("utils", "read.csv")
    to your NAMESPACE file.
Flavors: r-devel-linux-x86_64-debian-gcc, r-devel-linux-x86_64-fedora-clang, r-devel-linux-x86_64-fedora-gcc, r-devel-osx-x86_64-clang, r-devel-windows-ix86+x86_64