CRAN Package Check Results for Package rClinicalCodes

Last updated on 2015-03-30 23:47:55.

Flavor Version Tinstall Tcheck Ttotal Status Flags
r-devel-linux-x86_64-debian-clang 1.0.1 1.21 16.21 17.42 NOTE
r-devel-linux-x86_64-debian-gcc 1.0.1 1.12 16.55 17.67 NOTE
r-devel-linux-x86_64-fedora-clang 1.0.1 35.43 NOTE
r-devel-linux-x86_64-fedora-gcc 1.0.1 35.03 NOTE
r-devel-osx-x86_64-clang 1.0.1 39.98 NOTE
r-prerel-windows-ix86+x86_64 1.0.1 4.00 27.00 31.00 NOTE
r-prerel-linux-x86_64 1.0.1 1.13 16.31 17.44 NOTE
r-prerel-solaris-sparc 1.0.1 200.90 NOTE
r-prerel-solaris-x86 1.0.1 48.00 NOTE
r-release-linux-x86_64 1.0.1 1.62 21.28 22.89 OK
r-release-osx-x86_64-mavericks 1.0.1 OK
r-release-osx-x86_64-snowleopard 1.0.1 OK
r-release-windows-ix86+x86_64 1.0.1 6.00 36.00 42.00 OK
r-oldrel-windows-ix86+x86_64 1.0.1 6.00 36.00 42.00 OK

Check Details

Version: 1.0.1
Check: DESCRIPTION meta-information
Result: NOTE
    Malformed Description field: should contain one or more complete sentences.
Flavors: r-devel-linux-x86_64-debian-clang, r-devel-linux-x86_64-debian-gcc, r-devel-linux-x86_64-fedora-clang, r-devel-linux-x86_64-fedora-gcc, r-devel-osx-x86_64-clang, r-prerel-windows-ix86+x86_64, r-prerel-linux-x86_64, r-prerel-solaris-sparc, r-prerel-solaris-x86