CRAN Package Check Results for Package rClinicalCodes

Last updated on 2015-06-30 06:47:12.

Flavor Version Tinstall Tcheck Ttotal Status Flags
r-devel-linux-x86_64-debian-clang 1.0.1 1.15 16.62 17.77 NOTE
r-devel-linux-x86_64-debian-gcc 1.0.1 1.11 16.23 17.34 NOTE
r-devel-linux-x86_64-fedora-clang 1.0.1 35.53 NOTE
r-devel-linux-x86_64-fedora-gcc 1.0.1 33.18 NOTE
r-devel-osx-x86_64-clang 1.0.1 34.98 NOTE
r-devel-windows-ix86+x86_64 1.0.1 4.00 29.00 33.00 NOTE
r-patched-linux-x86_64 1.0.1 1.56 16.77 18.33 NOTE
r-patched-solaris-sparc 1.0.1 226.10 NOTE
r-patched-solaris-x86 1.0.1 54.30 NOTE
r-release-linux-x86_64 1.0.1 1.17 16.87 18.04 NOTE
r-release-osx-x86_64-mavericks 1.0.1 NOTE
r-release-windows-ix86+x86_64 1.0.1 7.00 29.00 36.00 NOTE
r-oldrel-windows-ix86+x86_64 1.0.1 10.00 37.00 47.00 OK

Check Details

Version: 1.0.1
Check: DESCRIPTION meta-information
Result: NOTE
    Malformed Description field: should contain one or more complete sentences.
Flavors: r-devel-linux-x86_64-debian-clang, r-devel-linux-x86_64-debian-gcc, r-devel-linux-x86_64-fedora-clang, r-devel-linux-x86_64-fedora-gcc, r-devel-osx-x86_64-clang, r-devel-windows-ix86+x86_64, r-patched-linux-x86_64, r-patched-solaris-sparc, r-patched-solaris-x86, r-release-linux-x86_64, r-release-osx-x86_64-mavericks, r-release-windows-ix86+x86_64

Version: 1.0.1
Check: R code for possible problems
Result: NOTE
    get_ClinicalCodes: no visible global function definition for ‘read.csv’
    get_ClinicalCodes : <anonymous>: no visible global function definition
     for ‘read.csv’
Flavors: r-devel-linux-x86_64-debian-clang, r-devel-linux-x86_64-debian-gcc, r-devel-windows-ix86+x86_64