CRAN Package Check Results for Package rClinicalCodes

Last updated on 2018-05-22 12:49:30 CEST.

Flavor Version Tinstall Tcheck Ttotal Status Flags
r-devel-linux-x86_64-debian-clang 1.0.1 2.26 36.35 38.61 NOTE
r-devel-linux-x86_64-debian-gcc 1.0.1 2.32 28.95 31.27 NOTE
r-devel-linux-x86_64-fedora-clang 1.0.1 47.48 NOTE
r-devel-linux-x86_64-fedora-gcc 1.0.1 44.60 NOTE
r-devel-windows-ix86+x86_64 1.0.1 7.00 50.00 57.00 NOTE
r-patched-linux-x86_64 1.0.1 1.92 32.15 34.07 NOTE
r-patched-solaris-x86 1.0.1 70.70 NOTE
r-release-linux-x86_64 1.0.1 1.48 31.56 33.04 NOTE
r-release-windows-ix86+x86_64 1.0.1 6.00 73.00 79.00 NOTE
r-release-osx-x86_64 1.0.1 NOTE
r-oldrel-windows-ix86+x86_64 1.0.1 7.00 59.00 66.00 NOTE
r-oldrel-osx-x86_64 1.0.1 NOTE

Check Details

Version: 1.0.1
Check: DESCRIPTION meta-information
Result: NOTE
    Malformed Description field: should contain one or more complete sentences.
Flavors: r-devel-linux-x86_64-debian-clang, r-devel-linux-x86_64-debian-gcc, r-devel-linux-x86_64-fedora-clang, r-devel-linux-x86_64-fedora-gcc, r-devel-windows-ix86+x86_64, r-patched-linux-x86_64, r-patched-solaris-x86, r-release-linux-x86_64, r-release-windows-ix86+x86_64, r-release-osx-x86_64, r-oldrel-windows-ix86+x86_64, r-oldrel-osx-x86_64

Version: 1.0.1
Check: R code for possible problems
Result: NOTE
    get_ClinicalCodes: no visible global function definition for ‘read.csv’
    get_ClinicalCodes : <anonymous>: no visible global function definition
     for ‘read.csv’
    Undefined global functions or variables:
     read.csv
    Consider adding
     importFrom("utils", "read.csv")
    to your NAMESPACE file.
Flavors: r-devel-linux-x86_64-debian-clang, r-devel-linux-x86_64-debian-gcc, r-devel-linux-x86_64-fedora-clang, r-devel-linux-x86_64-fedora-gcc, r-devel-windows-ix86+x86_64, r-patched-linux-x86_64, r-patched-solaris-x86, r-release-linux-x86_64, r-release-windows-ix86+x86_64, r-release-osx-x86_64, r-oldrel-windows-ix86+x86_64, r-oldrel-osx-x86_64