CRAN Package Check Results for Package rClinicalCodes

Last updated on 2017-01-19 19:50:20.

Flavor Version Tinstall Tcheck Ttotal Status Flags
r-devel-linux-x86_64-debian-clang 1.0.1 1.14 18.36 19.50 NOTE
r-devel-linux-x86_64-debian-gcc 1.0.1 1.19 18.41 19.59 NOTE
r-devel-linux-x86_64-fedora-clang 1.0.1 34.56 NOTE --no-stop-on-test-error
r-devel-linux-x86_64-fedora-gcc 1.0.1 33.82 NOTE --no-stop-on-test-error
r-devel-macos-x86_64-clang 1.0.1 29.60 NOTE --no-stop-on-test-error
r-devel-windows-ix86+x86_64 1.0.1 6.00 42.00 48.00 NOTE
r-patched-linux-x86_64 1.0.1 1.22 16.53 17.75 NOTE
r-patched-solaris-sparc 1.0.1 191.20 NOTE
r-patched-solaris-x86 1.0.1 46.00 NOTE
r-release-linux-x86_64 1.0.1 1.20 16.89 18.09 NOTE
r-release-osx-x86_64-mavericks 1.0.1 NOTE
r-release-windows-ix86+x86_64 1.0.1 4.00 33.00 37.00 NOTE
r-oldrel-windows-ix86+x86_64 1.0.1 5.00 34.00 39.00 NOTE

Check Details

Version: 1.0.1
Check: DESCRIPTION meta-information
Result: NOTE
    Malformed Description field: should contain one or more complete sentences.
Flavors: r-devel-linux-x86_64-debian-clang, r-devel-linux-x86_64-debian-gcc, r-devel-windows-ix86+x86_64, r-patched-linux-x86_64, r-patched-solaris-sparc, r-patched-solaris-x86, r-release-linux-x86_64, r-release-osx-x86_64-mavericks, r-release-windows-ix86+x86_64, r-oldrel-windows-ix86+x86_64

Version: 1.0.1
Check: R code for possible problems
Result: NOTE
    get_ClinicalCodes: no visible global function definition for ‘read.csv’
    get_ClinicalCodes : <anonymous>: no visible global function definition
     for ‘read.csv’
    Undefined global functions or variables:
     read.csv
    Consider adding
     importFrom("utils", "read.csv")
    to your NAMESPACE file.
Flavors: r-devel-linux-x86_64-debian-clang, r-devel-linux-x86_64-debian-gcc, r-devel-windows-ix86+x86_64, r-patched-linux-x86_64, r-patched-solaris-sparc, r-patched-solaris-x86, r-release-linux-x86_64, r-release-osx-x86_64-mavericks, r-release-windows-ix86+x86_64

Version: 1.0.1
Flags: --no-stop-on-test-error
Check: DESCRIPTION meta-information
Result: NOTE
    Malformed Description field: should contain one or more complete sentences.
Flavors: r-devel-linux-x86_64-fedora-clang, r-devel-linux-x86_64-fedora-gcc, r-devel-macos-x86_64-clang

Version: 1.0.1
Flags: --no-stop-on-test-error
Check: R code for possible problems
Result: NOTE
    get_ClinicalCodes: no visible global function definition for ‘read.csv’
    get_ClinicalCodes : <anonymous>: no visible global function definition
     for ‘read.csv’
    Undefined global functions or variables:
     read.csv
    Consider adding
     importFrom("utils", "read.csv")
    to your NAMESPACE file.
Flavors: r-devel-linux-x86_64-fedora-clang, r-devel-linux-x86_64-fedora-gcc, r-devel-macos-x86_64-clang