CRAN Package Check Results for Package rClinicalCodes

Last updated on 2016-05-28 19:49:25.

Flavor Version Tinstall Tcheck Ttotal Status Flags
r-devel-linux-x86_64-debian-gcc 1.0.1 1.18 16.62 17.80 NOTE
r-devel-linux-x86_64-fedora-clang 1.0.1 32.06 NOTE
r-devel-linux-x86_64-fedora-gcc 1.0.1 29.97 NOTE
r-devel-osx-x86_64-clang 1.0.1 38.07 NOTE
r-devel-windows-ix86+x86_64 1.0.1 3.00 39.00 42.00 NOTE
r-patched-linux-x86_64 1.0.1 1.19 16.37 17.56 NOTE
r-patched-solaris-sparc 1.0.1 187.70 NOTE
r-patched-solaris-x86 1.0.1 45.60 NOTE
r-release-linux-x86_64 1.0.1 1.15 16.21 17.35 NOTE
r-release-osx-x86_64-mavericks 1.0.1 NOTE
r-release-windows-ix86+x86_64 1.0.1 6.00 47.00 53.00 NOTE
r-oldrel-windows-ix86+x86_64 1.0.1 4.00 36.00 40.00 NOTE

Check Details

Version: 1.0.1
Check: DESCRIPTION meta-information
Result: NOTE
    Malformed Description field: should contain one or more complete sentences.
Flavors: r-devel-linux-x86_64-debian-gcc, r-devel-linux-x86_64-fedora-clang, r-devel-linux-x86_64-fedora-gcc, r-devel-osx-x86_64-clang, r-devel-windows-ix86+x86_64, r-patched-linux-x86_64, r-patched-solaris-sparc, r-patched-solaris-x86, r-release-linux-x86_64, r-release-osx-x86_64-mavericks, r-release-windows-ix86+x86_64, r-oldrel-windows-ix86+x86_64

Version: 1.0.1
Check: R code for possible problems
Result: NOTE
    get_ClinicalCodes: no visible global function definition for ‘read.csv’
    get_ClinicalCodes : <anonymous>: no visible global function definition
     for ‘read.csv’
    Undefined global functions or variables:
     read.csv
    Consider adding
     importFrom("utils", "read.csv")
    to your NAMESPACE file.
Flavors: r-devel-linux-x86_64-debian-gcc, r-devel-linux-x86_64-fedora-clang, r-devel-linux-x86_64-fedora-gcc, r-devel-osx-x86_64-clang, r-devel-windows-ix86+x86_64, r-patched-linux-x86_64, r-patched-solaris-sparc, r-patched-solaris-x86, r-release-linux-x86_64, r-release-osx-x86_64-mavericks, r-release-windows-ix86+x86_64