CRAN Package Check Results for Package rClinicalCodes

Last updated on 2016-04-29 15:47:02.

Flavor Version Tinstall Tcheck Ttotal Status Flags
r-devel-linux-x86_64-debian-gcc 1.0.1 1.12 16.46 17.59 NOTE
r-devel-linux-x86_64-fedora-clang 1.0.1 31.62 NOTE
r-devel-linux-x86_64-fedora-gcc 1.0.1 30.14 NOTE
r-devel-osx-x86_64-clang 1.0.1 37.63 NOTE
r-devel-windows-ix86+x86_64 1.0.1 4.00 37.00 41.00 NOTE
r-patched-linux-x86_64 1.0.1 1.12 16.38 17.50 NOTE
r-patched-solaris-sparc 1.0.1 190.90 NOTE
r-patched-solaris-x86 1.0.1 45.50 NOTE
r-release-linux-x86_64 1.0.1 1.32 17.77 19.09 NOTE
r-release-osx-x86_64-mavericks 1.0.1 NOTE
r-release-windows-ix86+x86_64 1.0.1 4.00 36.00 40.00 NOTE
r-oldrel-windows-ix86+x86_64 1.0.1 11.00 62.00 73.00 OK

Check Details

Version: 1.0.1
Check: DESCRIPTION meta-information
Result: NOTE
    Malformed Description field: should contain one or more complete sentences.
Flavors: r-devel-linux-x86_64-debian-gcc, r-devel-linux-x86_64-fedora-clang, r-devel-linux-x86_64-fedora-gcc, r-devel-osx-x86_64-clang, r-devel-windows-ix86+x86_64, r-patched-linux-x86_64, r-patched-solaris-sparc, r-patched-solaris-x86, r-release-linux-x86_64, r-release-osx-x86_64-mavericks, r-release-windows-ix86+x86_64

Version: 1.0.1
Check: R code for possible problems
Result: NOTE
    get_ClinicalCodes: no visible global function definition for ‘read.csv’
    get_ClinicalCodes : <anonymous>: no visible global function definition
     for ‘read.csv’
    Undefined global functions or variables:
     read.csv
    Consider adding
     importFrom("utils", "read.csv")
    to your NAMESPACE file.
Flavors: r-devel-linux-x86_64-debian-gcc, r-devel-linux-x86_64-fedora-clang, r-devel-linux-x86_64-fedora-gcc, r-devel-osx-x86_64-clang, r-devel-windows-ix86+x86_64, r-patched-linux-x86_64, r-patched-solaris-sparc, r-patched-solaris-x86