CRAN Package Check Results for Package rDEA

Last updated on 2022-01-19 20:00:40 CET.

Flavor Version Tinstall Tcheck Ttotal Status Flags
r-devel-linux-x86_64-debian-clang 1.2-6 OK
r-devel-linux-x86_64-debian-gcc 1.2-6 3.77 51.66 55.43 OK
r-devel-linux-x86_64-fedora-clang 1.2-6 89.34 NOTE
r-devel-linux-x86_64-fedora-gcc 1.2-6 78.14 OK
r-devel-windows-x86_64-new-UL 1.2-6 36.00 105.00 141.00 OK
r-devel-windows-x86_64-new-TK 1.2-6 OK
r-patched-linux-x86_64 1.2-6 4.88 65.29 70.17 OK
r-release-linux-x86_64 1.2-6 OK
r-release-macos-arm64 1.2-6 OK
r-release-macos-x86_64 1.2-6 OK
r-release-windows-ix86+x86_64 1.2-6 16.00 121.00 137.00 OK
r-oldrel-macos-x86_64 1.2-6 OK
r-oldrel-windows-ix86+x86_64 1.2-6 14.00 120.00 134.00 OK

Check Details

Version: 1.2-6
Check: Rd cross-references
Result: NOTE
    Undeclared package ‘Rglpk’ in Rd xrefs
Flavor: r-devel-linux-x86_64-fedora-clang