CRAN Package Check Results for Package rDNA

Last updated on 2016-07-26 18:48:29.

Flavor Version Tinstall Tcheck Ttotal Status Flags
r-devel-linux-x86_64-debian-clang 1.31 1.64 20.52 22.16 OK
r-devel-linux-x86_64-debian-gcc 1.31 1.25 19.80 21.05 OK
r-devel-linux-x86_64-fedora-clang 1.31 32.62 OK
r-devel-linux-x86_64-fedora-gcc 1.31 32.38 OK
r-devel-osx-x86_64-clang 1.31 28.53 OK
r-devel-windows-ix86+x86_64 1.31 6.00 76.00 82.00 OK
r-patched-linux-x86_64 1.31 1.18 19.48 20.66 OK
r-patched-solaris-sparc 1.31 172.40 OK
r-patched-solaris-x86 1.31 38.50 OK
r-release-linux-x86_64 1.31 1.35 20.43 21.78 OK
r-release-osx-x86_64-mavericks 1.31 OK
r-release-windows-ix86+x86_64 1.31 6.00 74.00 80.00 ERROR
r-oldrel-windows-ix86+x86_64 1.31 6.00 74.00 80.00 OK

Check Details

Version: 1.31
Check: examples
Result: ERROR
    Running examples in 'rDNA-Ex.R' failed
    The error most likely occurred in:
    
    > ### Name: dna.attributes
    > ### Title: Get actor attributes
    > ### Aliases: dna.attributes
    > ### Keywords: Programming|programming|interface Programming|IO
    >
    > ### ** Examples
    >
    > download.file("http://www.philipleifeld.de/cms/upload/Downloads/dna-1.31.jar",
    + destfile = "dna-1.31.jar", mode = "wb")
    trying URL 'http://www.philipleifeld.de/cms/upload/Downloads/dna-1.31.jar'
    Content type 'application/java-archive' length 1948855 bytes (1.9 MB)
    ==============================================
    downloaded 1.7 MB
    
    Warning in download.file("http://www.philipleifeld.de/cms/upload/Downloads/dna-1.31.jar", :
     downloaded length 1830912 != reported length 1948855
    > download.file("http://www.philipleifeld.de/cms/upload/Downloads/sample.dna",
    + destfile = "sample.dna", mode = "wb")
    trying URL 'http://www.philipleifeld.de/cms/upload/Downloads/sample.dna'
    Content type '<05>' length 241717 bytes (236 KB)
    ==================================================
    downloaded 236 KB
    
    > dna.init("dna-1.31.jar")
    > attributes <- dna.attributes("sample.dna", organizations = TRUE)
    Error in .jnew("dna/Export", infile, verbose) :
     java.lang.ClassNotFoundException
    Calls: dna.attributes -> .jnew -> .External
    Execution halted
Flavor: r-release-windows-ix86+x86_64