CRAN Package Check Results for Package rDNA

Last updated on 2017-08-21 06:47:05.

Flavor Version Tinstall Tcheck Ttotal Status Flags
r-devel-linux-x86_64-debian-clang 1.31 1.09 17.93 19.02 ERROR
r-devel-linux-x86_64-debian-gcc 1.31 1.25 17.24 18.49 ERROR
r-devel-linux-x86_64-fedora-clang 1.31 32.81 ERROR
r-devel-linux-x86_64-fedora-gcc 1.31 34.30 ERROR
r-devel-windows-ix86+x86_64 1.31 4.00 39.00 43.00 ERROR
r-patched-linux-x86_64 1.31 1.12 17.50 18.62 ERROR
r-patched-solaris-x86 1.31 46.50 ERROR
r-release-linux-x86_64 1.31 1.12 17.78 18.90 ERROR
r-release-windows-ix86+x86_64 1.31 6.00 38.00 44.00 ERROR
r-release-osx-x86_64 1.31 OK
r-oldrel-windows-ix86+x86_64 1.31 4.00 34.00 38.00 ERROR
r-oldrel-osx-x86_64 1.31 OK

Check Details

Version: 1.31
Check: examples
Result: ERROR
    Running examples in ‘rDNA-Ex.R’ failed
    The error most likely occurred in:
    
    > base::assign(".ptime", proc.time(), pos = "CheckExEnv")
    > ### Name: dna.attributes
    > ### Title: Get actor attributes
    > ### Aliases: dna.attributes
    > ### Keywords: Programming|programming|interface Programming|IO
    >
    > ### ** Examples
    >
    > download.file("http://www.philipleifeld.de/cms/upload/Downloads/dna-1.31.jar",
    + destfile = "dna-1.31.jar", mode = "wb")
    trying URL 'http://www.philipleifeld.de/cms/upload/Downloads/dna-1.31.jar'
    Warning in download.file("http://www.philipleifeld.de/cms/upload/Downloads/dna-1.31.jar", :
     cannot open URL 'http://www.philipleifeld.de/cms/upload/Downloads/dna-1.31.jar': HTTP status was '404 Not Found'
    Error in download.file("http://www.philipleifeld.de/cms/upload/Downloads/dna-1.31.jar", :
     cannot open URL 'http://www.philipleifeld.de/cms/upload/Downloads/dna-1.31.jar'
    Execution halted
Flavors: r-devel-linux-x86_64-debian-clang, r-devel-linux-x86_64-debian-gcc, r-patched-linux-x86_64, r-release-linux-x86_64

Version: 1.31
Check: examples
Result: ERROR
    Running examples in ‘rDNA-Ex.R’ failed
    The error most likely occurred in:
    
    > ### Name: dna.attributes
    > ### Title: Get actor attributes
    > ### Aliases: dna.attributes
    > ### Keywords: Programming|programming|interface Programming|IO
    >
    > ### ** Examples
    >
    > download.file("http://www.philipleifeld.de/cms/upload/Downloads/dna-1.31.jar",
    + destfile = "dna-1.31.jar", mode = "wb")
    trying URL 'http://www.philipleifeld.de/cms/upload/Downloads/dna-1.31.jar'
    Warning in download.file("http://www.philipleifeld.de/cms/upload/Downloads/dna-1.31.jar", :
     cannot open URL 'http://www.philipleifeld.de/cms/upload/Downloads/dna-1.31.jar': HTTP status was '404 Not Found'
    Error in download.file("http://www.philipleifeld.de/cms/upload/Downloads/dna-1.31.jar", :
     cannot open URL 'http://www.philipleifeld.de/cms/upload/Downloads/dna-1.31.jar'
    Execution halted
Flavors: r-devel-linux-x86_64-fedora-clang, r-devel-linux-x86_64-fedora-gcc, r-devel-windows-ix86+x86_64, r-patched-solaris-x86, r-release-windows-ix86+x86_64, r-oldrel-windows-ix86+x86_64