CRAN Package Check Results for Package rEMM

Last updated on 2018-06-21 23:50:35 CEST.

Flavor Version Tinstall Tcheck Ttotal Status Flags
r-devel-linux-x86_64-debian-clang 1.0-11 4.54 55.72 60.26 NOTE
r-devel-linux-x86_64-debian-gcc 1.0-11 2.58 47.19 49.77 NOTE
r-devel-linux-x86_64-fedora-clang 1.0-11 78.45 NOTE
r-devel-linux-x86_64-fedora-gcc 1.0-11 74.79 NOTE
r-devel-windows-ix86+x86_64 1.0-11 15.00 102.00 117.00 OK
r-patched-linux-x86_64 1.0-11 4.10 58.47 62.57 NOTE
r-patched-solaris-x86 1.0-11 106.00 OK
r-release-linux-x86_64 1.0-11 4.56 58.55 63.11 NOTE
r-release-windows-ix86+x86_64 1.0-11 9.00 95.00 104.00 OK
r-release-osx-x86_64 1.0-11 OK
r-oldrel-windows-ix86+x86_64 1.0-11 8.00 126.00 134.00 OK
r-oldrel-osx-x86_64 1.0-11 NOTE

Check Details

Version: 1.0-11
Check: compiled code
Result: NOTE
    File ‘rEMM/libs/rEMM.so’:
     Found no calls to: ‘R_registerRoutines’, ‘R_useDynamicSymbols’
    
    It is good practice to register native routines and to disable symbol
    search.
    
    See ‘Writing portable packages’ in the ‘Writing R Extensions’ manual.
Flavors: r-devel-linux-x86_64-debian-clang, r-devel-linux-x86_64-debian-gcc, r-devel-linux-x86_64-fedora-clang, r-devel-linux-x86_64-fedora-gcc, r-patched-linux-x86_64, r-release-linux-x86_64

Version: 1.0-11
Check: package dependencies
Result: NOTE
    Packages suggested but not available for checking: ‘graph’ ‘Rgraphviz’
Flavor: r-oldrel-osx-x86_64