CRAN Package Check Results for Package rEMM

Last updated on 2020-09-30 01:49:11 CEST.

Flavor Version Tinstall Tcheck Ttotal Status Flags
r-devel-linux-x86_64-debian-clang 1.0-11 6.70 70.90 77.60 OK
r-devel-linux-x86_64-debian-gcc 1.0-11 4.78 53.86 58.64 OK
r-devel-linux-x86_64-fedora-clang 1.0-11 100.26 NOTE
r-devel-linux-x86_64-fedora-gcc 1.0-11 115.33 NOTE
r-devel-windows-ix86+x86_64 1.0-11 15.00 100.00 115.00 OK
r-patched-linux-x86_64 1.0-11 6.96 68.04 75.00 OK
r-patched-solaris-x86 1.0-11 127.30 OK
r-release-linux-x86_64 1.0-11 5.37 67.69 73.06 OK
r-release-macos-x86_64 1.0-11 OK
r-release-windows-ix86+x86_64 1.0-11 15.00 129.00 144.00 OK
r-oldrel-macos-x86_64 1.0-11 NOTE
r-oldrel-windows-ix86+x86_64 1.0-11 13.00 127.00 140.00 OK

Check Details

Version: 1.0-11
Check: compiled code
Result: NOTE
    File ‘rEMM/libs/rEMM.so’:
     Found no calls to: ‘R_registerRoutines’, ‘R_useDynamicSymbols’
    
    It is good practice to register native routines and to disable symbol
    search.
    
    See ‘Writing portable packages’ in the ‘Writing R Extensions’ manual.
Flavors: r-devel-linux-x86_64-fedora-clang, r-devel-linux-x86_64-fedora-gcc

Version: 1.0-11
Check: package dependencies
Result: NOTE
    Packages suggested but not available for checking: 'graph', 'Rgraphviz'
Flavor: r-oldrel-macos-x86_64