CRAN Package Check Results for Package rEMM

Last updated on 2017-10-19 19:47:20.

Flavor Version Tinstall Tcheck Ttotal Status Flags
r-devel-linux-x86_64-debian-clang 1.0-11 2.02 44.35 46.37 NOTE
r-devel-linux-x86_64-debian-gcc 1.0-11 1.86 50.45 52.31 NOTE
r-devel-linux-x86_64-fedora-clang 1.0-11 92.28 NOTE
r-devel-linux-x86_64-fedora-gcc 1.0-11 87.94 NOTE
r-devel-windows-ix86+x86_64 1.0-11 7.00 110.00 117.00 OK
r-patched-linux-x86_64 1.0-11 1.93 43.39 45.32 NOTE
r-patched-solaris-x86 1.0-11 111.30 OK
r-release-linux-x86_64 1.0-11 2.09 43.83 45.91 NOTE
r-release-windows-ix86+x86_64 1.0-11 10.00 114.00 124.00 OK
r-release-osx-x86_64 1.0-11 NOTE
r-oldrel-windows-ix86+x86_64 1.0-11 12.00 134.00 146.00 OK
r-oldrel-osx-x86_64 1.0-11 OK

Check Details

Version: 1.0-11
Check: compiled code
Result: NOTE
    File ‘rEMM/libs/rEMM.so’:
     Found no calls to: ‘R_registerRoutines’, ‘R_useDynamicSymbols’
    
    It is good practice to register native routines and to disable symbol
    search.
    
    See ‘Writing portable packages’ in the ‘Writing R Extensions’ manual.
Flavors: r-devel-linux-x86_64-debian-clang, r-devel-linux-x86_64-debian-gcc, r-devel-linux-x86_64-fedora-clang, r-devel-linux-x86_64-fedora-gcc, r-patched-linux-x86_64, r-release-linux-x86_64

Version: 1.0-11
Check: package dependencies
Result: NOTE
    Packages suggested but not available for checking: ‘graph’ ‘Rgraphviz’
Flavor: r-release-osx-x86_64