CRAN Package Check Results for Package rEMM

Last updated on 2015-07-07 06:46:48.

Flavor Version Tinstall Tcheck Ttotal Status Flags
r-devel-linux-x86_64-debian-clang 1.0-10 1.83 39.71 41.54 NOTE
r-devel-linux-x86_64-debian-gcc 1.0-10 1.89 39.82 41.71 NOTE
r-devel-linux-x86_64-fedora-clang 1.0-10 75.71 NOTE
r-devel-linux-x86_64-fedora-gcc 1.0-10 72.78 NOTE
r-devel-osx-x86_64-clang 1.0-10 81.58 NOTE
r-devel-windows-ix86+x86_64 1.0-10 14.00 90.00 104.00 NOTE
r-patched-linux-x86_64 1.0-10 1.66 38.00 39.66 OK
r-patched-solaris-sparc 1.0-10 443.70 OK
r-patched-solaris-x86 1.0-10 98.40 OK
r-release-linux-x86_64 1.0-10 1.77 38.37 40.14 OK
r-release-osx-x86_64-mavericks 1.0-10 OK
r-release-windows-ix86+x86_64 1.0-10 13.00 80.00 93.00 OK
r-oldrel-windows-ix86+x86_64 1.0-10 11.00 90.00 101.00 OK

Check Details

Version: 1.0-10
Check: R code for possible problems
Result: NOTE
    plot,EMM-missing: no visible global function definition for ‘barplot’
    plot,EMM-missing: no visible global function definition for ‘cmdscale’
    plot,EMM-missing : <anonymous>: no visible global function definition
     for ‘strwidth’
    plot,EMM-missing : <anonymous>: no visible global function definition
     for ‘strheight’
    plot,EMM-missing: no visible global function definition for ‘arrows’
    plot,EMM-missing: no visible global function definition for ‘points’
    plot,EMM-missing: no visible global function definition for ‘strwidth’
    plot,EMM-missing: no visible global function definition for ‘strheight’
    plot,EMM-missing: no visible global function definition for ‘text’
    plot,EMM-missing: no visible global function definition for ‘lines’
    plot,tNN-missing: no visible global function definition for ‘lines’
    plot,tNN-missing: no visible global function definition for ‘cmdscale’
    plot,tNN-missing: no visible global function definition for ‘points’
    recluster_hclust,EMM: no visible global function definition for
     ‘hclust’
    recluster_hclust,EMM: no visible global function definition for
     ‘cutree’
    recluster_kmeans,EMM: no visible global function definition for
     ‘kmeans’
    recluster_pam,EMM: no visible global function definition for ‘pam’
    recluster_transitions,EMM: no visible global function definition for
     ‘hclust’
    recluster_transitions,EMM: no visible global function definition for
     ‘cutree’
    score,EMM-matrix: no visible global function definition for ‘tail’
    Undefined global functions or variables:
     arrows barplot cmdscale cutree hclust kmeans lines pam points
     strheight strwidth tail text
Flavors: r-devel-linux-x86_64-debian-clang, r-devel-linux-x86_64-debian-gcc, r-devel-linux-x86_64-fedora-clang, r-devel-linux-x86_64-fedora-gcc, r-devel-windows-ix86+x86_64

Version: 1.0-10
Check: R code for possible problems
Result: NOTE
    recluster_pam,EMM: no visible global function definition for ‘pam’
    Undefined global functions or variables:
     pam
Flavor: r-devel-osx-x86_64-clang