CRAN Package Check Results for Package rEMM

Last updated on 2015-01-31 09:57:30.

Flavor Version Tinstall Tcheck Ttotal Status Flags
r-devel-linux-x86_64-debian-clang 1.0-8 1.79 31.02 32.81 NOTE
r-devel-linux-x86_64-debian-gcc 1.0-8 1.76 30.57 32.33 NOTE
r-devel-linux-x86_64-fedora-clang 1.0-8 80.37 NOTE
r-devel-linux-x86_64-fedora-gcc 1.0-8 76.28 NOTE
r-devel-osx-x86_64-clang 1.0-8 80.41 NOTE
r-devel-windows-ix86+x86_64 1.0-8 12.00 70.00 82.00 NOTE
r-patched-linux-x86_64 1.0-8 1.99 37.97 39.96 NOTE
r-patched-solaris-sparc 1.0-8 450.50 NOTE
r-patched-solaris-x86 1.0-8 112.60 NOTE
r-release-linux-ix86 1.0-8 2.55 47.11 49.66 NOTE
r-release-linux-x86_64 1.0-8 2.06 38.03 40.09 NOTE
r-release-osx-x86_64-mavericks 1.0-8 NOTE
r-release-osx-x86_64-snowleopard 1.0-8 NOTE
r-release-windows-ix86+x86_64 1.0-8 9.00 78.00 87.00 NOTE
r-oldrel-windows-ix86+x86_64 1.0-8 10.00 81.00 91.00 OK

Check Details

Version: 1.0-8
Check: package dependencies
Result: NOTE
    Packages suggested but not available for checking: ‘graph’ ‘Rgraphviz’
Flavors: r-devel-linux-x86_64-debian-clang, r-devel-linux-x86_64-debian-gcc, r-release-osx-x86_64-snowleopard

Version: 1.0-8
Check: dependencies in R code
Result: NOTE
    'library' or 'require' calls in package code:
     ‘Rgraphviz’ ‘graph’
     Please use :: or requireNamespace() instead.
     See section 'Suggested packages' in the 'Writing R Extensions' manual.
Flavors: r-devel-linux-x86_64-debian-clang, r-devel-linux-x86_64-debian-gcc, r-devel-linux-x86_64-fedora-clang, r-devel-linux-x86_64-fedora-gcc, r-devel-osx-x86_64-clang, r-devel-windows-ix86+x86_64

Version: 1.0-8
Check: S3 generic/method consistency
Result: NOTE
    Found the following apparent S3 methods exported but not registered:
     as.graph.TRACDS as.igraph.TRACDS
    See section ‘Registering S3 methods’ in the ‘Writing R Extensions’
    manual.
Flavors: r-devel-linux-x86_64-debian-clang, r-devel-linux-x86_64-debian-gcc, r-devel-linux-x86_64-fedora-clang, r-devel-linux-x86_64-fedora-gcc, r-devel-osx-x86_64-clang

Version: 1.0-8
Check: R code for possible problems
Result: NOTE
    plot,TRACDS-missing: no visible binding for global variable
     ‘layout.fruchterman.reingold’
Flavors: r-devel-linux-x86_64-debian-clang, r-devel-linux-x86_64-debian-gcc, r-devel-linux-x86_64-fedora-clang, r-devel-linux-x86_64-fedora-gcc, r-devel-osx-x86_64-clang, r-devel-windows-ix86+x86_64, r-patched-linux-x86_64, r-patched-solaris-sparc, r-patched-solaris-x86, r-release-linux-ix86, r-release-linux-x86_64, r-release-osx-x86_64-mavericks, r-release-windows-ix86+x86_64