CRAN Package Check Results for Package rEMM

Last updated on 2017-06-27 15:49:08.

Flavor Version Tinstall Tcheck Ttotal Status Flags
r-devel-linux-x86_64-debian-clang 1.0-11 1.96 44.34 46.30 NOTE
r-devel-linux-x86_64-debian-gcc 1.0-11 1.88 42.77 44.65 NOTE
r-devel-linux-x86_64-fedora-clang 1.0-11 85.25 NOTE
r-devel-linux-x86_64-fedora-gcc 1.0-11 88.15 NOTE
r-devel-windows-ix86+x86_64 1.0-11 18.00 119.00 137.00 OK
r-patched-linux-x86_64 1.0-11 1.91 42.80 44.71 NOTE
r-patched-solaris-sparc 1.0-11 491.00 OK
r-patched-solaris-x86 1.0-11 109.40 OK
r-release-linux-x86_64 1.0-11 1.95 42.99 44.95 NOTE
r-release-windows-ix86+x86_64 1.0-11 9.00 178.00 187.00 WARN
r-release-osx-x86_64 1.0-11 NOTE
r-oldrel-windows-ix86+x86_64 1.0-11 15.00 195.00 210.00 OK
r-oldrel-osx-x86_64 1.0-11 OK

Check Details

Version: 1.0-11
Check: compiled code
Result: NOTE
    File ‘rEMM/libs/rEMM.so’:
     Found no calls to: ‘R_registerRoutines’, ‘R_useDynamicSymbols’
    
    It is good practice to register native routines and to disable symbol
    search.
    
    See ‘Writing portable packages’ in the ‘Writing R Extensions’ manual.
Flavors: r-devel-linux-x86_64-debian-clang, r-devel-linux-x86_64-debian-gcc, r-devel-linux-x86_64-fedora-clang, r-devel-linux-x86_64-fedora-gcc, r-patched-linux-x86_64, r-release-linux-x86_64

Version: 1.0-11
Check: re-building of vignette outputs
Result: WARN
    Error in re-building vignettes:
     ...
    Loading required package: igraph
    
    Attaching package: 'igraph'
    
    The following objects are masked from 'package:stats':
    
     decompose, spectrum
    
    The following object is masked from 'package:base':
    
     union
    
    
    Attaching package: 'rEMM'
    
    The following objects are masked from 'package:igraph':
    
     as.igraph, clusters
    
    
    Error: processing vignette 'rEMM.Rnw' failed with diagnostics:
     chunk 14 (label = Traffic_m25)
    Error in as.graph.TRACDS(x) :
     Package graph needed! Please install from Bioconductor.
    Execution halted
Flavor: r-release-windows-ix86+x86_64

Version: 1.0-11
Check: package dependencies
Result: NOTE
    Packages suggested but not available for checking: ‘graph’ ‘Rgraphviz’
Flavor: r-release-osx-x86_64