CRAN Package Check Results for Package rEMM

Last updated on 2014-09-02 22:47:48.

Flavor Version Tinstall Tcheck Ttotal Status Flags
r-devel-linux-x86_64-debian-clang 1.0-8 1.91 34.36 36.28 NOTE
r-devel-linux-x86_64-debian-gcc 1.0-8 1.98 34.02 36.00 NOTE
r-devel-linux-x86_64-fedora-clang 1.0-8 84.89 NOTE
r-devel-linux-x86_64-fedora-gcc 1.0-8 80.01 NOTE
r-devel-osx-x86_64-clang 1.0-8 73.53 NOTE
r-devel-windows-ix86+x86_64 1.0-8 8.00 74.00 82.00 NOTE
r-patched-linux-x86_64 1.0-8 2.06 37.10 39.16 OK
r-patched-solaris-sparc 1.0-8 454.20 OK
r-patched-solaris-x86 1.0-8 115.40 OK
r-release-linux-ix86 1.0-8 2.68 49.82 52.50 OK
r-release-linux-x86_64 1.0-8 2.02 37.76 39.79 OK
r-release-osx-x86_64-mavericks 1.0-8 NOTE
r-release-osx-x86_64-snowleopard 1.0-8 NOTE
r-release-windows-ix86+x86_64 1.0-8 9.00 72.00 81.00 OK
r-oldrel-windows-ix86+x86_64 1.0-8 9.00 83.00 92.00 OK

Check Details

Version: 1.0-8
Check: R code for possible problems
Result: NOTE
    plot,TRACDS-missing: no visible binding for global variable
     ‘layout.fruchterman.reingold’
Flavors: r-devel-linux-x86_64-debian-clang, r-devel-linux-x86_64-debian-gcc, r-devel-linux-x86_64-fedora-clang, r-devel-linux-x86_64-fedora-gcc, r-devel-osx-x86_64-clang, r-devel-windows-ix86+x86_64

Version: 1.0-8
Check: package dependencies
Result: NOTE
    Packages suggested but not available for checking: ‘graph’ ‘Rgraphviz’
Flavors: r-release-osx-x86_64-mavericks, r-release-osx-x86_64-snowleopard