CRAN Package Check Results for Package rEMM

Last updated on 2017-03-24 04:47:49.

Flavor Version Tinstall Tcheck Ttotal Status Flags
r-devel-linux-x86_64-debian-clang 1.0-11 2.04 43.24 45.28 NOTE
r-devel-linux-x86_64-debian-gcc 1.0-11 2.06 42.75 44.82 NOTE
r-devel-linux-x86_64-fedora-clang 1.0-11 84.82 NOTE --no-stop-on-test-error
r-devel-linux-x86_64-fedora-gcc 1.0-11 81.92 NOTE --no-stop-on-test-error
r-devel-macos-x86_64-clang 1.0-11 67.85 NOTE --no-stop-on-test-error
r-devel-windows-ix86+x86_64 1.0-11 9.00 122.00 131.00 OK
r-patched-linux-x86_64 1.0-11 1.64 37.12 38.77 OK
r-patched-solaris-sparc 1.0-11 491.00 OK
r-patched-solaris-x86 1.0-11 107.40 OK
r-release-linux-x86_64 1.0-11 1.85 36.94 38.79 OK
r-release-osx-x86_64-mavericks 1.0-11 OK
r-release-windows-ix86+x86_64 1.0-11 20.00 96.00 116.00 OK
r-oldrel-windows-ix86+x86_64 1.0-11 12.00 163.00 175.00 OK

Check Details

Version: 1.0-11
Check: compiled code
Result: NOTE
    File ‘rEMM/libs/rEMM.so’:
     Found no calls to: ‘R_registerRoutines’, ‘R_useDynamicSymbols’
    
    It is good practice to register native routines and to disable symbol
    search.
    
    See ‘Writing portable packages’ in the ‘Writing R Extensions’ manual.
Flavors: r-devel-linux-x86_64-debian-clang, r-devel-linux-x86_64-debian-gcc

Version: 1.0-11
Flags: --no-stop-on-test-error
Check: compiled code
Result: NOTE
    File ‘rEMM/libs/rEMM.so’:
     Found no calls to: ‘R_registerRoutines’, ‘R_useDynamicSymbols’
    
    It is good practice to register native routines and to disable symbol
    search.
    
    See ‘Writing portable packages’ in the ‘Writing R Extensions’ manual.
Flavors: r-devel-linux-x86_64-fedora-clang, r-devel-linux-x86_64-fedora-gcc, r-devel-macos-x86_64-clang