CRAN Package Check Results for Package rEMM

Last updated on 2015-04-01 02:48:25.

Flavor Version Tinstall Tcheck Ttotal Status Flags
r-devel-linux-x86_64-debian-clang 1.0-8 1.68 34.43 36.11 NOTE
r-devel-linux-x86_64-debian-gcc 1.0-8 1.81 33.10 34.91 NOTE
r-devel-linux-x86_64-fedora-clang 1.0-8 72.69 NOTE
r-devel-linux-x86_64-fedora-gcc 1.0-8 72.40 NOTE
r-devel-osx-x86_64-clang 1.0-8 76.47 NOTE
r-prerel-windows-ix86+x86_64 1.0-8 9.00 70.00 79.00 NOTE
r-prerel-linux-x86_64 1.0-8 1.67 33.52 35.19 NOTE
r-prerel-solaris-sparc 1.0-8 405.90 NOTE
r-prerel-solaris-x86 1.0-8 100.10 NOTE
r-release-linux-x86_64 1.0-8 2.06 37.86 39.93 NOTE
r-release-osx-x86_64-mavericks 1.0-8 NOTE
r-release-osx-x86_64-snowleopard 1.0-8 NOTE
r-release-windows-ix86+x86_64 1.0-8 9.00 74.00 83.00 NOTE
r-oldrel-windows-ix86+x86_64 1.0-8 10.00 82.00 92.00 OK

Check Details

Version: 1.0-8
Check: dependencies in R code
Result: NOTE
    'library' or 'require' calls in package code:
     ‘Rgraphviz’ ‘graph’
     Please use :: or requireNamespace() instead.
     See section 'Suggested packages' in the 'Writing R Extensions' manual.
Flavors: r-devel-linux-x86_64-debian-clang, r-devel-linux-x86_64-debian-gcc, r-devel-linux-x86_64-fedora-clang, r-devel-linux-x86_64-fedora-gcc, r-devel-osx-x86_64-clang, r-prerel-windows-ix86+x86_64, r-prerel-linux-x86_64, r-prerel-solaris-sparc, r-prerel-solaris-x86, r-release-linux-x86_64, r-release-windows-ix86+x86_64

Version: 1.0-8
Check: S3 generic/method consistency
Result: NOTE
    Found the following apparent S3 methods exported but not registered:
     as.graph.TRACDS as.igraph.TRACDS
    See section ‘Registering S3 methods’ in the ‘Writing R Extensions’
    manual.
Flavors: r-devel-linux-x86_64-debian-clang, r-devel-linux-x86_64-debian-gcc, r-devel-linux-x86_64-fedora-clang, r-devel-linux-x86_64-fedora-gcc, r-devel-osx-x86_64-clang, r-prerel-linux-x86_64

Version: 1.0-8
Check: R code for possible problems
Result: NOTE
    plot,TRACDS-missing: no visible binding for global variable
     ‘layout.fruchterman.reingold’
Flavors: r-devel-linux-x86_64-debian-clang, r-devel-linux-x86_64-debian-gcc, r-devel-linux-x86_64-fedora-clang, r-devel-linux-x86_64-fedora-gcc, r-devel-osx-x86_64-clang, r-prerel-windows-ix86+x86_64, r-prerel-linux-x86_64, r-prerel-solaris-sparc, r-prerel-solaris-x86, r-release-linux-x86_64, r-release-osx-x86_64-mavericks, r-release-windows-ix86+x86_64

Version: 1.0-8
Check: package dependencies
Result: NOTE
    Packages suggested but not available for checking: ‘graph’ ‘Rgraphviz’
Flavor: r-release-osx-x86_64-snowleopard