CRAN Package Check Results for Package rEMM

Last updated on 2017-12-11 11:55:06 CET.

Flavor Version Tinstall Tcheck Ttotal Status Flags
r-devel-linux-x86_64-debian-clang 1.0-11 2.22 64.33 66.55 NOTE
r-devel-linux-x86_64-debian-gcc 1.0-11 2.22 53.37 55.59 NOTE
r-devel-linux-x86_64-fedora-clang 1.0-11 83.51 NOTE
r-devel-linux-x86_64-fedora-gcc 1.0-11 82.57 NOTE
r-devel-windows-ix86+x86_64 1.0-11 11.00 119.00 130.00 OK
r-patched-linux-x86_64 1.0-11 3.01 70.48 73.49 NOTE
r-patched-solaris-x86 1.0-11 112.60 OK
r-release-linux-x86_64 1.0-11 2.21 71.03 73.24 NOTE
r-release-windows-ix86+x86_64 1.0-11 8.00 192.00 200.00 OK
r-release-osx-x86_64 1.0-11 NOTE
r-oldrel-windows-ix86+x86_64 1.0-11 9.00 144.00 153.00 OK
r-oldrel-osx-x86_64 1.0-11 OK

Check Details

Version: 1.0-11
Check: compiled code
Result: NOTE
    File ‘rEMM/libs/rEMM.so’:
     Found no calls to: ‘R_registerRoutines’, ‘R_useDynamicSymbols’
    
    It is good practice to register native routines and to disable symbol
    search.
    
    See ‘Writing portable packages’ in the ‘Writing R Extensions’ manual.
Flavors: r-devel-linux-x86_64-debian-clang, r-devel-linux-x86_64-debian-gcc, r-devel-linux-x86_64-fedora-clang, r-devel-linux-x86_64-fedora-gcc, r-patched-linux-x86_64, r-release-linux-x86_64

Version: 1.0-11
Check: package dependencies
Result: NOTE
    Packages suggested but not available for checking: ‘graph’ ‘Rgraphviz’
Flavor: r-release-osx-x86_64