CRAN Package Check Results for Package rEMM

Last updated on 2014-10-24 23:47:58.

Flavor Version Tinstall Tcheck Ttotal Status Flags
r-devel-linux-x86_64-debian-clang 1.0-8 2.17 37.14 39.31 NOTE
r-devel-linux-x86_64-debian-gcc 1.0-8 1.94 36.82 38.76 NOTE
r-devel-linux-x86_64-fedora-clang 1.0-8 85.07 NOTE
r-devel-linux-x86_64-fedora-gcc 1.0-8 81.00 NOTE
r-devel-osx-x86_64-clang 1.0-8 77.96 NOTE
r-devel-windows-ix86+x86_64 1.0-8 8.00 68.00 76.00 NOTE
r-patched-linux-x86_64 1.0-8 2.03 37.97 40.00 NOTE
r-patched-solaris-sparc 1.0-8 452.40 NOTE
r-patched-solaris-x86 1.0-8 108.80 NOTE
r-release-linux-ix86 1.0-8 2.73 49.96 52.68 OK
r-release-linux-x86_64 1.0-8 2.08 38.90 40.98 OK
r-release-osx-x86_64-mavericks 1.0-8 NOTE
r-release-osx-x86_64-snowleopard 1.0-8 NOTE
r-release-windows-ix86+x86_64 1.0-8 7.00 71.00 78.00 OK
r-oldrel-windows-ix86+x86_64 1.0-8 8.00 82.00 90.00 OK

Check Details

Version: 1.0-8
Check: R code for possible problems
Result: NOTE
    plot,TRACDS-missing: no visible binding for global variable
     ‘layout.fruchterman.reingold’
Flavors: r-devel-linux-x86_64-debian-clang, r-devel-linux-x86_64-debian-gcc, r-devel-linux-x86_64-fedora-clang, r-devel-linux-x86_64-fedora-gcc, r-devel-osx-x86_64-clang, r-devel-windows-ix86+x86_64, r-patched-linux-x86_64, r-patched-solaris-sparc, r-patched-solaris-x86

Version: 1.0-8
Check: package dependencies
Result: NOTE
    Packages suggested but not available for checking: ‘graph’ ‘Rgraphviz’
Flavors: r-release-osx-x86_64-mavericks, r-release-osx-x86_64-snowleopard