CRAN Package Check Results for Package rEMM

Last updated on 2017-08-17 20:47:03.

Flavor Version Tinstall Tcheck Ttotal Status Flags
r-devel-linux-x86_64-debian-clang 1.0-11 2.10 44.89 46.99 NOTE
r-devel-linux-x86_64-debian-gcc 1.0-11 1.99 43.65 45.64 NOTE
r-devel-linux-x86_64-fedora-clang 1.0-11 90.33 NOTE
r-devel-linux-x86_64-fedora-gcc 1.0-11 90.52 NOTE
r-devel-windows-ix86+x86_64 1.0-11 8.00 113.00 121.00 OK
r-patched-linux-x86_64 1.0-11 2.05 45.48 47.53 NOTE
r-patched-solaris-x86 1.0-11 114.40 OK
r-release-linux-x86_64 1.0-11 3.85 44.07 47.91 NOTE
r-release-windows-ix86+x86_64 1.0-11 7.00 123.00 130.00 OK
r-release-osx-x86_64 1.0-11 NOTE
r-oldrel-windows-ix86+x86_64 1.0-11 7.00 180.00 187.00 OK
r-oldrel-osx-x86_64 1.0-11 OK

Check Details

Version: 1.0-11
Check: compiled code
Result: NOTE
    File ‘rEMM/libs/rEMM.so’:
     Found no calls to: ‘R_registerRoutines’, ‘R_useDynamicSymbols’
    
    It is good practice to register native routines and to disable symbol
    search.
    
    See ‘Writing portable packages’ in the ‘Writing R Extensions’ manual.
Flavors: r-devel-linux-x86_64-debian-clang, r-devel-linux-x86_64-debian-gcc, r-devel-linux-x86_64-fedora-clang, r-devel-linux-x86_64-fedora-gcc, r-patched-linux-x86_64, r-release-linux-x86_64

Version: 1.0-11
Check: package dependencies
Result: NOTE
    Packages suggested but not available for checking: ‘graph’ ‘Rgraphviz’
Flavor: r-release-osx-x86_64