CRAN Package Check Results for Package rEMM

Last updated on 2015-05-28 11:48:39.

Flavor Version Tinstall Tcheck Ttotal Status Flags
r-devel-linux-x86_64-debian-clang 1.0-9 1.89 34.92 36.80 OK
r-devel-linux-x86_64-debian-gcc 1.0-9 1.72 35.87 37.59 OK
r-devel-linux-x86_64-fedora-clang 1.0-9 74.80 OK
r-devel-linux-x86_64-fedora-gcc 1.0-9 70.29 OK
r-devel-osx-x86_64-clang 1.0-9 81.08 OK
r-devel-windows-ix86+x86_64 1.0-9 9.00 80.00 89.00 OK
r-patched-linux-x86_64 1.0-9 1.69 35.23 36.92 OK
r-patched-solaris-sparc 1.0-9 450.00 OK
r-patched-solaris-x86 1.0-9 100.10 OK
r-release-linux-x86_64 1.0-9 1.69 35.00 36.70 OK
r-release-osx-x86_64-mavericks 1.0-9 OK
r-release-osx-x86_64-snowleopard 1.0-9 NOTE
r-release-windows-ix86+x86_64 1.0-9 9.00 78.00 87.00 OK
r-oldrel-windows-ix86+x86_64 1.0-9 9.00 84.00 93.00 OK

Check Details

Version: 1.0-9
Check: package dependencies
Result: NOTE
    Packages suggested but not available for checking: ‘graph’ ‘Rgraphviz’
Flavor: r-release-osx-x86_64-snowleopard