CRAN Package Check Results for Package rEMM

Last updated on 2014-07-22 23:48:24.

Flavor Version Tinstall Tcheck Ttotal Status Flags
r-devel-linux-x86_64-debian-clang 1.0-8 1.96 35.47 37.43 OK
r-devel-linux-x86_64-debian-gcc 1.0-8 2.04 36.04 38.08 OK
r-devel-linux-x86_64-fedora-clang 1.0-8 87.47 OK
r-devel-linux-x86_64-fedora-gcc 1.0-8 85.66 OK
r-devel-osx-x86_64-clang 1.0-8 77.46 OK
r-devel-windows-ix86+x86_64 1.0-8 9.00 72.00 81.00 OK
r-patched-linux-x86_64 1.0-8 1.95 36.92 38.88 OK
r-patched-solaris-sparc 1.0-8 462.80 OK
r-patched-solaris-x86 1.0-8 117.50 OK
r-release-linux-ix86 1.0-8 2.70 49.36 52.06 OK
r-release-linux-x86_64 1.0-8 2.02 38.36 40.38 OK
r-release-osx-x86_64-mavericks 1.0-8 NOTE
r-release-osx-x86_64-snowleopard 1.0-8 NOTE
r-release-windows-ix86+x86_64 1.0-8 8.00 77.00 85.00 OK
r-oldrel-windows-ix86+x86_64 1.0-8 8.00 81.00 89.00 OK

Check Details

Version: 1.0-8
Check: package dependencies
Result: NOTE
    Packages suggested but not available for checking: ‘graph’ ‘Rgraphviz’
Flavors: r-release-osx-x86_64-mavericks, r-release-osx-x86_64-snowleopard