CRAN Package Check Results for Package rEMM

Last updated on 2017-02-20 22:59:18.

Flavor Version Tinstall Tcheck Ttotal Status Flags
r-devel-linux-x86_64-debian-clang 1.0-11 1.84 43.25 45.10 NOTE
r-devel-linux-x86_64-debian-gcc 1.0-11 1.79 42.83 44.62 NOTE
r-devel-linux-x86_64-fedora-clang 1.0-11 84.13 NOTE --no-stop-on-test-error
r-devel-linux-x86_64-fedora-gcc 1.0-11 82.60 NOTE --no-stop-on-test-error
r-devel-macos-x86_64-clang 1.0-11 69.37 NOTE --no-stop-on-test-error
r-devel-windows-ix86+x86_64 1.0-11 11.00 157.00 168.00 OK
r-patched-linux-x86_64 1.0-11 1.81 38.11 39.92 OK
r-patched-solaris-sparc 1.0-11 412.00 OK
r-patched-solaris-x86 1.0-11 91.00 OK
r-release-linux-x86_64 1.0-11 1.78 37.16 38.93 OK
r-release-osx-x86_64-mavericks 1.0-11 OK
r-release-windows-ix86+x86_64 1.0-11 11.00 169.00 180.00 OK
r-oldrel-windows-ix86+x86_64 1.0-11 8.00 99.00 107.00 OK

Check Details

Version: 1.0-11
Check: compiled code
Result: NOTE
    File ‘rEMM/libs/rEMM.so’:
     Found no calls to: ‘R_registerRoutines’, ‘R_useDynamicSymbols’
    
    It is good practice to register native routines and to disable symbol
    search.
    
    See ‘Writing portable packages’ in the ‘Writing R Extensions’ manual.
Flavors: r-devel-linux-x86_64-debian-clang, r-devel-linux-x86_64-debian-gcc

Version: 1.0-11
Flags: --no-stop-on-test-error
Check: compiled code
Result: NOTE
    File ‘rEMM/libs/rEMM.so’:
     Found no calls to: ‘R_registerRoutines’, ‘R_useDynamicSymbols’
    
    It is good practice to register native routines and to disable symbol
    search.
    
    See ‘Writing portable packages’ in the ‘Writing R Extensions’ manual.
Flavors: r-devel-linux-x86_64-fedora-clang, r-devel-linux-x86_64-fedora-gcc, r-devel-macos-x86_64-clang