CRAN Package Check Results for Package rEMM

Last updated on 2014-12-20 19:48:30.

Flavor Version Tinstall Tcheck Ttotal Status Flags
r-devel-linux-x86_64-debian-clang 1.0-8 1.98 37.86 39.83 NOTE
r-devel-linux-x86_64-debian-gcc 1.0-8 1.95 37.08 39.03 NOTE
r-devel-linux-x86_64-fedora-clang 1.0-8 85.34 NOTE
r-devel-linux-x86_64-fedora-gcc 1.0-8 77.06 NOTE
r-devel-osx-x86_64-clang 1.0-8 78.35 NOTE
r-devel-windows-ix86+x86_64 1.0-8 9.00 74.00 83.00 NOTE
r-patched-linux-x86_64 1.0-8 1.99 37.93 39.92 NOTE
r-patched-solaris-sparc 1.0-8 452.40 NOTE
r-patched-solaris-x86 1.0-8 107.30 NOTE
r-release-linux-ix86 1.0-8 2.62 46.73 49.35 NOTE
r-release-linux-x86_64 1.0-8 1.98 37.57 39.55 NOTE
r-release-osx-x86_64-mavericks 1.0-8 NOTE
r-release-osx-x86_64-snowleopard 1.0-8 NOTE
r-release-windows-ix86+x86_64 1.0-8 8.00 75.00 83.00 NOTE
r-oldrel-windows-ix86+x86_64 1.0-8 10.00 81.00 91.00 OK

Check Details

Version: 1.0-8
Check: R code for possible problems
Result: NOTE
    plot,TRACDS-missing: no visible binding for global variable
     ‘layout.fruchterman.reingold’
Flavors: r-devel-linux-x86_64-debian-clang, r-devel-linux-x86_64-debian-gcc, r-devel-linux-x86_64-fedora-clang, r-devel-linux-x86_64-fedora-gcc, r-devel-osx-x86_64-clang, r-devel-windows-ix86+x86_64, r-patched-linux-x86_64, r-patched-solaris-sparc, r-patched-solaris-x86, r-release-linux-ix86, r-release-linux-x86_64, r-release-windows-ix86+x86_64

Version: 1.0-8
Check: package dependencies
Result: NOTE
    Packages suggested but not available for checking: ‘graph’ ‘Rgraphviz’
Flavors: r-release-osx-x86_64-mavericks, r-release-osx-x86_64-snowleopard