CRAN Package Check Results for Package rEMM

Last updated on 2014-08-30 11:51:34.

Flavor Version Tinstall Tcheck Ttotal Status Flags
r-devel-linux-x86_64-debian-clang 1.0-8 1.92 34.03 35.95 NOTE
r-devel-linux-x86_64-debian-gcc 1.0-8 1.83 33.71 35.54 NOTE
r-devel-linux-x86_64-fedora-clang 1.0-8 84.29 NOTE
r-devel-linux-x86_64-fedora-gcc 1.0-8 79.35 NOTE
r-devel-osx-x86_64-clang 1.0-8 75.37 NOTE
r-devel-windows-ix86+x86_64 1.0-8 9.00 71.00 80.00 NOTE
r-patched-linux-x86_64 1.0-8 2.03 36.83 38.86 OK
r-patched-solaris-sparc 1.0-8 454.20 OK
r-patched-solaris-x86 1.0-8 114.20 OK
r-release-linux-ix86 1.0-8 2.70 49.73 52.43 OK
r-release-linux-x86_64 1.0-8 2.02 37.38 39.40 OK
r-release-osx-x86_64-mavericks 1.0-8 NOTE
r-release-osx-x86_64-snowleopard 1.0-8 NOTE
r-release-windows-ix86+x86_64 1.0-8 8.00 74.00 82.00 OK
r-oldrel-windows-ix86+x86_64 1.0-8 8.00 117.00 125.00 OK

Check Details

Version: 1.0-8
Check: R code for possible problems
Result: NOTE
    plot,TRACDS-missing: no visible binding for global variable
     ‘layout.fruchterman.reingold’
Flavors: r-devel-linux-x86_64-debian-clang, r-devel-linux-x86_64-debian-gcc, r-devel-linux-x86_64-fedora-clang, r-devel-linux-x86_64-fedora-gcc, r-devel-osx-x86_64-clang, r-devel-windows-ix86+x86_64

Version: 1.0-8
Check: package dependencies
Result: NOTE
    Packages suggested but not available for checking: ‘graph’ ‘Rgraphviz’
Flavors: r-release-osx-x86_64-mavericks, r-release-osx-x86_64-snowleopard