CRAN Package Check Results for Package rFIA

Last updated on 2020-03-31 15:49:49 CEST.

Flavor Version Tinstall Tcheck Ttotal Status Flags
r-devel-linux-x86_64-debian-clang 0.2.0 38.75 145.23 183.98 ERROR
r-devel-linux-x86_64-debian-gcc 0.2.0 36.45 112.70 149.15 ERROR
r-devel-linux-x86_64-fedora-clang 0.2.0 251.46 OK
r-devel-linux-x86_64-fedora-gcc 0.2.0 245.07 OK
r-devel-windows-ix86+x86_64 0.2.0 62.00 186.00 248.00 OK
r-devel-windows-ix86+x86_64-gcc8 0.2.0 50.00 192.00 242.00 OK
r-patched-linux-x86_64 0.2.0 39.51 140.69 180.20 ERROR
r-patched-solaris-x86 0.2.0 372.60 OK
r-release-linux-x86_64 0.2.0 37.25 130.38 167.63 ERROR
r-release-windows-ix86+x86_64 0.2.0 77.00 281.00 358.00 OK
r-release-osx-x86_64 0.2.0 OK
r-oldrel-windows-ix86+x86_64 0.2.0 62.00 247.00 309.00 OK
r-oldrel-osx-x86_64 0.2.0 OK

Check Details

Version: 0.2.0
Check: examples
Result: ERROR
    Running examples in 'rFIA-Ex.R' failed
    The error most likely occurred in:
    
    > base::assign(".ptime", proc.time(), pos = "CheckExEnv")
    > ### Name: clipFIA
    > ### Title: Spatial and temporal queries for FIADB
    > ### Aliases: clipFIA
    >
    > ### ** Examples
    >
    > ## Load data from rFIA package
    > data(fiaRI)
    >
    > ## Most recent inventory
    > clipFIA(fiaRI, mostRecent = TRUE)
    ---- FIA Database Object -----
    Reporting Years: 2018
    States: RHODE ISLAND
    Total Plots: 769
    Memory Used: 12.8 Mb
    Tables: COND_DWM_CALC COND INVASIVE_SUBPLOT_SPP PLOT POP_ESTN_UNIT POP_EVAL_GRP POP_EVAL_TYP POP_EVAL POP_PLOT_STRATUM_ASSGN POP_STRATUM SEEDLING SUBP_COND_CHNG_MTRX SUBP_COND SUBPLOT SURVEY TREE_GRM_BEGIN TREE_GRM_COMPONENT TREE_GRM_MIDPT TREE mostRecent
    
    $COND_DWM_CALC
    # A tibble: 63 x 110
     CN STATECD COUNTYCD PLOT MEASYEAR INVYR CONDID EVALID PLT_CN CND_CN
     <dbl> <int> <int> <int> <int> <int> <int> <int> <dbl> <dbl>
     1 6.60e14 44 9 239 2012 2012 1 441507 2.47e14 1.95e14
     2 6.60e14 44 9 239 2012 2012 1 441607 2.47e14 1.95e14
     3 6.60e14 44 9 239 2012 2012 1 441707 2.47e14 1.95e14
     4 6.68e14 44 9 239 2012 2012 1 441807 2.47e14 1.95e14
     5 6.60e14 44 5 344 2013 2013 1 441507 1.45e13 2.52e14
     6 6.60e14 44 5 344 2013 2013 1 441607 1.45e13 2.52e14
     7 6.60e14 44 5 344 2013 2013 1 441707 1.45e13 2.52e14
     8 6.68e14 44 5 344 2013 2013 1 441807 1.45e13 2.52e14
     9 6.60e14 44 7 42 2013 2013 1 441507 1.45e13 2.52e14
    10 6.60e14 44 7 42 2013 2013 1 441607 1.45e13 2.52e14
    # ... with 53 more rows, and 100 more variables: STRATUM_CN <dbl>, PHASE <lgl>,
    # CONDPROP_CWD <dbl>, CONDPROP_FWD_SM <dbl>, CONDPROP_FWD_MD <dbl>,
    # CONDPROP_FWD_LG <dbl>, CONDPROP_DUFF <dbl>, CWD_TL_COND <dbl>,
    # CWD_TL_UNADJ <int>, CWD_TL_ADJ <dbl>, CWD_LPA_COND <lgl>,
    # CWD_LPA_UNADJ <lgl>, CWD_LPA_ADJ <lgl>, CWD_VOLCF_COND <dbl>,
    # CWD_VOLCF_UNADJ <dbl>, CWD_VOLCF_ADJ <dbl>, CWD_DRYBIO_COND <dbl>,
    # CWD_DRYBIO_UNADJ <dbl>, CWD_DRYBIO_ADJ <dbl>, CWD_CARBON_COND <dbl>,
    # CWD_CARBON_UNADJ <dbl>, CWD_CARBON_ADJ <dbl>, FWD_SM_TL_COND <dbl>,
    # FWD_SM_TL_UNADJ <dbl>, FWD_SM_TL_ADJ <dbl>, FWD_SM_CNT_COND <int>,
    # FWD_SM_VOLCF_COND <dbl>, FWD_SM_VOLCF_UNADJ <dbl>, FWD_SM_VOLCF_ADJ <dbl>,
    # FWD_SM_DRYBIO_COND <dbl>, FWD_SM_DRYBIO_UNADJ <dbl>,
    # FWD_SM_DRYBIO_ADJ <dbl>, FWD_SM_CARBON_COND <dbl>,
    # FWD_SM_CARBON_UNADJ <dbl>, FWD_SM_CARBON_ADJ <dbl>, FWD_MD_TL_COND <dbl>,
    # FWD_MD_TL_UNADJ <dbl>, FWD_MD_TL_ADJ <dbl>, FWD_MD_CNT_COND <int>,
    # FWD_MD_VOLCF_COND <dbl>, FWD_MD_VOLCF_UNADJ <dbl>, FWD_MD_VOLCF_ADJ <dbl>,
    # FWD_MD_DRYBIO_COND <dbl>, FWD_MD_DRYBIO_UNADJ <dbl>,
    # FWD_MD_DRYBIO_ADJ <dbl>, FWD_MD_CARBON_COND <dbl>,
    # FWD_MD_CARBON_UNADJ <dbl>, FWD_MD_CARBON_ADJ <dbl>, FWD_LG_TL_COND <dbl>,
    # FWD_LG_TL_UNADJ <dbl>, FWD_LG_TL_ADJ <dbl>, FWD_LG_CNT_COND <int>,
    # FWD_LG_VOLCF_COND <dbl>, FWD_LG_VOLCF_UNADJ <dbl>, FWD_LG_VOLCF_ADJ <dbl>,
    # FWD_LG_DRYBIO_COND <dbl>, FWD_LG_DRYBIO_UNADJ <dbl>,
    # FWD_LG_DRYBIO_ADJ <dbl>, FWD_LG_CARBON_COND <dbl>,
    # FWD_LG_CARBON_UNADJ <dbl>, FWD_LG_CARBON_ADJ <dbl>,
    # PILE_SAMPLE_AREA_COND <dbl>, PILE_SAMPLE_AREA_UNADJ <dbl>,
    # PILE_SAMPLE_AREA_ADJ <dbl>, PILE_VOLCF_COND <int>, PILE_VOLCF_UNADJ <int>,
    # PILE_VOLCF_ADJ <int>, PILE_DRYBIO_COND <int>, PILE_DRYBIO_UNADJ <int>,
    # PILE_DRYBIO_ADJ <int>, PILE_CARBON_COND <int>, PILE_CARBON_UNADJ <int>,
    # PILE_CARBON_ADJ <int>, FUEL_DEPTH <dbl>, FUEL_BIOMASS <lgl>,
    # FUEL_CARBON <lgl>, DUFF_DEPTH <dbl>, DUFF_BIOMASS <dbl>, DUFF_CARBON <dbl>,
    # LITTER_DEPTH <dbl>, LITTER_BIOMASS <dbl>, LITTER_CARBON <dbl>,
    # DUFF_TC_COND <int>, DUFF_TC_UNADJ <int>, DUFF_TC_ADJ <dbl>,
    # AVG_WOOD_DENSITY <dbl>, CREATED_BY <lgl>, CREATED_DATE <chr>,
    # CREATED_IN_INSTANCE <int>, MODIFIED_BY <lgl>, MODIFIED_DATE <chr>,
    # MODIFIED_IN_INSTANCE <int>, CYCLE <int>, SUBCYCLE <int>, UNITCD <int>,
    # RSCD <int>, PILE_TL_COND <dbl>, PILE_TL_UNADJ <int>, PILE_TL_ADJ <dbl>,
    # CONDPROP_PILE <dbl>
    
    $COND
    # A tibble: 668 x 156
     CN PLT_CN INVYR STATECD UNITCD COUNTYCD PLOT CONDID COND_STATUS_CD
     <dbl> <dbl> <int> <int> <int> <int> <int> <int> <int>
     1 1.64e14 1.23e14 2007 44 1 3 158 1 2
     2 1.64e14 1.23e14 2007 44 1 3 158 2 1
     3 1.64e14 1.23e14 2007 44 1 3 184 1 2
     4 1.64e14 1.23e14 2007 44 1 3 184 2 1
     5 1.64e14 1.23e14 2007 44 1 3 327 1 4
     6 1.64e14 1.23e14 2007 44 1 5 349 1 4
     7 1.64e14 1.23e14 2007 44 1 7 2 1 2
     8 1.64e14 1.23e14 2007 44 1 7 82 1 5
     9 1.64e14 1.23e14 2007 44 1 7 126 1 1
    10 1.64e14 1.23e14 2007 44 1 7 126 2 2
    # ... with 658 more rows, and 147 more variables:
    # COND_NONSAMPLE_REASN_CD <int>, RESERVCD <int>, OWNCD <int>, OWNGRPCD <int>,
    # FORINDCD <lgl>, ADFORCD <lgl>, FORTYPCD <int>, FLDTYPCD <int>,
    # MAPDEN <int>, STDAGE <int>, STDSZCD <int>, FLDSZCD <int>, SITECLCD <int>,
    # SICOND <int>, SIBASE <int>, SISP <int>, STDORGCD <int>, STDORGSP <int>,
    # PROP_BASIS <chr>, CONDPROP_UNADJ <dbl>, MICRPROP_UNADJ <dbl>,
    # SUBPPROP_UNADJ <dbl>, MACRPROP_UNADJ <lgl>, SLOPE <int>, ASPECT <int>,
    # PHYSCLCD <int>, GSSTKCD <int>, ALSTKCD <int>, DSTRBCD1 <int>,
    # DSTRBYR1 <int>, DSTRBCD2 <int>, DSTRBYR2 <int>, DSTRBCD3 <int>,
    # DSTRBYR3 <lgl>, TRTCD1 <int>, TRTYR1 <int>, TRTCD2 <int>, TRTYR2 <int>,
    # TRTCD3 <int>, TRTYR3 <lgl>, PRESNFCD <int>, BALIVE <dbl>, FLDAGE <int>,
    # ALSTK <dbl>, GSSTK <dbl>, FORTYPCDCALC <int>, HABTYPCD1 <lgl>,
    # HABTYPCD1_PUB_CD <lgl>, HABTYPCD1_DESCR_PUB_CD <lgl>, HABTYPCD2 <lgl>,
    # HABTYPCD2_PUB_CD <lgl>, HABTYPCD2_DESCR_PUB_CD <lgl>, MIXEDCONFCD <lgl>,
    # VOL_LOC_GRP <chr>, SITECLCDEST <int>, SITETREE_TREE <int>,
    # SITECL_METHOD <int>, CARBON_DOWN_DEAD <dbl>, CARBON_LITTER <dbl>,
    # CARBON_SOIL_ORG <dbl>, CARBON_STANDING_DEAD <dbl>,
    # CARBON_UNDERSTORY_AG <dbl>, CARBON_UNDERSTORY_BG <dbl>, CREATED_BY <lgl>,
    # CREATED_DATE <chr>, CREATED_IN_INSTANCE <int>, MODIFIED_BY <lgl>,
    # MODIFIED_DATE <chr>, MODIFIED_IN_INSTANCE <int>, CYCLE <int>,
    # SUBCYCLE <int>, SOIL_ROOTING_DEPTH_PNW <lgl>, GROUND_LAND_CLASS_PNW <lgl>,
    # PLANT_STOCKABILITY_FACTOR_PNW <lgl>, STND_COND_CD_PNWRS <lgl>,
    # STND_STRUC_CD_PNWRS <lgl>, STUMP_CD_PNWRS <lgl>, FIRE_SRS <lgl>,
    # GRAZING_SRS <lgl>, HARVEST_TYPE1_SRS <lgl>, HARVEST_TYPE2_SRS <lgl>,
    # HARVEST_TYPE3_SRS <lgl>, LAND_USE_SRS <lgl>, OPERABILITY_SRS <lgl>,
    # STAND_STRUCTURE_SRS <lgl>, NF_COND_STATUS_CD <lgl>,
    # NF_COND_NONSAMPLE_REASN_CD <lgl>, CANOPY_CVR_SAMPLE_METHOD_CD <int>,
    # LIVE_CANOPY_CVR_PCT <int>, LIVE_MISSING_CANOPY_CVR_PCT <int>,
    # NBR_LIVE_STEMS <int>, OWNSUBCD <lgl>, INDUSTRIALCD_FIADB <lgl>,
    # RESERVCD_5 <int>, ADMIN_WITHDRAWN_CD <lgl>, CHAINING_CD <int>,
    # LAND_COVER_CLASS_CD_RET <lgl>, AFFORESTATION_CD <int>,
    # PREV_AFFORESTATION_CD <int>, DWM_FUELBED_TYPCD <lgl>, ...
    
    $INVASIVE_SUBPLOT_SPP
    # A tibble: 16 x 21
     CN PLT_CN INVYR STATECD UNITCD COUNTYCD PLOT SUBP CONDID VEG_FLDSPCD
     <dbl> <dbl> <int> <int> <int> <int> <int> <int> <int> <chr>
     1 2.52e14 1.45e13 2013 44 1 7 169 1 1 CEOR7
     2 2.52e14 1.45e13 2013 44 1 7 169 1 1 FRAL4
     3 2.52e14 1.45e13 2013 44 1 7 169 2 1 FRAL4
     4 2.52e14 1.45e13 2013 44 1 7 169 4 1 FRAL4
     5 2.52e14 1.45e13 2013 44 1 7 169 1 1 ROMU
     6 3.07e14 1.68e14 2014 44 1 7 254 1 1 CEOR7
     7 3.07e14 1.68e14 2014 44 1 7 254 3 1 CEOR7
     8 3.07e14 1.68e14 2014 44 1 7 254 4 1 CEOR7
     9 3.07e14 1.68e14 2014 44 1 7 254 3 1 POCU6
    10 3.07e14 1.68e14 2014 44 1 7 254 4 1 RHCA3
    11 3.68e14 1.68e14 2015 44 1 7 113 1 1 BETH
    12 3.68e14 1.68e14 2015 44 1 7 113 1 1 ROMU
    13 5.31e14 3.74e14 2017 44 1 5 102 1 2 BETH
    14 5.31e14 3.74e14 2017 44 1 5 102 1 2 CEOR7
    15 5.31e14 3.74e14 2017 44 1 5 102 1 2 ROMU
    16 5.31e14 3.74e14 2017 44 1 5 102 3 2 ROMU
    # ... with 11 more variables: UNIQUE_SP_NBR <int>, VEG_SPCD <chr>,
    # COVER_PCT <int>, CREATED_BY <lgl>, CREATED_DATE <chr>,
    # CREATED_IN_INSTANCE <int>, MODIFIED_BY <lgl>, MODIFIED_DATE <chr>,
    # MODIFIED_IN_INSTANCE <int>, CYCLE <int>, SUBCYCLE <int>
    
    $PLOT
    # A tibble: 669 x 75
     CN SRV_CN CTY_CN PREV_PLT_CN INVYR STATECD UNITCD COUNTYCD PLOT
     <dbl> <dbl> <dbl> <dbl> <int> <int> <int> <int> <int>
     1 2.47e14 2.47e14 1.32e12 1.23e14 2012 44 1 3 158
     2 2.47e14 2.47e14 1.32e12 1.23e14 2012 44 1 3 184
     3 2.47e14 2.47e14 1.32e12 1.23e14 2012 44 1 3 327
     4 2.47e14 2.47e14 1.32e12 1.23e14 2012 44 1 5 349
     5 2.47e14 2.47e14 1.32e12 1.23e14 2012 44 1 7 2
     6 2.47e14 2.47e14 1.32e12 1.23e14 2012 44 1 7 82
     7 2.47e14 2.47e14 1.32e12 1.23e14 2012 44 1 7 126
     8 2.47e14 2.47e14 1.32e12 1.23e14 2012 44 1 7 177
     9 2.47e14 2.47e14 1.32e12 1.23e14 2012 44 1 7 214
    10 2.47e14 2.47e14 1.32e12 1.23e14 2012 44 1 7 246
    # ... with 659 more rows, and 66 more variables: PLOT_STATUS_CD <int>,
    # PLOT_NONSAMPLE_REASN_CD <int>, MEASYEAR <int>, MEASMON <int>,
    # MEASDAY <int>, REMPER <dbl>, KINDCD <int>, DESIGNCD <int>, RDDISTCD <int>,
    # WATERCD <int>, LAT <dbl>, LON <dbl>, ELEV <int>, GROW_TYP_CD <int>,
    # MORT_TYP_CD <int>, P2PANEL <int>, P3PANEL <int>, ECOSUBCD <chr>,
    # CONGCD <int>, MANUAL <dbl>, KINDCD_NC <lgl>, QA_STATUS <int>,
    # CREATED_BY <lgl>, CREATED_DATE <chr>, CREATED_IN_INSTANCE <int>,
    # MODIFIED_BY <lgl>, MODIFIED_DATE <chr>, MODIFIED_IN_INSTANCE <int>,
    # MICROPLOT_LOC <chr>, DECLINATION <lgl>, EMAP_HEX <int>,
    # SAMP_METHOD_CD <int>, SUBP_EXAMINE_CD <int>, MACRO_BREAKPOINT_DIA <lgl>,
    # INTENSITY <int>, CYCLE <int>, SUBCYCLE <int>, ECO_UNIT_PNW <lgl>,
    # TOPO_POSITION_PNW <lgl>, NF_SAMPLING_STATUS_CD <int>,
    # NF_PLOT_STATUS_CD <lgl>, NF_PLOT_NONSAMPLE_REASN_CD <lgl>,
    # P2VEG_SAMPLING_STATUS_CD <int>, P2VEG_SAMPLING_LEVEL_DETAIL_CD <int>,
    # INVASIVE_SAMPLING_STATUS_CD <int>, INVASIVE_SPECIMEN_RULE_CD <int>,
    # DESIGNCD_P2A <lgl>, MANUAL_DB <int>, SUBPANEL <int>,
    # COLOCATED_CD_RMRS <lgl>, CONDCHNGCD_RMRS <lgl>, FUTFORCD_RMRS <lgl>,
    # MANUAL_NCRS <lgl>, MANUAL_NERS <dbl>, MANUAL_RMRS <lgl>,
    # PAC_ISLAND_PNWRS <lgl>, PLOT_SEASON_NERS <int>, PRECIPITATION <lgl>,
    # PREV_MICROPLOT_LOC_RMRS <lgl>, PREV_PLOT_STATUS_CD_RMRS <lgl>,
    # REUSECD1 <int>, REUSECD2 <int>, REUSECD3 <int>, PLT_CN <dbl>, pltID <chr>,
    # prev <dbl>
    
    $POP_ESTN_UNIT
    # A tibble: 19 x 19
     CN EVAL_CN RSCD EVALID ESTN_UNIT ESTN_UNIT_DESCR STATECD AREALAND_EU
     <dbl> <dbl> <int> <int> <int> <chr> <int> <dbl>
     1 6.68e14 6.68e14 24 441800 2 Private Unit 1 44 NA
     2 6.68e14 6.68e14 24 441800 3 Public Unit 1 44 NA
     3 6.68e14 6.68e14 24 441801 1 Inland Census ~ 44 NA
     4 6.68e14 6.68e14 24 441801 2 Private Unit 1 44 NA
     5 6.68e14 6.68e14 24 441801 3 Public Unit 1 44 NA
     6 6.68e14 6.68e14 24 441803 1 Inland Census ~ 44 NA
     7 6.68e14 6.68e14 24 441803 2 Private Unit 1 44 NA
     8 6.68e14 6.68e14 24 441803 3 Public Unit 1 44 NA
     9 6.68e14 6.68e14 24 441807 1 Inland Census ~ 44 NA
    10 6.68e14 6.68e14 24 441807 2 Public Private~ 44 NA
    11 6.68e14 6.68e14 24 441808 1 Inland Census ~ 44 NA
    12 6.68e14 6.68e14 24 441808 2 Public Private~ 44 NA
    13 6.68e14 6.68e14 24 441812 1 Inland Census ~ 44 NA
    14 6.68e14 6.68e14 24 441812 2 Public Private~ 44 NA
    15 6.94e14 6.94e14 24 441810 1 Inland Census ~ 44 NA
    16 6.94e14 6.94e14 24 441810 2 Public Private~ 44 NA
    17 6.94e14 6.94e14 24 441809 1 Inland Census ~ 44 NA
    18 6.94e14 6.94e14 24 441809 2 Public Private~ 44 NA
    19 6.68e14 6.68e14 24 441800 1 Inland Census ~ 44 NA
    # ... with 11 more variables: AREATOT_EU <dbl>, AREA_USED <dbl>,
    # AREA_SOURCE <chr>, P1PNTCNT_EU <int>, P1SOURCE <chr>, CREATED_BY <lgl>,
    # CREATED_DATE <chr>, CREATED_IN_INSTANCE <int>, MODIFIED_BY <lgl>,
    # MODIFIED_DATE <chr>, MODIFIED_IN_INSTANCE <int>
    
    $POP_EVAL_GRP
    # A tibble: 1 x 12
     CN RSCD EVAL_GRP EVAL_GRP_DESCR STATECD NOTES CREATED_BY CREATED_DATE
     <dbl> <int> <int> <chr> <int> <chr> <lgl> <chr>
    1 6.68e14 24 442018 RHODE ISLAND ~ 44 RI: ~ NA 2019-06-10
    # ... with 4 more variables: CREATED_IN_INSTANCE <int>, MODIFIED_BY <lgl>,
    # MODIFIED_DATE <chr>, MODIFIED_IN_INSTANCE <int>
    
    $POP_EVAL_TYP
    # A tibble: 12 x 10
     CN EVAL_GRP_CN EVAL_CN EVAL_TYP CREATED_BY CREATED_DATE CREATED_IN_INST~
     <dbl> <dbl> <dbl> <chr> <lgl> <chr> <int>
     1 6.68e14 6.68e14 6.68e14 EXPALL NA 2019-06-10 126144
     2 6.68e14 6.68e14 6.68e14 EXPCURR NA 2019-06-10 126144
     3 6.68e14 6.68e14 6.68e14 EXPVOL NA 2019-06-10 126144
     4 6.68e14 6.68e14 6.68e14 EXPCHNG NA 2019-06-10 126144
     5 6.68e14 6.68e14 6.68e14 EXPGROW NA 2019-06-10 126144
     6 6.68e14 6.68e14 6.68e14 EXPMORT NA 2019-06-10 126144
     7 6.68e14 6.68e14 6.68e14 EXPREMV NA 2019-06-10 126144
     8 6.68e14 6.68e14 6.68e14 EXPDWM NA 2019-06-10 126144
     9 6.68e14 6.68e14 6.68e14 EXPREGEN NA 2019-06-10 126144
    10 6.68e14 6.68e14 6.68e14 EXPCRWN NA 2019-06-10 126144
    11 6.94e14 6.68e14 6.94e14 EXPP2VEG NA 2019-08-12 126144
    12 6.94e14 6.68e14 6.94e14 EXPINV NA 2019-08-12 126144
    # ... with 3 more variables: MODIFIED_BY <lgl>, MODIFIED_DATE <chr>,
    # MODIFIED_IN_INSTANCE <int>
    
    $POP_EVAL
    # A tibble: 8 x 21
     CN EVAL_GRP_CN RSCD EVALID EVAL_DESCR STATECD LOCATION_NM REPORT_YEAR_NM
     <dbl> <dbl> <int> <int> <chr> <int> <chr> <chr>
    1 6.68e14 6.68e14 24 441800 RHODE ISL~ 44 Rhode Isla~ 2012;2013;201~
    2 6.68e14 6.68e14 24 441801 RHODE ISL~ 44 Rhode Isla~ 2012;2013;201~
    3 6.68e14 6.68e14 24 441803 RHODE ISL~ 44 Rhode Isla~ 2012;2013;201~
    4 6.68e14 6.68e14 24 441807 RHODE ISL~ 44 Rhode Isla~ 2012;2013;201~
    5 6.68e14 6.68e14 24 441808 RHODE ISL~ 44 Rhode Isla~ 2012;2013;201~
    6 6.68e14 6.68e14 24 441812 RHODE ISL~ 44 Rhode Isla~ 2012;2013;201~
    7 6.94e14 6.68e14 24 441810 RHODE ISL~ 44 Rhode Isla~ 2012;2013;201~
    8 6.94e14 6.68e14 24 441809 RHODE ISL~ 44 Rhode Isla~ 2012;2013;201~
    # ... with 13 more variables: START_INVYR <int>, END_INVYR <int>,
    # LAND_ONLY <chr>, TIMBERLAND_ONLY <chr>, GROWTH_ACCT <chr>,
    # ESTN_METHOD <chr>, NOTES <lgl>, CREATED_BY <lgl>, CREATED_DATE <chr>,
    # CREATED_IN_INSTANCE <int>, MODIFIED_BY <lgl>, MODIFIED_DATE <chr>,
    # MODIFIED_IN_INSTANCE <int>
    
    $POP_PLOT_STRATUM_ASSGN
    # A tibble: 769 x 18
     CN STRATUM_CN PLT_CN STATECD INVYR UNITCD COUNTYCD PLOT RSCD EVALID
     <chr> <dbl> <dbl> <int> <int> <int> <int> <int> <int> <int>
     1 6681~ 6.68e14 4.46e14 44 2018 1 1 91 24 441800
     2 6681~ 6.68e14 1.68e14 44 2014 1 1 155 24 441800
     3 6681~ 6.68e14 1.45e13 44 2013 1 1 228 24 441800
     4 6681~ 6.68e14 3.05e14 44 2016 1 1 253 24 441800
     5 6681~ 6.68e14 4.46e14 44 2018 1 1 277 24 441800
     6 6681~ 6.68e14 1.68e14 44 2014 1 1 326 24 441800
     7 6681~ 6.68e14 3.05e14 44 2016 1 1 332 24 441800
     8 6681~ 6.68e14 3.74e14 44 2017 1 1 333 24 441800
     9 6681~ 6.68e14 1.45e13 44 2013 1 1 356 24 441800
    10 6681~ 6.68e14 4.46e14 44 2018 1 1 9233 24 441800
    # ... with 759 more rows, and 8 more variables: ESTN_UNIT <int>,
    # STRATUMCD <int>, CREATED_BY <lgl>, CREATED_DATE <chr>,
    # CREATED_IN_INSTANCE <int>, MODIFIED_BY <lgl>, MODIFIED_DATE <lgl>,
    # MODIFIED_IN_INSTANCE <lgl>
    
    $POP_STRATUM
    # A tibble: 31 x 29
     CN ESTN_UNIT_CN RSCD EVALID ESTN_UNIT STRATUMCD STRATUM_DESCR STATECD
     <dbl> <dbl> <int> <int> <int> <int> <chr> <int>
     1 6.68e14 6.68e14 24 441800 2 1 Canopy cover~ 44
     2 6.68e14 6.68e14 24 441800 2 2 Canopy cover~ 44
     3 6.68e14 6.68e14 24 441800 2 3 Canopy cover~ 44
     4 6.68e14 6.68e14 24 441800 2 4 Canopy cover~ 44
     5 6.68e14 6.68e14 24 441800 2 5 Canopy cover~ 44
     6 6.68e14 6.68e14 24 441800 3 12345 Canopy cover~ 44
     7 6.68e14 6.68e14 24 441801 1 12345 Canopy cover~ 44
     8 6.68e14 6.68e14 24 441801 2 1 Canopy cover~ 44
     9 6.68e14 6.68e14 24 441801 2 2 Canopy cover~ 44
    10 6.68e14 6.68e14 24 441801 2 3 Canopy cover~ 44
    # ... with 21 more rows, and 21 more variables: P1POINTCNT <int>,
    # P2POINTCNT <int>, EXPNS <dbl>, ADJ_FACTOR_MACR <int>,
    # ADJ_FACTOR_SUBP <dbl>, ADJ_FACTOR_MICR <dbl>, ADJ_FACTOR_CWD <dbl>,
    # ADJ_FACTOR_FWD_SM <dbl>, ADJ_FACTOR_FWD_LG <dbl>, ADJ_FACTOR_DUFF <dbl>,
    # CREATED_BY <lgl>, CREATED_DATE <chr>, CREATED_IN_INSTANCE <int>,
    # MODIFIED_BY <lgl>, MODIFIED_DATE <chr>, MODIFIED_IN_INSTANCE <int>,
    # ADJ_FACTOR_PILE <dbl>, ADJ_FACTOR_REGEN_MICR <dbl>,
    # ADJ_FACTOR_INV_SUBP <dbl>, ADJ_FACTOR_P2VEG_SUBP <dbl>,
    # ADJ_FACTOR_GRNDLYR_QUAD <lgl>
    
    $SEEDLING
    # A tibble: 262 x 32
     CN PLT_CN INVYR STATECD UNITCD COUNTYCD PLOT SUBP CONDID SPCD
     <dbl> <dbl> <int> <int> <int> <int> <int> <int> <int> <int>
     1 1.95e14 2.47e14 2012 44 1 7 126 1 1 129
     2 1.95e14 2.47e14 2012 44 1 7 126 1 1 372
     3 1.95e14 2.47e14 2012 44 1 7 126 3 1 129
     4 1.95e14 2.47e14 2012 44 1 7 177 3 2 407
     5 1.95e14 2.47e14 2012 44 1 7 177 3 2 421
     6 1.95e14 2.47e14 2012 44 1 7 177 3 2 806
     7 1.95e14 2.47e14 2012 44 1 7 177 3 2 931
     8 1.95e14 2.47e14 2012 44 1 7 341 2 1 129
     9 2.52e14 1.45e13 2013 44 1 1 228 1 1 316
    10 2.52e14 1.45e13 2013 44 1 1 228 1 1 693
    # ... with 252 more rows, and 22 more variables: SPGRPCD <int>, STOCKING <dbl>,
    # TREECOUNT <int>, TOTAGE <lgl>, CREATED_BY <lgl>, CREATED_DATE <chr>,
    # CREATED_IN_INSTANCE <int>, MODIFIED_BY <lgl>, MODIFIED_DATE <chr>,
    # MODIFIED_IN_INSTANCE <int>, TREECOUNT_CALC <int>, TPA_UNADJ <dbl>,
    # CYCLE <int>, SUBCYCLE <int>, DAMAGE_AGENT_CD1_SRS <lgl>,
    # PCT_AFFECTED_DAMAGE_AGENT1_SRS <lgl>, DAMAGE_AGENT_CD2_SRS <lgl>,
    # PCT_AFFECTED_DAMAGE_AGENT2_SRS <lgl>, DAMAGE_AGENT_CD3_SRS <lgl>,
    # PCT_AFFECTED_DAMAGE_AGENT3_SRS <lgl>, AGECD_RMRS <lgl>,
    # COUNTCHKCD_RMRS <lgl>
    
    $SUBP_COND_CHNG_MTRX
    # A tibble: 1,899 x 15
     CN STATECD SUBP SUBPTYP PLT_CN CONDID PREV_PLT_CN PREVCOND
     <dbl> <int> <int> <int> <dbl> <int> <dbl> <int>
     1 6.60e14 44 1 1 2.47e14 1 1.23e14 1
     2 6.60e14 44 2 1 2.47e14 1 1.23e14 1
     3 6.60e14 44 3 1 2.47e14 1 1.23e14 1
     4 6.60e14 44 4 1 2.47e14 1 1.23e14 1
     5 6.60e14 44 1 2 2.47e14 1 1.23e14 1
     6 6.60e14 44 2 2 2.47e14 1 1.23e14 1
     7 6.60e14 44 3 2 2.47e14 1 1.23e14 1
     8 6.60e14 44 4 2 2.47e14 1 1.23e14 1
     9 6.60e14 44 1 1 2.47e14 1 1.23e14 1
    10 6.60e14 44 2 1 2.47e14 1 1.23e14 1
    # ... with 1,889 more rows, and 7 more variables: SUBPTYP_PROP_CHNG <dbl>,
    # CREATED_BY <lgl>, CREATED_DATE <chr>, CREATED_IN_INSTANCE <int>,
    # MODIFIED_BY <lgl>, MODIFIED_DATE <chr>, MODIFIED_IN_INSTANCE <int>
    
    $SUBP_COND
    # A tibble: 1,088 x 22
     CN PLT_CN INVYR STATECD UNITCD COUNTYCD PLOT SUBP CONDID CREATED_BY
     <dbl> <dbl> <int> <int> <int> <int> <int> <int> <int> <lgl>
     1 1.95e14 2.47e14 2012 44 1 3 158 1 1 NA
     2 1.95e14 2.47e14 2012 44 1 3 158 2 1 NA
     3 1.95e14 2.47e14 2012 44 1 3 158 3 1 NA
     4 1.95e14 2.47e14 2012 44 1 3 158 4 1 NA
     5 1.95e14 2.47e14 2012 44 1 3 184 1 1 NA
     6 1.95e14 2.47e14 2012 44 1 3 184 2 1 NA
     7 1.95e14 2.47e14 2012 44 1 3 184 3 1 NA
     8 1.95e14 2.47e14 2012 44 1 3 184 4 1 NA
     9 1.95e14 2.47e14 2012 44 1 3 327 1 1 NA
    10 1.95e14 2.47e14 2012 44 1 3 327 2 1 NA
    # ... with 1,078 more rows, and 12 more variables: CREATED_DATE <chr>,
    # CREATED_IN_INSTANCE <int>, MODIFIED_BY <lgl>, MODIFIED_DATE <chr>,
    # MODIFIED_IN_INSTANCE <int>, MICRCOND_PROP <dbl>, SUBPCOND_PROP <dbl>,
    # MACRCOND_PROP <lgl>, NONFR_INCL_PCT_SUBP <lgl>, NONFR_INCL_PCT_MACRO <lgl>,
    # CYCLE <int>, SUBCYCLE <int>
    
    $SUBPLOT
    # A tibble: 1,048 x 52
     CN PLT_CN PREV_SBP_CN INVYR STATECD UNITCD COUNTYCD PLOT SUBP
     <dbl> <dbl> <lgl> <int> <int> <int> <int> <int> <int>
     1 1.95e14 2.47e14 NA 2012 44 1 3 158 1
     2 1.95e14 2.47e14 NA 2012 44 1 3 158 2
     3 1.95e14 2.47e14 NA 2012 44 1 3 158 3
     4 1.95e14 2.47e14 NA 2012 44 1 3 158 4
     5 1.95e14 2.47e14 NA 2012 44 1 3 184 1
     6 1.95e14 2.47e14 NA 2012 44 1 3 184 2
     7 1.95e14 2.47e14 NA 2012 44 1 3 184 3
     8 1.95e14 2.47e14 NA 2012 44 1 3 184 4
     9 1.95e14 2.47e14 NA 2012 44 1 3 327 1
    10 1.95e14 2.47e14 NA 2012 44 1 3 327 2
    # ... with 1,038 more rows, and 43 more variables: SUBP_STATUS_CD <int>,
    # POINT_NONSAMPLE_REASN_CD <int>, MICRCOND <int>, SUBPCOND <int>,
    # MACRCOND <lgl>, CONDLIST <int>, SLOPE <int>, ASPECT <int>, WATERDEP <dbl>,
    # P2A_GRM_FLG <chr>, CREATED_BY <lgl>, CREATED_DATE <chr>,
    # CREATED_IN_INSTANCE <int>, MODIFIED_BY <lgl>, MODIFIED_DATE <chr>,
    # MODIFIED_IN_INSTANCE <int>, CYCLE <int>, SUBCYCLE <int>,
    # ROOT_DIS_SEV_CD_PNWRS <lgl>, NF_SUBP_STATUS_CD <lgl>,
    # NF_SUBP_NONSAMPLE_REASN_CD <lgl>, P2VEG_SUBP_STATUS_CD <int>,
    # P2VEG_SUBP_NONSAMPLE_REASN_CD <lgl>, INVASIVE_SUBP_STATUS_CD <int>,
    # INVASIVE_NONSAMPLE_REASN_CD <lgl>, CROWN_CLOSURE_ME_NERS <lgl>,
    # GROUND_TRAN_PTS_BARE_RMRS <lgl>, GROUND_TRAN_PTS_CRYP_RMRS <lgl>,
    # GROUND_TRAN_PTS_DEV_RMRS <lgl>, GROUND_TRAN_PTS_LICHEN_RMRS <lgl>,
    # GROUND_TRAN_PTS_LITTER_RMRS <lgl>, GROUND_TRAN_PTS_MOSS_RMRS <lgl>,
    # GROUND_TRAN_PTS_NOTSAMP_RMRS <lgl>, GROUND_TRAN_PTS_OTHER_RMRS <lgl>,
    # GROUND_TRAN_PTS_PEIS_RMRS <lgl>, GROUND_TRAN_PTS_ROAD_RMRS <lgl>,
    # GROUND_TRAN_PTS_ROCK_RMRS <lgl>, GROUND_TRAN_PTS_TRIS_RMRS <lgl>,
    # GROUND_TRAN_PTS_VEG_RMRS <lgl>, GROUND_TRAN_PTS_WATER_RMRS <lgl>,
    # GROUND_TRAN_PTS_WOOD_RMRS <lgl>, PREV_STATUSCD_RMRS <lgl>,
    # ROOTSEVCD_RMRS <lgl>
    
    $SURVEY
    # A tibble: 35 x 17
     CN INVYR P3_OZONE_IND STATECD STATEAB STATENM RSCD ANN_INVENTORY NOTES
     <dbl> <int> <chr> <int> <chr> <chr> <int> <chr> <chr>
     1 1.02e13 1985 N 44 RI Rhode ~ 24 N Peri~
     2 1.59e14 1994 Y 44 RI Rhode ~ 24 Y Ozon~
     3 1.59e14 1995 Y 44 RI Rhode ~ 24 Y Ozon~
     4 1.59e14 1996 Y 44 RI Rhode ~ 24 Y Ozon~
     5 1.59e14 1997 Y 44 RI Rhode ~ 24 Y Ozon~
     6 1.02e13 1998 N 44 RI Rhode ~ 24 N Peri~
     7 1.68e14 1998 Y 44 RI Rhode ~ 24 Y Ozon~
     8 1.68e14 1999 Y 44 RI Rhode ~ 24 Y Ozon~
     9 1.59e14 2000 Y 44 RI Rhode ~ 24 Y Ozon~
    10 1.59e14 2001 Y 44 RI Rhode ~ 24 Y Ozon~
    # ... with 25 more rows, and 8 more variables: CREATED_BY <lgl>,
    # CREATED_DATE <chr>, CREATED_IN_INSTANCE <int>, MODIFIED_BY <lgl>,
    # MODIFIED_DATE <chr>, MODIFIED_IN_INSTANCE <int>, CYCLE <int>,
    # SUBCYCLE <int>
    
    $TREE_GRM_BEGIN
    # A tibble: 43 x 31
     TRE_CN PREV_TRE_CN PLT_CN STATECD SPCD DIA DIAHTCD TREE_SIZE TREECLCD
     <dbl> <dbl> <dbl> <int> <int> <dbl> <int> <chr> <int>
     1 6.38e14 1.95e14 4.46e14 44 129 7.8 1 SMALL 2
     2 6.38e14 1.95e14 4.46e14 44 806 7.4 1 SMALL 2
     3 6.38e14 1.95e14 4.46e14 44 316 10.7 1 SMALL 2
     4 6.38e14 1.95e14 4.46e14 44 316 7.7 1 SMALL 2
     5 6.38e14 1.95e14 4.46e14 44 371 7.7 1 SMALL 2
     6 6.38e14 1.95e14 4.46e14 44 833 5.5 1 SMALL 2
     7 6.57e14 2.94e13 4.46e14 44 316 6.4 1 SMALL 2
     8 3.68e14 2.25e14 1.68e14 44 316 9 1 SMALL 2
     9 3.68e14 2.25e14 1.68e14 44 837 16 1 LARGE 2
    10 4.52e14 2.45e14 3.05e14 44 316 12.8 1 LARGE 4
    # ... with 33 more rows, and 22 more variables: SUBPTYP <int>, VOLCFSND <dbl>,
    # VOLCFNET <dbl>, VOLCSNET <dbl>, VOLBFNET <dbl>, REGIONAL_DRYBIOT <dbl>,
    # REGIONAL_DRYBIOM <dbl>, REGIONAL_DRYBIOSL <dbl>, DRYBIO_BG <dbl>,
    # DRYBIO_AG <dbl>, DRYBIO_WDLD_SPP <lgl>, DRYBIO_SAPLING <dbl>,
    # DRYBIO_STUMP <dbl>, DRYBIO_BOLE <dbl>, DRYBIO_SAWLOG <dbl>,
    # DRYBIO_TOP <dbl>, CREATED_BY <lgl>, CREATED_DATE <chr>,
    # CREATED_IN_INSTANCE <int>, MODIFIED_BY <lgl>, MODIFIED_DATE <chr>,
    # MODIFIED_IN_INSTANCE <int>
    
    $TREE_GRM_COMPONENT
    # A tibble: 3,736 x 92
     TRE_CN PREV_TRE_CN PLT_CN STATECD DIA_BEGIN DIA_MIDPT DIA_END
     <dbl> <dbl> <dbl> <int> <dbl> <dbl> <dbl>
     1 1.95e14 1.64e14 2.47e14 44 NA NA NA
     2 1.95e14 1.64e14 2.47e14 44 NA NA NA
     3 1.95e14 1.64e14 2.47e14 44 NA NA NA
     4 1.95e14 1.64e14 2.47e14 44 NA NA NA
     5 1.95e14 1.64e14 2.47e14 44 NA NA NA
     6 1.95e14 1.64e14 2.47e14 44 NA NA NA
     7 1.95e14 1.64e14 2.47e14 44 NA NA NA
     8 1.95e14 1.64e14 2.47e14 44 NA NA NA
     9 1.95e14 1.64e14 2.47e14 44 NA NA NA
    10 1.95e14 1.64e14 2.47e14 44 NA NA NA
    # ... with 3,726 more rows, and 85 more variables: ANN_DIA_GROWTH <dbl>,
    # HT_BEGIN <int>, HT_MIDPT <int>, HT_END <int>, ANN_HT_GROWTH <lgl>,
    # SUBPTYP_BEGIN <int>, SUBPTYP_MIDPT <int>, SUBPTYP_END <int>,
    # STEM_COMPONENT <chr>, MICR_COMPONENT <chr>, SUBP_COMPONENT <chr>,
    # MACR_COMPONENT <chr>, GSTK_COMPONENT <chr>, SWLG_COMPONENT <chr>,
    # GSTK_BEGIN <chr>, GSTK_MIDPT <chr>, GSTK_END <chr>,
    # SWLG_DIA_THRESHOLD <int>, SWLG_BEGIN <chr>, SWLG_MIDPT <chr>,
    # SWLG_END <chr>, MICR_COMPONENT_AL_FOREST <chr>,
    # MICR_SUBPTYP_GRM_AL_FOREST <int>, MICR_TPAGROW_UNADJ_AL_FOREST <dbl>,
    # MICR_TPAREMV_UNADJ_AL_FOREST <dbl>, MICR_TPAMORT_UNADJ_AL_FOREST <dbl>,
    # SUBP_COMPONENT_AL_FOREST <chr>, SUBP_SUBPTYP_GRM_AL_FOREST <int>,
    # SUBP_TPAGROW_UNADJ_AL_FOREST <dbl>, SUBP_TPAREMV_UNADJ_AL_FOREST <dbl>,
    # SUBP_TPAMORT_UNADJ_AL_FOREST <dbl>, SUBP_COMPONENT_GS_FOREST <chr>,
    # SUBP_SUBPTYP_GRM_GS_FOREST <int>, SUBP_TPAGROW_UNADJ_GS_FOREST <dbl>,
    # SUBP_TPAREMV_UNADJ_GS_FOREST <dbl>, SUBP_TPAMORT_UNADJ_GS_FOREST <dbl>,
    # SUBP_COMPONENT_SL_FOREST <chr>, SUBP_SUBPTYP_GRM_SL_FOREST <int>,
    # SUBP_TPAGROW_UNADJ_SL_FOREST <dbl>, SUBP_TPAREMV_UNADJ_SL_FOREST <dbl>,
    # SUBP_TPAMORT_UNADJ_SL_FOREST <dbl>, MICR_COMPONENT_AL_TIMBER <chr>,
    # MICR_SUBPTYP_GRM_AL_TIMBER <int>, MICR_TPAGROW_UNADJ_AL_TIMBER <dbl>,
    # MICR_TPAREMV_UNADJ_AL_TIMBER <dbl>, MICR_TPAMORT_UNADJ_AL_TIMBER <dbl>,
    # SUBP_COMPONENT_AL_TIMBER <chr>, SUBP_SUBPTYP_GRM_AL_TIMBER <int>,
    # SUBP_TPAGROW_UNADJ_AL_TIMBER <dbl>, SUBP_TPAREMV_UNADJ_AL_TIMBER <dbl>,
    # SUBP_TPAMORT_UNADJ_AL_TIMBER <dbl>, SUBP_COMPONENT_GS_TIMBER <chr>,
    # SUBP_SUBPTYP_GRM_GS_TIMBER <int>, SUBP_TPAGROW_UNADJ_GS_TIMBER <dbl>,
    # SUBP_TPAREMV_UNADJ_GS_TIMBER <dbl>, SUBP_TPAMORT_UNADJ_GS_TIMBER <dbl>,
    # SUBP_COMPONENT_SL_TIMBER <chr>, SUBP_SUBPTYP_GRM_SL_TIMBER <int>,
    # SUBP_TPAGROW_UNADJ_SL_TIMBER <dbl>, SUBP_TPAREMV_UNADJ_SL_TIMBER <dbl>,
    # SUBP_TPAMORT_UNADJ_SL_TIMBER <dbl>, GROWCFAL_FOREST <dbl>,
    # GROWCFGS_FOREST <dbl>, GROWBFSL_FOREST <dbl>, REMVCFAL_FOREST <dbl>,
    # REMVCFGS_FOREST <dbl>, REMVBFSL_FOREST <dbl>, MORTCFAL_FOREST <dbl>,
    # MORTCFGS_FOREST <dbl>, MORTBFSL_FOREST <dbl>, GROWCFAL_TIMBER <dbl>,
    # GROWCFGS_TIMBER <dbl>, GROWBFSL_TIMBER <dbl>, REMVCFAL_TIMBER <dbl>,
    # REMVCFGS_TIMBER <dbl>, REMVBFSL_TIMBER <dbl>, MORTCFAL_TIMBER <dbl>,
    # MORTCFGS_TIMBER <dbl>, MORTBFSL_TIMBER <dbl>, CREATED_BY <lgl>,
    # CREATED_DATE <chr>, CREATED_IN_INSTANCE <int>, MODIFIED_BY <lgl>,
    # MODIFIED_DATE <chr>, MODIFIED_IN_INSTANCE <int>
    
    $TREE_GRM_MIDPT
    # A tibble: 2,957 x 30
     TRE_CN PREV_TRE_CN PLT_CN STATECD DIA DIAHTCD TREE_SIZE TREECLCD SUBPTYP
     <dbl> <dbl> <dbl> <int> <dbl> <int> <chr> <int> <int>
     1 1.95e14 1.64e14 2.47e14 44 8.15 1 SMALL 2 1
     2 1.95e14 1.64e14 2.47e14 44 1.1 1 SAPLING 2 2
     3 1.95e14 1.64e14 2.47e14 44 10.9 1 SMALL 3 1
     4 1.95e14 1.64e14 2.47e14 44 12.2 1 LARGE 2 1
     5 1.95e14 1.64e14 2.47e14 44 11.8 1 LARGE 2 1
     6 1.95e14 1.64e14 2.47e14 44 13.2 1 LARGE 3 1
     7 1.95e14 1.64e14 2.47e14 44 13.4 1 LARGE 2 1
     8 1.95e14 1.64e14 2.47e14 44 10.4 1 SMALL 4 1
     9 2.52e14 2.06e14 1.45e13 44 2.8 1 SAPLING 2 2
    10 2.52e14 2.06e14 1.45e13 44 6.25 1 SMALL 3 1
    # ... with 2,947 more rows, and 21 more variables: VOLCFSND <dbl>,
    # VOLCFNET <dbl>, VOLCSNET <dbl>, VOLBFNET <dbl>, REGIONAL_DRYBIOT <dbl>,
    # REGIONAL_DRYBIOM <dbl>, REGIONAL_DRYBIOSL <dbl>, DRYBIO_BG <dbl>,
    # DRYBIO_AG <dbl>, DRYBIO_WDLD_SPP <lgl>, DRYBIO_SAPLING <dbl>,
    # DRYBIO_STUMP <dbl>, DRYBIO_BOLE <dbl>, DRYBIO_SAWLOG <dbl>,
    # DRYBIO_TOP <dbl>, CREATED_BY <lgl>, CREATED_DATE <chr>,
    # CREATED_IN_INSTANCE <int>, MODIFIED_BY <lgl>, MODIFIED_DATE <chr>,
    # MODIFIED_IN_INSTANCE <int>
    
    $TREE
    # A tibble: 8,284 x 207
     CN PLT_CN PREV_TRE_CN INVYR STATECD UNITCD COUNTYCD PLOT SUBP TREE
     <dbl> <dbl> <dbl> <int> <int> <int> <int> <int> <int> <int>
     1 1.64e14 1.23e14 NA 2007 44 1 3 158 1 10
     2 1.64e14 1.23e14 NA 2007 44 1 3 158 1 22
     3 1.64e14 1.23e14 NA 2007 44 1 3 158 1 23
     4 1.64e14 1.23e14 NA 2007 44 1 3 158 1 24
     5 1.64e14 1.23e14 NA 2007 44 1 3 158 1 26
     6 1.64e14 1.23e14 NA 2007 44 1 3 158 1 28
     7 1.64e14 1.23e14 NA 2007 44 1 3 158 2 1
     8 1.64e14 1.23e14 NA 2007 44 1 3 158 2 2
     9 1.64e14 1.23e14 NA 2007 44 1 3 158 2 3
    10 1.64e14 1.23e14 NA 2007 44 1 3 158 2 4
    # ... with 8,274 more rows, and 197 more variables: CONDID <int>,
    # AZIMUTH <int>, DIST <dbl>, PREVCOND <int>, STATUSCD <int>, SPCD <int>,
    # SPGRPCD <int>, DIA <dbl>, DIAHTCD <int>, HT <int>, HTCD <int>,
    # ACTUALHT <int>, TREECLCD <int>, CR <int>, CCLCD <int>, TREEGRCD <int>,
    # AGENTCD <int>, CULL <int>, DAMLOC1 <int>, DAMTYP1 <int>, DAMSEV1 <int>,
    # DAMLOC2 <int>, DAMTYP2 <int>, DAMSEV2 <int>, DECAYCD <int>, STOCKING <dbl>,
    # WDLDSTEM <lgl>, VOLCFNET <dbl>, VOLCFGRS <dbl>, VOLCSNET <dbl>,
    # VOLCSGRS <dbl>, VOLBFNET <dbl>, VOLBFGRS <dbl>, VOLCFSND <dbl>,
    # GROWCFGS <dbl>, GROWBFSL <dbl>, GROWCFAL <dbl>, MORTCFGS <dbl>,
    # MORTBFSL <dbl>, MORTCFAL <dbl>, REMVCFGS <dbl>, REMVBFSL <dbl>,
    # REMVCFAL <dbl>, DIACHECK <int>, MORTYR <lgl>, SALVCD <int>, UNCRCD <int>,
    # CPOSCD <int>, CLIGHTCD <int>, CVIGORCD <int>, CDENCD <int>, CDIEBKCD <int>,
    # TRANSCD <int>, TREEHISTCD <int>, DIACALC <dbl>, BHAGE <lgl>, TOTAGE <lgl>,
    # CULLDEAD <lgl>, CULLFORM <lgl>, CULLMSTOP <lgl>, CULLBF <int>,
    # CULLCF <int>, BFSND <int>, CFSND <int>, SAWHT <int>, BOLEHT <int>,
    # FORMCL <lgl>, HTCALC <int>, HRDWD_CLUMP_CD <lgl>, SITREE <lgl>,
    # CREATED_BY <lgl>, CREATED_DATE <chr>, CREATED_IN_INSTANCE <int>,
    # MODIFIED_BY <lgl>, MODIFIED_DATE <chr>, MODIFIED_IN_INSTANCE <int>,
    # MORTCD <lgl>, HTDMP <dbl>, ROUGHCULL <int>, MIST_CL_CD <lgl>,
    # CULL_FLD <int>, RECONCILECD <int>, PREVDIA <dbl>, FGROWCFGS <dbl>,
    # FGROWBFSL <dbl>, FGROWCFAL <dbl>, FMORTCFGS <dbl>, FMORTBFSL <dbl>,
    # FMORTCFAL <dbl>, FREMVCFGS <dbl>, FREMVBFSL <dbl>, FREMVCFAL <dbl>,
    # P2A_GRM_FLG <chr>, TREECLCD_NERS <int>, TREECLCD_SRS <lgl>,
    # TREECLCD_NCRS <lgl>, TREECLCD_RMRS <lgl>, STANDING_DEAD_CD <int>,
    # PREV_STATUS_CD <int>, PREV_WDLDSTEM <lgl>, ...
    
    $mostRecent
    # A tibble: 1 x 1
     value
     <lgl>
    1 TRUE
    
    >
    > ## Only plots w/in estimation units w/in a user defined polygon
    > clipFIA(fiaRI, mask = countiesRI[1,], mostRecent = FALSE)
    Error in geos_op2_geom("intersection", x, y) :
     st_crs(x) == st_crs(y) is not TRUE
    Calls: clipFIA
    Execution halted
Flavor: r-devel-linux-x86_64-debian-clang

Version: 0.2.0
Check: examples
Result: ERROR
    Running examples in ‘rFIA-Ex.R’ failed
    The error most likely occurred in:
    
    > base::assign(".ptime", proc.time(), pos = "CheckExEnv")
    > ### Name: clipFIA
    > ### Title: Spatial and temporal queries for FIADB
    > ### Aliases: clipFIA
    >
    > ### ** Examples
    >
    > ## Load data from rFIA package
    > data(fiaRI)
    >
    > ## Most recent inventory
    > clipFIA(fiaRI, mostRecent = TRUE)
    ---- FIA Database Object -----
    Reporting Years: 2018
    States: RHODE ISLAND
    Total Plots: 769
    Memory Used: 12.8 Mb
    Tables: COND_DWM_CALC COND INVASIVE_SUBPLOT_SPP PLOT POP_ESTN_UNIT POP_EVAL_GRP POP_EVAL_TYP POP_EVAL POP_PLOT_STRATUM_ASSGN POP_STRATUM SEEDLING SUBP_COND_CHNG_MTRX SUBP_COND SUBPLOT SURVEY TREE_GRM_BEGIN TREE_GRM_COMPONENT TREE_GRM_MIDPT TREE mostRecent
    
    $COND_DWM_CALC
    # A tibble: 63 x 110
     CN STATECD COUNTYCD PLOT MEASYEAR INVYR CONDID EVALID PLT_CN CND_CN
     <dbl> <int> <int> <int> <int> <int> <int> <int> <dbl> <dbl>
     1 6.60e14 44 9 239 2012 2012 1 441507 2.47e14 1.95e14
     2 6.60e14 44 9 239 2012 2012 1 441607 2.47e14 1.95e14
     3 6.60e14 44 9 239 2012 2012 1 441707 2.47e14 1.95e14
     4 6.68e14 44 9 239 2012 2012 1 441807 2.47e14 1.95e14
     5 6.60e14 44 5 344 2013 2013 1 441507 1.45e13 2.52e14
     6 6.60e14 44 5 344 2013 2013 1 441607 1.45e13 2.52e14
     7 6.60e14 44 5 344 2013 2013 1 441707 1.45e13 2.52e14
     8 6.68e14 44 5 344 2013 2013 1 441807 1.45e13 2.52e14
     9 6.60e14 44 7 42 2013 2013 1 441507 1.45e13 2.52e14
    10 6.60e14 44 7 42 2013 2013 1 441607 1.45e13 2.52e14
    # … with 53 more rows, and 100 more variables: STRATUM_CN <dbl>, PHASE <lgl>,
    # CONDPROP_CWD <dbl>, CONDPROP_FWD_SM <dbl>, CONDPROP_FWD_MD <dbl>,
    # CONDPROP_FWD_LG <dbl>, CONDPROP_DUFF <dbl>, CWD_TL_COND <dbl>,
    # CWD_TL_UNADJ <int>, CWD_TL_ADJ <dbl>, CWD_LPA_COND <lgl>,
    # CWD_LPA_UNADJ <lgl>, CWD_LPA_ADJ <lgl>, CWD_VOLCF_COND <dbl>,
    # CWD_VOLCF_UNADJ <dbl>, CWD_VOLCF_ADJ <dbl>, CWD_DRYBIO_COND <dbl>,
    # CWD_DRYBIO_UNADJ <dbl>, CWD_DRYBIO_ADJ <dbl>, CWD_CARBON_COND <dbl>,
    # CWD_CARBON_UNADJ <dbl>, CWD_CARBON_ADJ <dbl>, FWD_SM_TL_COND <dbl>,
    # FWD_SM_TL_UNADJ <dbl>, FWD_SM_TL_ADJ <dbl>, FWD_SM_CNT_COND <int>,
    # FWD_SM_VOLCF_COND <dbl>, FWD_SM_VOLCF_UNADJ <dbl>, FWD_SM_VOLCF_ADJ <dbl>,
    # FWD_SM_DRYBIO_COND <dbl>, FWD_SM_DRYBIO_UNADJ <dbl>,
    # FWD_SM_DRYBIO_ADJ <dbl>, FWD_SM_CARBON_COND <dbl>,
    # FWD_SM_CARBON_UNADJ <dbl>, FWD_SM_CARBON_ADJ <dbl>, FWD_MD_TL_COND <dbl>,
    # FWD_MD_TL_UNADJ <dbl>, FWD_MD_TL_ADJ <dbl>, FWD_MD_CNT_COND <int>,
    # FWD_MD_VOLCF_COND <dbl>, FWD_MD_VOLCF_UNADJ <dbl>, FWD_MD_VOLCF_ADJ <dbl>,
    # FWD_MD_DRYBIO_COND <dbl>, FWD_MD_DRYBIO_UNADJ <dbl>,
    # FWD_MD_DRYBIO_ADJ <dbl>, FWD_MD_CARBON_COND <dbl>,
    # FWD_MD_CARBON_UNADJ <dbl>, FWD_MD_CARBON_ADJ <dbl>, FWD_LG_TL_COND <dbl>,
    # FWD_LG_TL_UNADJ <dbl>, FWD_LG_TL_ADJ <dbl>, FWD_LG_CNT_COND <int>,
    # FWD_LG_VOLCF_COND <dbl>, FWD_LG_VOLCF_UNADJ <dbl>, FWD_LG_VOLCF_ADJ <dbl>,
    # FWD_LG_DRYBIO_COND <dbl>, FWD_LG_DRYBIO_UNADJ <dbl>,
    # FWD_LG_DRYBIO_ADJ <dbl>, FWD_LG_CARBON_COND <dbl>,
    # FWD_LG_CARBON_UNADJ <dbl>, FWD_LG_CARBON_ADJ <dbl>,
    # PILE_SAMPLE_AREA_COND <dbl>, PILE_SAMPLE_AREA_UNADJ <dbl>,
    # PILE_SAMPLE_AREA_ADJ <dbl>, PILE_VOLCF_COND <int>, PILE_VOLCF_UNADJ <int>,
    # PILE_VOLCF_ADJ <int>, PILE_DRYBIO_COND <int>, PILE_DRYBIO_UNADJ <int>,
    # PILE_DRYBIO_ADJ <int>, PILE_CARBON_COND <int>, PILE_CARBON_UNADJ <int>,
    # PILE_CARBON_ADJ <int>, FUEL_DEPTH <dbl>, FUEL_BIOMASS <lgl>,
    # FUEL_CARBON <lgl>, DUFF_DEPTH <dbl>, DUFF_BIOMASS <dbl>, DUFF_CARBON <dbl>,
    # LITTER_DEPTH <dbl>, LITTER_BIOMASS <dbl>, LITTER_CARBON <dbl>,
    # DUFF_TC_COND <int>, DUFF_TC_UNADJ <int>, DUFF_TC_ADJ <dbl>,
    # AVG_WOOD_DENSITY <dbl>, CREATED_BY <lgl>, CREATED_DATE <chr>,
    # CREATED_IN_INSTANCE <int>, MODIFIED_BY <lgl>, MODIFIED_DATE <chr>,
    # MODIFIED_IN_INSTANCE <int>, CYCLE <int>, SUBCYCLE <int>, UNITCD <int>,
    # RSCD <int>, PILE_TL_COND <dbl>, PILE_TL_UNADJ <int>, PILE_TL_ADJ <dbl>,
    # CONDPROP_PILE <dbl>
    
    $COND
    # A tibble: 668 x 156
     CN PLT_CN INVYR STATECD UNITCD COUNTYCD PLOT CONDID COND_STATUS_CD
     <dbl> <dbl> <int> <int> <int> <int> <int> <int> <int>
     1 1.64e14 1.23e14 2007 44 1 3 158 1 2
     2 1.64e14 1.23e14 2007 44 1 3 158 2 1
     3 1.64e14 1.23e14 2007 44 1 3 184 1 2
     4 1.64e14 1.23e14 2007 44 1 3 184 2 1
     5 1.64e14 1.23e14 2007 44 1 3 327 1 4
     6 1.64e14 1.23e14 2007 44 1 5 349 1 4
     7 1.64e14 1.23e14 2007 44 1 7 2 1 2
     8 1.64e14 1.23e14 2007 44 1 7 82 1 5
     9 1.64e14 1.23e14 2007 44 1 7 126 1 1
    10 1.64e14 1.23e14 2007 44 1 7 126 2 2
    # … with 658 more rows, and 147 more variables: COND_NONSAMPLE_REASN_CD <int>,
    # RESERVCD <int>, OWNCD <int>, OWNGRPCD <int>, FORINDCD <lgl>, ADFORCD <lgl>,
    # FORTYPCD <int>, FLDTYPCD <int>, MAPDEN <int>, STDAGE <int>, STDSZCD <int>,
    # FLDSZCD <int>, SITECLCD <int>, SICOND <int>, SIBASE <int>, SISP <int>,
    # STDORGCD <int>, STDORGSP <int>, PROP_BASIS <chr>, CONDPROP_UNADJ <dbl>,
    # MICRPROP_UNADJ <dbl>, SUBPPROP_UNADJ <dbl>, MACRPROP_UNADJ <lgl>,
    # SLOPE <int>, ASPECT <int>, PHYSCLCD <int>, GSSTKCD <int>, ALSTKCD <int>,
    # DSTRBCD1 <int>, DSTRBYR1 <int>, DSTRBCD2 <int>, DSTRBYR2 <int>,
    # DSTRBCD3 <int>, DSTRBYR3 <lgl>, TRTCD1 <int>, TRTYR1 <int>, TRTCD2 <int>,
    # TRTYR2 <int>, TRTCD3 <int>, TRTYR3 <lgl>, PRESNFCD <int>, BALIVE <dbl>,
    # FLDAGE <int>, ALSTK <dbl>, GSSTK <dbl>, FORTYPCDCALC <int>,
    # HABTYPCD1 <lgl>, HABTYPCD1_PUB_CD <lgl>, HABTYPCD1_DESCR_PUB_CD <lgl>,
    # HABTYPCD2 <lgl>, HABTYPCD2_PUB_CD <lgl>, HABTYPCD2_DESCR_PUB_CD <lgl>,
    # MIXEDCONFCD <lgl>, VOL_LOC_GRP <chr>, SITECLCDEST <int>,
    # SITETREE_TREE <int>, SITECL_METHOD <int>, CARBON_DOWN_DEAD <dbl>,
    # CARBON_LITTER <dbl>, CARBON_SOIL_ORG <dbl>, CARBON_STANDING_DEAD <dbl>,
    # CARBON_UNDERSTORY_AG <dbl>, CARBON_UNDERSTORY_BG <dbl>, CREATED_BY <lgl>,
    # CREATED_DATE <chr>, CREATED_IN_INSTANCE <int>, MODIFIED_BY <lgl>,
    # MODIFIED_DATE <chr>, MODIFIED_IN_INSTANCE <int>, CYCLE <int>,
    # SUBCYCLE <int>, SOIL_ROOTING_DEPTH_PNW <lgl>, GROUND_LAND_CLASS_PNW <lgl>,
    # PLANT_STOCKABILITY_FACTOR_PNW <lgl>, STND_COND_CD_PNWRS <lgl>,
    # STND_STRUC_CD_PNWRS <lgl>, STUMP_CD_PNWRS <lgl>, FIRE_SRS <lgl>,
    # GRAZING_SRS <lgl>, HARVEST_TYPE1_SRS <lgl>, HARVEST_TYPE2_SRS <lgl>,
    # HARVEST_TYPE3_SRS <lgl>, LAND_USE_SRS <lgl>, OPERABILITY_SRS <lgl>,
    # STAND_STRUCTURE_SRS <lgl>, NF_COND_STATUS_CD <lgl>,
    # NF_COND_NONSAMPLE_REASN_CD <lgl>, CANOPY_CVR_SAMPLE_METHOD_CD <int>,
    # LIVE_CANOPY_CVR_PCT <int>, LIVE_MISSING_CANOPY_CVR_PCT <int>,
    # NBR_LIVE_STEMS <int>, OWNSUBCD <lgl>, INDUSTRIALCD_FIADB <lgl>,
    # RESERVCD_5 <int>, ADMIN_WITHDRAWN_CD <lgl>, CHAINING_CD <int>,
    # LAND_COVER_CLASS_CD_RET <lgl>, AFFORESTATION_CD <int>,
    # PREV_AFFORESTATION_CD <int>, DWM_FUELBED_TYPCD <lgl>, …
    
    $INVASIVE_SUBPLOT_SPP
    # A tibble: 16 x 21
     CN PLT_CN INVYR STATECD UNITCD COUNTYCD PLOT SUBP CONDID VEG_FLDSPCD
     <dbl> <dbl> <int> <int> <int> <int> <int> <int> <int> <chr>
     1 2.52e14 1.45e13 2013 44 1 7 169 1 1 CEOR7
     2 2.52e14 1.45e13 2013 44 1 7 169 1 1 FRAL4
     3 2.52e14 1.45e13 2013 44 1 7 169 2 1 FRAL4
     4 2.52e14 1.45e13 2013 44 1 7 169 4 1 FRAL4
     5 2.52e14 1.45e13 2013 44 1 7 169 1 1 ROMU
     6 3.07e14 1.68e14 2014 44 1 7 254 1 1 CEOR7
     7 3.07e14 1.68e14 2014 44 1 7 254 3 1 CEOR7
     8 3.07e14 1.68e14 2014 44 1 7 254 4 1 CEOR7
     9 3.07e14 1.68e14 2014 44 1 7 254 3 1 POCU6
    10 3.07e14 1.68e14 2014 44 1 7 254 4 1 RHCA3
    11 3.68e14 1.68e14 2015 44 1 7 113 1 1 BETH
    12 3.68e14 1.68e14 2015 44 1 7 113 1 1 ROMU
    13 5.31e14 3.74e14 2017 44 1 5 102 1 2 BETH
    14 5.31e14 3.74e14 2017 44 1 5 102 1 2 CEOR7
    15 5.31e14 3.74e14 2017 44 1 5 102 1 2 ROMU
    16 5.31e14 3.74e14 2017 44 1 5 102 3 2 ROMU
    # … with 11 more variables: UNIQUE_SP_NBR <int>, VEG_SPCD <chr>,
    # COVER_PCT <int>, CREATED_BY <lgl>, CREATED_DATE <chr>,
    # CREATED_IN_INSTANCE <int>, MODIFIED_BY <lgl>, MODIFIED_DATE <chr>,
    # MODIFIED_IN_INSTANCE <int>, CYCLE <int>, SUBCYCLE <int>
    
    $PLOT
    # A tibble: 669 x 75
     CN SRV_CN CTY_CN PREV_PLT_CN INVYR STATECD UNITCD COUNTYCD PLOT
     <dbl> <dbl> <dbl> <dbl> <int> <int> <int> <int> <int>
     1 2.47e14 2.47e14 1.32e12 1.23e14 2012 44 1 3 158
     2 2.47e14 2.47e14 1.32e12 1.23e14 2012 44 1 3 184
     3 2.47e14 2.47e14 1.32e12 1.23e14 2012 44 1 3 327
     4 2.47e14 2.47e14 1.32e12 1.23e14 2012 44 1 5 349
     5 2.47e14 2.47e14 1.32e12 1.23e14 2012 44 1 7 2
     6 2.47e14 2.47e14 1.32e12 1.23e14 2012 44 1 7 82
     7 2.47e14 2.47e14 1.32e12 1.23e14 2012 44 1 7 126
     8 2.47e14 2.47e14 1.32e12 1.23e14 2012 44 1 7 177
     9 2.47e14 2.47e14 1.32e12 1.23e14 2012 44 1 7 214
    10 2.47e14 2.47e14 1.32e12 1.23e14 2012 44 1 7 246
    # … with 659 more rows, and 66 more variables: PLOT_STATUS_CD <int>,
    # PLOT_NONSAMPLE_REASN_CD <int>, MEASYEAR <int>, MEASMON <int>,
    # MEASDAY <int>, REMPER <dbl>, KINDCD <int>, DESIGNCD <int>, RDDISTCD <int>,
    # WATERCD <int>, LAT <dbl>, LON <dbl>, ELEV <int>, GROW_TYP_CD <int>,
    # MORT_TYP_CD <int>, P2PANEL <int>, P3PANEL <int>, ECOSUBCD <chr>,
    # CONGCD <int>, MANUAL <dbl>, KINDCD_NC <lgl>, QA_STATUS <int>,
    # CREATED_BY <lgl>, CREATED_DATE <chr>, CREATED_IN_INSTANCE <int>,
    # MODIFIED_BY <lgl>, MODIFIED_DATE <chr>, MODIFIED_IN_INSTANCE <int>,
    # MICROPLOT_LOC <chr>, DECLINATION <lgl>, EMAP_HEX <int>,
    # SAMP_METHOD_CD <int>, SUBP_EXAMINE_CD <int>, MACRO_BREAKPOINT_DIA <lgl>,
    # INTENSITY <int>, CYCLE <int>, SUBCYCLE <int>, ECO_UNIT_PNW <lgl>,
    # TOPO_POSITION_PNW <lgl>, NF_SAMPLING_STATUS_CD <int>,
    # NF_PLOT_STATUS_CD <lgl>, NF_PLOT_NONSAMPLE_REASN_CD <lgl>,
    # P2VEG_SAMPLING_STATUS_CD <int>, P2VEG_SAMPLING_LEVEL_DETAIL_CD <int>,
    # INVASIVE_SAMPLING_STATUS_CD <int>, INVASIVE_SPECIMEN_RULE_CD <int>,
    # DESIGNCD_P2A <lgl>, MANUAL_DB <int>, SUBPANEL <int>,
    # COLOCATED_CD_RMRS <lgl>, CONDCHNGCD_RMRS <lgl>, FUTFORCD_RMRS <lgl>,
    # MANUAL_NCRS <lgl>, MANUAL_NERS <dbl>, MANUAL_RMRS <lgl>,
    # PAC_ISLAND_PNWRS <lgl>, PLOT_SEASON_NERS <int>, PRECIPITATION <lgl>,
    # PREV_MICROPLOT_LOC_RMRS <lgl>, PREV_PLOT_STATUS_CD_RMRS <lgl>,
    # REUSECD1 <int>, REUSECD2 <int>, REUSECD3 <int>, PLT_CN <dbl>, pltID <chr>,
    # prev <dbl>
    
    $POP_ESTN_UNIT
    # A tibble: 19 x 19
     CN EVAL_CN RSCD EVALID ESTN_UNIT ESTN_UNIT_DESCR STATECD AREALAND_EU
     <dbl> <dbl> <int> <int> <int> <chr> <int> <dbl>
     1 6.68e14 6.68e14 24 441800 2 Private Unit 1 44 NA
     2 6.68e14 6.68e14 24 441800 3 Public Unit 1 44 NA
     3 6.68e14 6.68e14 24 441801 1 Inland Census … 44 NA
     4 6.68e14 6.68e14 24 441801 2 Private Unit 1 44 NA
     5 6.68e14 6.68e14 24 441801 3 Public Unit 1 44 NA
     6 6.68e14 6.68e14 24 441803 1 Inland Census … 44 NA
     7 6.68e14 6.68e14 24 441803 2 Private Unit 1 44 NA
     8 6.68e14 6.68e14 24 441803 3 Public Unit 1 44 NA
     9 6.68e14 6.68e14 24 441807 1 Inland Census … 44 NA
    10 6.68e14 6.68e14 24 441807 2 Public Private… 44 NA
    11 6.68e14 6.68e14 24 441808 1 Inland Census … 44 NA
    12 6.68e14 6.68e14 24 441808 2 Public Private… 44 NA
    13 6.68e14 6.68e14 24 441812 1 Inland Census … 44 NA
    14 6.68e14 6.68e14 24 441812 2 Public Private… 44 NA
    15 6.94e14 6.94e14 24 441810 1 Inland Census … 44 NA
    16 6.94e14 6.94e14 24 441810 2 Public Private… 44 NA
    17 6.94e14 6.94e14 24 441809 1 Inland Census … 44 NA
    18 6.94e14 6.94e14 24 441809 2 Public Private… 44 NA
    19 6.68e14 6.68e14 24 441800 1 Inland Census … 44 NA
    # … with 11 more variables: AREATOT_EU <dbl>, AREA_USED <dbl>,
    # AREA_SOURCE <chr>, P1PNTCNT_EU <int>, P1SOURCE <chr>, CREATED_BY <lgl>,
    # CREATED_DATE <chr>, CREATED_IN_INSTANCE <int>, MODIFIED_BY <lgl>,
    # MODIFIED_DATE <chr>, MODIFIED_IN_INSTANCE <int>
    
    $POP_EVAL_GRP
    # A tibble: 1 x 12
     CN RSCD EVAL_GRP EVAL_GRP_DESCR STATECD NOTES CREATED_BY CREATED_DATE
     <dbl> <int> <int> <chr> <int> <chr> <lgl> <chr>
    1 6.68e14 24 442018 RHODE ISLAND … 44 RI: … NA 2019-06-10
    # … with 4 more variables: CREATED_IN_INSTANCE <int>, MODIFIED_BY <lgl>,
    # MODIFIED_DATE <chr>, MODIFIED_IN_INSTANCE <int>
    
    $POP_EVAL_TYP
    # A tibble: 12 x 10
     CN EVAL_GRP_CN EVAL_CN EVAL_TYP CREATED_BY CREATED_DATE CREATED_IN_INST…
     <dbl> <dbl> <dbl> <chr> <lgl> <chr> <int>
     1 6.68e14 6.68e14 6.68e14 EXPALL NA 2019-06-10 126144
     2 6.68e14 6.68e14 6.68e14 EXPCURR NA 2019-06-10 126144
     3 6.68e14 6.68e14 6.68e14 EXPVOL NA 2019-06-10 126144
     4 6.68e14 6.68e14 6.68e14 EXPCHNG NA 2019-06-10 126144
     5 6.68e14 6.68e14 6.68e14 EXPGROW NA 2019-06-10 126144
     6 6.68e14 6.68e14 6.68e14 EXPMORT NA 2019-06-10 126144
     7 6.68e14 6.68e14 6.68e14 EXPREMV NA 2019-06-10 126144
     8 6.68e14 6.68e14 6.68e14 EXPDWM NA 2019-06-10 126144
     9 6.68e14 6.68e14 6.68e14 EXPREGEN NA 2019-06-10 126144
    10 6.68e14 6.68e14 6.68e14 EXPCRWN NA 2019-06-10 126144
    11 6.94e14 6.68e14 6.94e14 EXPP2VEG NA 2019-08-12 126144
    12 6.94e14 6.68e14 6.94e14 EXPINV NA 2019-08-12 126144
    # … with 3 more variables: MODIFIED_BY <lgl>, MODIFIED_DATE <chr>,
    # MODIFIED_IN_INSTANCE <int>
    
    $POP_EVAL
    # A tibble: 8 x 21
     CN EVAL_GRP_CN RSCD EVALID EVAL_DESCR STATECD LOCATION_NM REPORT_YEAR_NM
     <dbl> <dbl> <int> <int> <chr> <int> <chr> <chr>
    1 6.68e14 6.68e14 24 441800 RHODE ISL… 44 Rhode Isla… 2012;2013;201…
    2 6.68e14 6.68e14 24 441801 RHODE ISL… 44 Rhode Isla… 2012;2013;201…
    3 6.68e14 6.68e14 24 441803 RHODE ISL… 44 Rhode Isla… 2012;2013;201…
    4 6.68e14 6.68e14 24 441807 RHODE ISL… 44 Rhode Isla… 2012;2013;201…
    5 6.68e14 6.68e14 24 441808 RHODE ISL… 44 Rhode Isla… 2012;2013;201…
    6 6.68e14 6.68e14 24 441812 RHODE ISL… 44 Rhode Isla… 2012;2013;201…
    7 6.94e14 6.68e14 24 441810 RHODE ISL… 44 Rhode Isla… 2012;2013;201…
    8 6.94e14 6.68e14 24 441809 RHODE ISL… 44 Rhode Isla… 2012;2013;201…
    # … with 13 more variables: START_INVYR <int>, END_INVYR <int>,
    # LAND_ONLY <chr>, TIMBERLAND_ONLY <chr>, GROWTH_ACCT <chr>,
    # ESTN_METHOD <chr>, NOTES <lgl>, CREATED_BY <lgl>, CREATED_DATE <chr>,
    # CREATED_IN_INSTANCE <int>, MODIFIED_BY <lgl>, MODIFIED_DATE <chr>,
    # MODIFIED_IN_INSTANCE <int>
    
    $POP_PLOT_STRATUM_ASSGN
    # A tibble: 769 x 18
     CN STRATUM_CN PLT_CN STATECD INVYR UNITCD COUNTYCD PLOT RSCD EVALID
     <chr> <dbl> <dbl> <int> <int> <int> <int> <int> <int> <int>
     1 6681… 6.68e14 4.46e14 44 2018 1 1 91 24 441800
     2 6681… 6.68e14 1.68e14 44 2014 1 1 155 24 441800
     3 6681… 6.68e14 1.45e13 44 2013 1 1 228 24 441800
     4 6681… 6.68e14 3.05e14 44 2016 1 1 253 24 441800
     5 6681… 6.68e14 4.46e14 44 2018 1 1 277 24 441800
     6 6681… 6.68e14 1.68e14 44 2014 1 1 326 24 441800
     7 6681… 6.68e14 3.05e14 44 2016 1 1 332 24 441800
     8 6681… 6.68e14 3.74e14 44 2017 1 1 333 24 441800
     9 6681… 6.68e14 1.45e13 44 2013 1 1 356 24 441800
    10 6681… 6.68e14 4.46e14 44 2018 1 1 9233 24 441800
    # … with 759 more rows, and 8 more variables: ESTN_UNIT <int>, STRATUMCD <int>,
    # CREATED_BY <lgl>, CREATED_DATE <chr>, CREATED_IN_INSTANCE <int>,
    # MODIFIED_BY <lgl>, MODIFIED_DATE <lgl>, MODIFIED_IN_INSTANCE <lgl>
    
    $POP_STRATUM
    # A tibble: 31 x 29
     CN ESTN_UNIT_CN RSCD EVALID ESTN_UNIT STRATUMCD STRATUM_DESCR STATECD
     <dbl> <dbl> <int> <int> <int> <int> <chr> <int>
     1 6.68e14 6.68e14 24 441800 2 1 Canopy cover… 44
     2 6.68e14 6.68e14 24 441800 2 2 Canopy cover… 44
     3 6.68e14 6.68e14 24 441800 2 3 Canopy cover… 44
     4 6.68e14 6.68e14 24 441800 2 4 Canopy cover… 44
     5 6.68e14 6.68e14 24 441800 2 5 Canopy cover… 44
     6 6.68e14 6.68e14 24 441800 3 12345 Canopy cover… 44
     7 6.68e14 6.68e14 24 441801 1 12345 Canopy cover… 44
     8 6.68e14 6.68e14 24 441801 2 1 Canopy cover… 44
     9 6.68e14 6.68e14 24 441801 2 2 Canopy cover… 44
    10 6.68e14 6.68e14 24 441801 2 3 Canopy cover… 44
    # … with 21 more rows, and 21 more variables: P1POINTCNT <int>,
    # P2POINTCNT <int>, EXPNS <dbl>, ADJ_FACTOR_MACR <int>,
    # ADJ_FACTOR_SUBP <dbl>, ADJ_FACTOR_MICR <dbl>, ADJ_FACTOR_CWD <dbl>,
    # ADJ_FACTOR_FWD_SM <dbl>, ADJ_FACTOR_FWD_LG <dbl>, ADJ_FACTOR_DUFF <dbl>,
    # CREATED_BY <lgl>, CREATED_DATE <chr>, CREATED_IN_INSTANCE <int>,
    # MODIFIED_BY <lgl>, MODIFIED_DATE <chr>, MODIFIED_IN_INSTANCE <int>,
    # ADJ_FACTOR_PILE <dbl>, ADJ_FACTOR_REGEN_MICR <dbl>,
    # ADJ_FACTOR_INV_SUBP <dbl>, ADJ_FACTOR_P2VEG_SUBP <dbl>,
    # ADJ_FACTOR_GRNDLYR_QUAD <lgl>
    
    $SEEDLING
    # A tibble: 262 x 32
     CN PLT_CN INVYR STATECD UNITCD COUNTYCD PLOT SUBP CONDID SPCD
     <dbl> <dbl> <int> <int> <int> <int> <int> <int> <int> <int>
     1 1.95e14 2.47e14 2012 44 1 7 126 1 1 129
     2 1.95e14 2.47e14 2012 44 1 7 126 1 1 372
     3 1.95e14 2.47e14 2012 44 1 7 126 3 1 129
     4 1.95e14 2.47e14 2012 44 1 7 177 3 2 407
     5 1.95e14 2.47e14 2012 44 1 7 177 3 2 421
     6 1.95e14 2.47e14 2012 44 1 7 177 3 2 806
     7 1.95e14 2.47e14 2012 44 1 7 177 3 2 931
     8 1.95e14 2.47e14 2012 44 1 7 341 2 1 129
     9 2.52e14 1.45e13 2013 44 1 1 228 1 1 316
    10 2.52e14 1.45e13 2013 44 1 1 228 1 1 693
    # … with 252 more rows, and 22 more variables: SPGRPCD <int>, STOCKING <dbl>,
    # TREECOUNT <int>, TOTAGE <lgl>, CREATED_BY <lgl>, CREATED_DATE <chr>,
    # CREATED_IN_INSTANCE <int>, MODIFIED_BY <lgl>, MODIFIED_DATE <chr>,
    # MODIFIED_IN_INSTANCE <int>, TREECOUNT_CALC <int>, TPA_UNADJ <dbl>,
    # CYCLE <int>, SUBCYCLE <int>, DAMAGE_AGENT_CD1_SRS <lgl>,
    # PCT_AFFECTED_DAMAGE_AGENT1_SRS <lgl>, DAMAGE_AGENT_CD2_SRS <lgl>,
    # PCT_AFFECTED_DAMAGE_AGENT2_SRS <lgl>, DAMAGE_AGENT_CD3_SRS <lgl>,
    # PCT_AFFECTED_DAMAGE_AGENT3_SRS <lgl>, AGECD_RMRS <lgl>,
    # COUNTCHKCD_RMRS <lgl>
    
    $SUBP_COND_CHNG_MTRX
    # A tibble: 1,899 x 15
     CN STATECD SUBP SUBPTYP PLT_CN CONDID PREV_PLT_CN PREVCOND
     <dbl> <int> <int> <int> <dbl> <int> <dbl> <int>
     1 6.60e14 44 1 1 2.47e14 1 1.23e14 1
     2 6.60e14 44 2 1 2.47e14 1 1.23e14 1
     3 6.60e14 44 3 1 2.47e14 1 1.23e14 1
     4 6.60e14 44 4 1 2.47e14 1 1.23e14 1
     5 6.60e14 44 1 2 2.47e14 1 1.23e14 1
     6 6.60e14 44 2 2 2.47e14 1 1.23e14 1
     7 6.60e14 44 3 2 2.47e14 1 1.23e14 1
     8 6.60e14 44 4 2 2.47e14 1 1.23e14 1
     9 6.60e14 44 1 1 2.47e14 1 1.23e14 1
    10 6.60e14 44 2 1 2.47e14 1 1.23e14 1
    # … with 1,889 more rows, and 7 more variables: SUBPTYP_PROP_CHNG <dbl>,
    # CREATED_BY <lgl>, CREATED_DATE <chr>, CREATED_IN_INSTANCE <int>,
    # MODIFIED_BY <lgl>, MODIFIED_DATE <chr>, MODIFIED_IN_INSTANCE <int>
    
    $SUBP_COND
    # A tibble: 1,088 x 22
     CN PLT_CN INVYR STATECD UNITCD COUNTYCD PLOT SUBP CONDID CREATED_BY
     <dbl> <dbl> <int> <int> <int> <int> <int> <int> <int> <lgl>
     1 1.95e14 2.47e14 2012 44 1 3 158 1 1 NA
     2 1.95e14 2.47e14 2012 44 1 3 158 2 1 NA
     3 1.95e14 2.47e14 2012 44 1 3 158 3 1 NA
     4 1.95e14 2.47e14 2012 44 1 3 158 4 1 NA
     5 1.95e14 2.47e14 2012 44 1 3 184 1 1 NA
     6 1.95e14 2.47e14 2012 44 1 3 184 2 1 NA
     7 1.95e14 2.47e14 2012 44 1 3 184 3 1 NA
     8 1.95e14 2.47e14 2012 44 1 3 184 4 1 NA
     9 1.95e14 2.47e14 2012 44 1 3 327 1 1 NA
    10 1.95e14 2.47e14 2012 44 1 3 327 2 1 NA
    # … with 1,078 more rows, and 12 more variables: CREATED_DATE <chr>,
    # CREATED_IN_INSTANCE <int>, MODIFIED_BY <lgl>, MODIFIED_DATE <chr>,
    # MODIFIED_IN_INSTANCE <int>, MICRCOND_PROP <dbl>, SUBPCOND_PROP <dbl>,
    # MACRCOND_PROP <lgl>, NONFR_INCL_PCT_SUBP <lgl>, NONFR_INCL_PCT_MACRO <lgl>,
    # CYCLE <int>, SUBCYCLE <int>
    
    $SUBPLOT
    # A tibble: 1,048 x 52
     CN PLT_CN PREV_SBP_CN INVYR STATECD UNITCD COUNTYCD PLOT SUBP
     <dbl> <dbl> <lgl> <int> <int> <int> <int> <int> <int>
     1 1.95e14 2.47e14 NA 2012 44 1 3 158 1
     2 1.95e14 2.47e14 NA 2012 44 1 3 158 2
     3 1.95e14 2.47e14 NA 2012 44 1 3 158 3
     4 1.95e14 2.47e14 NA 2012 44 1 3 158 4
     5 1.95e14 2.47e14 NA 2012 44 1 3 184 1
     6 1.95e14 2.47e14 NA 2012 44 1 3 184 2
     7 1.95e14 2.47e14 NA 2012 44 1 3 184 3
     8 1.95e14 2.47e14 NA 2012 44 1 3 184 4
     9 1.95e14 2.47e14 NA 2012 44 1 3 327 1
    10 1.95e14 2.47e14 NA 2012 44 1 3 327 2
    # … with 1,038 more rows, and 43 more variables: SUBP_STATUS_CD <int>,
    # POINT_NONSAMPLE_REASN_CD <int>, MICRCOND <int>, SUBPCOND <int>,
    # MACRCOND <lgl>, CONDLIST <int>, SLOPE <int>, ASPECT <int>, WATERDEP <dbl>,
    # P2A_GRM_FLG <chr>, CREATED_BY <lgl>, CREATED_DATE <chr>,
    # CREATED_IN_INSTANCE <int>, MODIFIED_BY <lgl>, MODIFIED_DATE <chr>,
    # MODIFIED_IN_INSTANCE <int>, CYCLE <int>, SUBCYCLE <int>,
    # ROOT_DIS_SEV_CD_PNWRS <lgl>, NF_SUBP_STATUS_CD <lgl>,
    # NF_SUBP_NONSAMPLE_REASN_CD <lgl>, P2VEG_SUBP_STATUS_CD <int>,
    # P2VEG_SUBP_NONSAMPLE_REASN_CD <lgl>, INVASIVE_SUBP_STATUS_CD <int>,
    # INVASIVE_NONSAMPLE_REASN_CD <lgl>, CROWN_CLOSURE_ME_NERS <lgl>,
    # GROUND_TRAN_PTS_BARE_RMRS <lgl>, GROUND_TRAN_PTS_CRYP_RMRS <lgl>,
    # GROUND_TRAN_PTS_DEV_RMRS <lgl>, GROUND_TRAN_PTS_LICHEN_RMRS <lgl>,
    # GROUND_TRAN_PTS_LITTER_RMRS <lgl>, GROUND_TRAN_PTS_MOSS_RMRS <lgl>,
    # GROUND_TRAN_PTS_NOTSAMP_RMRS <lgl>, GROUND_TRAN_PTS_OTHER_RMRS <lgl>,
    # GROUND_TRAN_PTS_PEIS_RMRS <lgl>, GROUND_TRAN_PTS_ROAD_RMRS <lgl>,
    # GROUND_TRAN_PTS_ROCK_RMRS <lgl>, GROUND_TRAN_PTS_TRIS_RMRS <lgl>,
    # GROUND_TRAN_PTS_VEG_RMRS <lgl>, GROUND_TRAN_PTS_WATER_RMRS <lgl>,
    # GROUND_TRAN_PTS_WOOD_RMRS <lgl>, PREV_STATUSCD_RMRS <lgl>,
    # ROOTSEVCD_RMRS <lgl>
    
    $SURVEY
    # A tibble: 35 x 17
     CN INVYR P3_OZONE_IND STATECD STATEAB STATENM RSCD ANN_INVENTORY NOTES
     <dbl> <int> <chr> <int> <chr> <chr> <int> <chr> <chr>
     1 1.02e13 1985 N 44 RI Rhode … 24 N Peri…
     2 1.59e14 1994 Y 44 RI Rhode … 24 Y Ozon…
     3 1.59e14 1995 Y 44 RI Rhode … 24 Y Ozon…
     4 1.59e14 1996 Y 44 RI Rhode … 24 Y Ozon…
     5 1.59e14 1997 Y 44 RI Rhode … 24 Y Ozon…
     6 1.02e13 1998 N 44 RI Rhode … 24 N Peri…
     7 1.68e14 1998 Y 44 RI Rhode … 24 Y Ozon…
     8 1.68e14 1999 Y 44 RI Rhode … 24 Y Ozon…
     9 1.59e14 2000 Y 44 RI Rhode … 24 Y Ozon…
    10 1.59e14 2001 Y 44 RI Rhode … 24 Y Ozon…
    # … with 25 more rows, and 8 more variables: CREATED_BY <lgl>,
    # CREATED_DATE <chr>, CREATED_IN_INSTANCE <int>, MODIFIED_BY <lgl>,
    # MODIFIED_DATE <chr>, MODIFIED_IN_INSTANCE <int>, CYCLE <int>,
    # SUBCYCLE <int>
    
    $TREE_GRM_BEGIN
    # A tibble: 43 x 31
     TRE_CN PREV_TRE_CN PLT_CN STATECD SPCD DIA DIAHTCD TREE_SIZE TREECLCD
     <dbl> <dbl> <dbl> <int> <int> <dbl> <int> <chr> <int>
     1 6.38e14 1.95e14 4.46e14 44 129 7.8 1 SMALL 2
     2 6.38e14 1.95e14 4.46e14 44 806 7.4 1 SMALL 2
     3 6.38e14 1.95e14 4.46e14 44 316 10.7 1 SMALL 2
     4 6.38e14 1.95e14 4.46e14 44 316 7.7 1 SMALL 2
     5 6.38e14 1.95e14 4.46e14 44 371 7.7 1 SMALL 2
     6 6.38e14 1.95e14 4.46e14 44 833 5.5 1 SMALL 2
     7 6.57e14 2.94e13 4.46e14 44 316 6.4 1 SMALL 2
     8 3.68e14 2.25e14 1.68e14 44 316 9 1 SMALL 2
     9 3.68e14 2.25e14 1.68e14 44 837 16 1 LARGE 2
    10 4.52e14 2.45e14 3.05e14 44 316 12.8 1 LARGE 4
    # … with 33 more rows, and 22 more variables: SUBPTYP <int>, VOLCFSND <dbl>,
    # VOLCFNET <dbl>, VOLCSNET <dbl>, VOLBFNET <dbl>, REGIONAL_DRYBIOT <dbl>,
    # REGIONAL_DRYBIOM <dbl>, REGIONAL_DRYBIOSL <dbl>, DRYBIO_BG <dbl>,
    # DRYBIO_AG <dbl>, DRYBIO_WDLD_SPP <lgl>, DRYBIO_SAPLING <dbl>,
    # DRYBIO_STUMP <dbl>, DRYBIO_BOLE <dbl>, DRYBIO_SAWLOG <dbl>,
    # DRYBIO_TOP <dbl>, CREATED_BY <lgl>, CREATED_DATE <chr>,
    # CREATED_IN_INSTANCE <int>, MODIFIED_BY <lgl>, MODIFIED_DATE <chr>,
    # MODIFIED_IN_INSTANCE <int>
    
    $TREE_GRM_COMPONENT
    # A tibble: 3,736 x 92
     TRE_CN PREV_TRE_CN PLT_CN STATECD DIA_BEGIN DIA_MIDPT DIA_END
     <dbl> <dbl> <dbl> <int> <dbl> <dbl> <dbl>
     1 1.95e14 1.64e14 2.47e14 44 NA NA NA
     2 1.95e14 1.64e14 2.47e14 44 NA NA NA
     3 1.95e14 1.64e14 2.47e14 44 NA NA NA
     4 1.95e14 1.64e14 2.47e14 44 NA NA NA
     5 1.95e14 1.64e14 2.47e14 44 NA NA NA
     6 1.95e14 1.64e14 2.47e14 44 NA NA NA
     7 1.95e14 1.64e14 2.47e14 44 NA NA NA
     8 1.95e14 1.64e14 2.47e14 44 NA NA NA
     9 1.95e14 1.64e14 2.47e14 44 NA NA NA
    10 1.95e14 1.64e14 2.47e14 44 NA NA NA
    # … with 3,726 more rows, and 85 more variables: ANN_DIA_GROWTH <dbl>,
    # HT_BEGIN <int>, HT_MIDPT <int>, HT_END <int>, ANN_HT_GROWTH <lgl>,
    # SUBPTYP_BEGIN <int>, SUBPTYP_MIDPT <int>, SUBPTYP_END <int>,
    # STEM_COMPONENT <chr>, MICR_COMPONENT <chr>, SUBP_COMPONENT <chr>,
    # MACR_COMPONENT <chr>, GSTK_COMPONENT <chr>, SWLG_COMPONENT <chr>,
    # GSTK_BEGIN <chr>, GSTK_MIDPT <chr>, GSTK_END <chr>,
    # SWLG_DIA_THRESHOLD <int>, SWLG_BEGIN <chr>, SWLG_MIDPT <chr>,
    # SWLG_END <chr>, MICR_COMPONENT_AL_FOREST <chr>,
    # MICR_SUBPTYP_GRM_AL_FOREST <int>, MICR_TPAGROW_UNADJ_AL_FOREST <dbl>,
    # MICR_TPAREMV_UNADJ_AL_FOREST <dbl>, MICR_TPAMORT_UNADJ_AL_FOREST <dbl>,
    # SUBP_COMPONENT_AL_FOREST <chr>, SUBP_SUBPTYP_GRM_AL_FOREST <int>,
    # SUBP_TPAGROW_UNADJ_AL_FOREST <dbl>, SUBP_TPAREMV_UNADJ_AL_FOREST <dbl>,
    # SUBP_TPAMORT_UNADJ_AL_FOREST <dbl>, SUBP_COMPONENT_GS_FOREST <chr>,
    # SUBP_SUBPTYP_GRM_GS_FOREST <int>, SUBP_TPAGROW_UNADJ_GS_FOREST <dbl>,
    # SUBP_TPAREMV_UNADJ_GS_FOREST <dbl>, SUBP_TPAMORT_UNADJ_GS_FOREST <dbl>,
    # SUBP_COMPONENT_SL_FOREST <chr>, SUBP_SUBPTYP_GRM_SL_FOREST <int>,
    # SUBP_TPAGROW_UNADJ_SL_FOREST <dbl>, SUBP_TPAREMV_UNADJ_SL_FOREST <dbl>,
    # SUBP_TPAMORT_UNADJ_SL_FOREST <dbl>, MICR_COMPONENT_AL_TIMBER <chr>,
    # MICR_SUBPTYP_GRM_AL_TIMBER <int>, MICR_TPAGROW_UNADJ_AL_TIMBER <dbl>,
    # MICR_TPAREMV_UNADJ_AL_TIMBER <dbl>, MICR_TPAMORT_UNADJ_AL_TIMBER <dbl>,
    # SUBP_COMPONENT_AL_TIMBER <chr>, SUBP_SUBPTYP_GRM_AL_TIMBER <int>,
    # SUBP_TPAGROW_UNADJ_AL_TIMBER <dbl>, SUBP_TPAREMV_UNADJ_AL_TIMBER <dbl>,
    # SUBP_TPAMORT_UNADJ_AL_TIMBER <dbl>, SUBP_COMPONENT_GS_TIMBER <chr>,
    # SUBP_SUBPTYP_GRM_GS_TIMBER <int>, SUBP_TPAGROW_UNADJ_GS_TIMBER <dbl>,
    # SUBP_TPAREMV_UNADJ_GS_TIMBER <dbl>, SUBP_TPAMORT_UNADJ_GS_TIMBER <dbl>,
    # SUBP_COMPONENT_SL_TIMBER <chr>, SUBP_SUBPTYP_GRM_SL_TIMBER <int>,
    # SUBP_TPAGROW_UNADJ_SL_TIMBER <dbl>, SUBP_TPAREMV_UNADJ_SL_TIMBER <dbl>,
    # SUBP_TPAMORT_UNADJ_SL_TIMBER <dbl>, GROWCFAL_FOREST <dbl>,
    # GROWCFGS_FOREST <dbl>, GROWBFSL_FOREST <dbl>, REMVCFAL_FOREST <dbl>,
    # REMVCFGS_FOREST <dbl>, REMVBFSL_FOREST <dbl>, MORTCFAL_FOREST <dbl>,
    # MORTCFGS_FOREST <dbl>, MORTBFSL_FOREST <dbl>, GROWCFAL_TIMBER <dbl>,
    # GROWCFGS_TIMBER <dbl>, GROWBFSL_TIMBER <dbl>, REMVCFAL_TIMBER <dbl>,
    # REMVCFGS_TIMBER <dbl>, REMVBFSL_TIMBER <dbl>, MORTCFAL_TIMBER <dbl>,
    # MORTCFGS_TIMBER <dbl>, MORTBFSL_TIMBER <dbl>, CREATED_BY <lgl>,
    # CREATED_DATE <chr>, CREATED_IN_INSTANCE <int>, MODIFIED_BY <lgl>,
    # MODIFIED_DATE <chr>, MODIFIED_IN_INSTANCE <int>
    
    $TREE_GRM_MIDPT
    # A tibble: 2,957 x 30
     TRE_CN PREV_TRE_CN PLT_CN STATECD DIA DIAHTCD TREE_SIZE TREECLCD SUBPTYP
     <dbl> <dbl> <dbl> <int> <dbl> <int> <chr> <int> <int>
     1 1.95e14 1.64e14 2.47e14 44 8.15 1 SMALL 2 1
     2 1.95e14 1.64e14 2.47e14 44 1.1 1 SAPLING 2 2
     3 1.95e14 1.64e14 2.47e14 44 10.9 1 SMALL 3 1
     4 1.95e14 1.64e14 2.47e14 44 12.2 1 LARGE 2 1
     5 1.95e14 1.64e14 2.47e14 44 11.8 1 LARGE 2 1
     6 1.95e14 1.64e14 2.47e14 44 13.2 1 LARGE 3 1
     7 1.95e14 1.64e14 2.47e14 44 13.4 1 LARGE 2 1
     8 1.95e14 1.64e14 2.47e14 44 10.4 1 SMALL 4 1
     9 2.52e14 2.06e14 1.45e13 44 2.8 1 SAPLING 2 2
    10 2.52e14 2.06e14 1.45e13 44 6.25 1 SMALL 3 1
    # … with 2,947 more rows, and 21 more variables: VOLCFSND <dbl>,
    # VOLCFNET <dbl>, VOLCSNET <dbl>, VOLBFNET <dbl>, REGIONAL_DRYBIOT <dbl>,
    # REGIONAL_DRYBIOM <dbl>, REGIONAL_DRYBIOSL <dbl>, DRYBIO_BG <dbl>,
    # DRYBIO_AG <dbl>, DRYBIO_WDLD_SPP <lgl>, DRYBIO_SAPLING <dbl>,
    # DRYBIO_STUMP <dbl>, DRYBIO_BOLE <dbl>, DRYBIO_SAWLOG <dbl>,
    # DRYBIO_TOP <dbl>, CREATED_BY <lgl>, CREATED_DATE <chr>,
    # CREATED_IN_INSTANCE <int>, MODIFIED_BY <lgl>, MODIFIED_DATE <chr>,
    # MODIFIED_IN_INSTANCE <int>
    
    $TREE
    # A tibble: 8,284 x 207
     CN PLT_CN PREV_TRE_CN INVYR STATECD UNITCD COUNTYCD PLOT SUBP TREE
     <dbl> <dbl> <dbl> <int> <int> <int> <int> <int> <int> <int>
     1 1.64e14 1.23e14 NA 2007 44 1 3 158 1 10
     2 1.64e14 1.23e14 NA 2007 44 1 3 158 1 22
     3 1.64e14 1.23e14 NA 2007 44 1 3 158 1 23
     4 1.64e14 1.23e14 NA 2007 44 1 3 158 1 24
     5 1.64e14 1.23e14 NA 2007 44 1 3 158 1 26
     6 1.64e14 1.23e14 NA 2007 44 1 3 158 1 28
     7 1.64e14 1.23e14 NA 2007 44 1 3 158 2 1
     8 1.64e14 1.23e14 NA 2007 44 1 3 158 2 2
     9 1.64e14 1.23e14 NA 2007 44 1 3 158 2 3
    10 1.64e14 1.23e14 NA 2007 44 1 3 158 2 4
    # … with 8,274 more rows, and 197 more variables: CONDID <int>, AZIMUTH <int>,
    # DIST <dbl>, PREVCOND <int>, STATUSCD <int>, SPCD <int>, SPGRPCD <int>,
    # DIA <dbl>, DIAHTCD <int>, HT <int>, HTCD <int>, ACTUALHT <int>,
    # TREECLCD <int>, CR <int>, CCLCD <int>, TREEGRCD <int>, AGENTCD <int>,
    # CULL <int>, DAMLOC1 <int>, DAMTYP1 <int>, DAMSEV1 <int>, DAMLOC2 <int>,
    # DAMTYP2 <int>, DAMSEV2 <int>, DECAYCD <int>, STOCKING <dbl>,
    # WDLDSTEM <lgl>, VOLCFNET <dbl>, VOLCFGRS <dbl>, VOLCSNET <dbl>,
    # VOLCSGRS <dbl>, VOLBFNET <dbl>, VOLBFGRS <dbl>, VOLCFSND <dbl>,
    # GROWCFGS <dbl>, GROWBFSL <dbl>, GROWCFAL <dbl>, MORTCFGS <dbl>,
    # MORTBFSL <dbl>, MORTCFAL <dbl>, REMVCFGS <dbl>, REMVBFSL <dbl>,
    # REMVCFAL <dbl>, DIACHECK <int>, MORTYR <lgl>, SALVCD <int>, UNCRCD <int>,
    # CPOSCD <int>, CLIGHTCD <int>, CVIGORCD <int>, CDENCD <int>, CDIEBKCD <int>,
    # TRANSCD <int>, TREEHISTCD <int>, DIACALC <dbl>, BHAGE <lgl>, TOTAGE <lgl>,
    # CULLDEAD <lgl>, CULLFORM <lgl>, CULLMSTOP <lgl>, CULLBF <int>,
    # CULLCF <int>, BFSND <int>, CFSND <int>, SAWHT <int>, BOLEHT <int>,
    # FORMCL <lgl>, HTCALC <int>, HRDWD_CLUMP_CD <lgl>, SITREE <lgl>,
    # CREATED_BY <lgl>, CREATED_DATE <chr>, CREATED_IN_INSTANCE <int>,
    # MODIFIED_BY <lgl>, MODIFIED_DATE <chr>, MODIFIED_IN_INSTANCE <int>,
    # MORTCD <lgl>, HTDMP <dbl>, ROUGHCULL <int>, MIST_CL_CD <lgl>,
    # CULL_FLD <int>, RECONCILECD <int>, PREVDIA <dbl>, FGROWCFGS <dbl>,
    # FGROWBFSL <dbl>, FGROWCFAL <dbl>, FMORTCFGS <dbl>, FMORTBFSL <dbl>,
    # FMORTCFAL <dbl>, FREMVCFGS <dbl>, FREMVBFSL <dbl>, FREMVCFAL <dbl>,
    # P2A_GRM_FLG <chr>, TREECLCD_NERS <int>, TREECLCD_SRS <lgl>,
    # TREECLCD_NCRS <lgl>, TREECLCD_RMRS <lgl>, STANDING_DEAD_CD <int>,
    # PREV_STATUS_CD <int>, PREV_WDLDSTEM <lgl>, …
    
    $mostRecent
    # A tibble: 1 x 1
     value
     <lgl>
    1 TRUE
    
    >
    > ## Only plots w/in estimation units w/in a user defined polygon
    > clipFIA(fiaRI, mask = countiesRI[1,], mostRecent = FALSE)
    Error in geos_op2_geom("intersection", x, y) :
     st_crs(x) == st_crs(y) is not TRUE
    Calls: clipFIA
    Execution halted
Flavors: r-devel-linux-x86_64-debian-gcc, r-patched-linux-x86_64, r-release-linux-x86_64