CRAN Package Check Results for Package rFSA

Last updated on 2022-09-25 00:49:14 CEST.

Flavor Version Tinstall Tcheck Ttotal Status Flags
r-devel-linux-x86_64-debian-clang 0.9.6 7.88 71.76 79.64 NOTE
r-devel-linux-x86_64-debian-gcc 0.9.6 5.66 54.33 59.99 NOTE
r-devel-linux-x86_64-fedora-clang 0.9.6 106.08 NOTE
r-devel-linux-x86_64-fedora-gcc 0.9.6 103.63 NOTE
r-devel-windows-x86_64 0.9.6 16.00 100.00 116.00 NOTE
r-patched-linux-x86_64 0.9.6 4.96 68.99 73.95 NOTE
r-release-linux-x86_64 0.9.6 4.94 68.42 73.36 NOTE
r-release-macos-arm64 0.9.6 25.00 NOTE
r-release-macos-x86_64 0.9.6 50.00 NOTE
r-release-windows-x86_64 0.9.6 20.00 92.00 112.00 NOTE
r-oldrel-macos-arm64 0.9.6 32.00 NOTE
r-oldrel-macos-x86_64 0.9.6 39.00 NOTE
r-oldrel-windows-ix86+x86_64 0.9.6 18.00 95.00 113.00 NOTE

Check Details

Version: 0.9.6
Check: LazyData
Result: NOTE
     'LazyData' is specified without a 'data' directory
Flavors: r-devel-linux-x86_64-debian-clang, r-devel-linux-x86_64-debian-gcc, r-devel-linux-x86_64-fedora-clang, r-devel-linux-x86_64-fedora-gcc, r-devel-windows-x86_64, r-patched-linux-x86_64, r-release-linux-x86_64, r-release-macos-arm64, r-release-macos-x86_64, r-release-windows-x86_64, r-oldrel-macos-arm64, r-oldrel-macos-x86_64, r-oldrel-windows-ix86+x86_64