CRAN Package Check Results for Package rGammaGamma

Last updated on 2019-04-23 16:50:52 CEST.

Flavor Version Tinstall Tcheck Ttotal Status Flags
r-devel-linux-x86_64-debian-clang 1.0.12 1.70 17.79 19.49 NOTE
r-devel-linux-x86_64-debian-gcc 1.0.12 1.39 14.52 15.91 NOTE
r-devel-linux-x86_64-fedora-clang 1.0.12 23.61 NOTE
r-devel-linux-x86_64-fedora-gcc 1.0.12 22.56 NOTE
r-devel-windows-ix86+x86_64 1.0.12 6.00 32.00 38.00 NOTE
r-patched-linux-x86_64 1.0.12 1.55 17.95 19.50 NOTE
r-patched-solaris-x86 1.0.12 38.00 NOTE
r-release-linux-x86_64 1.0.12 0.81 16.89 17.70 NOTE
r-release-windows-ix86+x86_64 1.0.12 2.00 28.00 30.00 NOTE
r-release-osx-x86_64 1.0.12 NOTE
r-oldrel-windows-ix86+x86_64 1.0.12 5.00 35.00 40.00 NOTE
r-oldrel-osx-x86_64 1.0.12 NOTE

Check Details

Version: 1.0.12
Check: DESCRIPTION meta-information
Result: NOTE
    Malformed Title field: should not end in a period.
Flavors: r-devel-linux-x86_64-debian-clang, r-devel-linux-x86_64-debian-gcc, r-devel-linux-x86_64-fedora-clang, r-devel-linux-x86_64-fedora-gcc, r-devel-windows-ix86+x86_64, r-patched-linux-x86_64, r-patched-solaris-x86, r-release-linux-x86_64, r-release-windows-ix86+x86_64, r-release-osx-x86_64, r-oldrel-windows-ix86+x86_64, r-oldrel-osx-x86_64

Version: 1.0.12
Check: dependencies in R code
Result: NOTE
    Package in Depends field not imported from: 'gsl'
     These packages need to be imported from (in the NAMESPACE file)
     for when this namespace is loaded but not attached.
Flavors: r-devel-linux-x86_64-debian-clang, r-devel-linux-x86_64-debian-gcc, r-devel-linux-x86_64-fedora-clang, r-devel-linux-x86_64-fedora-gcc, r-devel-windows-ix86+x86_64, r-patched-linux-x86_64, r-patched-solaris-x86, r-release-linux-x86_64, r-release-windows-ix86+x86_64, r-release-osx-x86_64, r-oldrel-windows-ix86+x86_64, r-oldrel-osx-x86_64

Version: 1.0.12
Check: R code for possible problems
Result: NOTE
    gammaIntegral: no visible global function definition for 'integrate'
    gammaIntegral : <anonymous>: no visible global function definition for
     'hyperg_1F1'
    gammaMLE: no visible global function definition for 'weighted.mean'
    gammaMME: no visible binding for global variable 'sd'
    gammaMME: no visible binding for global variable 'var'
    Undefined global functions or variables:
     hyperg_1F1 integrate sd var weighted.mean
    Consider adding
     importFrom("stats", "integrate", "sd", "var", "weighted.mean")
    to your NAMESPACE file.
Flavors: r-devel-linux-x86_64-debian-clang, r-devel-linux-x86_64-debian-gcc, r-devel-linux-x86_64-fedora-clang, r-devel-linux-x86_64-fedora-gcc, r-devel-windows-ix86+x86_64, r-patched-linux-x86_64, r-patched-solaris-x86, r-release-linux-x86_64, r-release-windows-ix86+x86_64, r-release-osx-x86_64, r-oldrel-windows-ix86+x86_64, r-oldrel-osx-x86_64