CRAN Package Check Results for Package rHpcc

Last updated on 2015-07-03 03:47:10.

Flavor Version Tinstall Tcheck Ttotal Status Flags
r-devel-linux-x86_64-debian-clang 1.0 2.01 17.34 19.35 NOTE
r-devel-linux-x86_64-debian-gcc 1.0 1.66 16.93 18.59 NOTE
r-devel-linux-x86_64-fedora-clang 1.0 37.01 NOTE
r-devel-linux-x86_64-fedora-gcc 1.0 35.33 NOTE
r-devel-osx-x86_64-clang 1.0 33.60 NOTE
r-devel-windows-ix86+x86_64 1.0 6.00 27.00 33.00 NOTE
r-patched-linux-x86_64 1.0 2.53 17.25 19.78 NOTE
r-patched-solaris-sparc 1.0 243.20 NOTE
r-patched-solaris-x86 1.0 52.90 NOTE
r-release-linux-x86_64 1.0 1.96 17.42 19.38 NOTE
r-release-osx-x86_64-mavericks 1.0 NOTE
r-release-windows-ix86+x86_64 1.0 6.00 31.00 37.00 NOTE
r-oldrel-windows-ix86+x86_64 1.0 8.00 34.00 42.00 NOTE

Check Details

Version: 1.0
Check: dependencies in R code
Result: NOTE
    Packages in Depends field not imported from:
     ‘RCurl’ ‘XML’ ‘methods’
     These packages need to be imported from (in the NAMESPACE file)
     for when this namespace is loaded but not attached.
Flavors: r-devel-linux-x86_64-debian-clang, r-devel-linux-x86_64-debian-gcc, r-devel-linux-x86_64-fedora-clang, r-devel-linux-x86_64-fedora-gcc, r-devel-osx-x86_64-clang, r-devel-windows-ix86+x86_64, r-patched-linux-x86_64, r-patched-solaris-sparc, r-patched-solaris-x86, r-release-linux-x86_64, r-release-osx-x86_64-mavericks, r-release-windows-ix86+x86_64, r-oldrel-windows-ix86+x86_64

Version: 1.0
Check: R code for possible problems
Result: NOTE
    ECL: no visible global function definition for ‘new’
    ECLDataset: no visible global function definition for ‘new’
    ECLDedUp: no visible global function definition for ‘new’
    ECLDistribute: no visible global function definition for ‘new’
    ECLIterate: no visible global function definition for ‘new’
    ECLJoin: no visible global function definition for ‘new’
    ECLOutput: no visible global function definition for ‘new’
    ECLProject: no visible global function definition for ‘new’
    ECLRecord: no visible global function definition for ‘new’
    ECLRollUp: no visible global function definition for ‘new’
    ECLSort: no visible global function definition for ‘new’
    ECLTOPN: no visible global function definition for ‘new’
    ECLTable: no visible global function definition for ‘new’
    ECLTransform: no visible global function definition for ‘new’
    eclDirectCall: no visible global function definition for ‘postForm’
    parseResults: no visible global function definition for ‘xmlRoot’
    parseResults: no visible global function definition for ‘xmlTreeParse’
    parseResults: no visible global function definition for ‘getNodeSet’
    parseResults: no visible global function definition for ‘xmlGetAttr’
    parseResults: no visible global function definition for ‘xmlValue’
    parseResults: no visible global function definition for ‘write.table’
    Undefined global functions or variables:
     getNodeSet new postForm write.table xmlGetAttr xmlRoot xmlTreeParse
     xmlValue
Flavors: r-devel-linux-x86_64-debian-clang, r-devel-linux-x86_64-fedora-clang, r-devel-linux-x86_64-fedora-gcc

Version: 1.0
Check: R code for possible problems
Result: NOTE
    ECL: no visible global function definition for ‘new’
    ECLDataset: no visible global function definition for ‘new’
    ECLDedUp: no visible global function definition for ‘new’
    ECLDistribute: no visible global function definition for ‘new’
    ECLIterate: no visible global function definition for ‘new’
    ECLJoin: no visible global function definition for ‘new’
    ECLOutput: no visible global function definition for ‘new’
    ECLProject: no visible global function definition for ‘new’
    ECLRecord: no visible global function definition for ‘new’
    ECLRollUp: no visible global function definition for ‘new’
    ECLSort: no visible global function definition for ‘new’
    ECLTOPN: no visible global function definition for ‘new’
    ECLTable: no visible global function definition for ‘new’
    ECLTransform: no visible global function definition for ‘new’
    eclDirectCall: no visible global function definition for ‘postForm’
    parseResults: no visible global function definition for ‘xmlRoot’
    parseResults: no visible global function definition for ‘xmlTreeParse’
    parseResults: no visible global function definition for ‘getNodeSet’
    parseResults: no visible global function definition for ‘xmlGetAttr’
    parseResults: no visible global function definition for ‘xmlValue’
    parseResults: no visible global function definition for ‘write.table’
Flavors: r-devel-linux-x86_64-debian-gcc, r-devel-windows-ix86+x86_64

Version: 1.0
Check: R code for possible problems
Result: NOTE
    eclDirectCall: no visible global function definition for ‘postForm’
    parseResults: no visible global function definition for ‘xmlRoot’
    parseResults: no visible global function definition for ‘xmlTreeParse’
    parseResults: no visible global function definition for ‘getNodeSet’
    parseResults: no visible global function definition for ‘xmlGetAttr’
    parseResults: no visible global function definition for ‘xmlValue’
    Undefined global functions or variables:
     getNodeSet postForm xmlGetAttr xmlRoot xmlTreeParse xmlValue
Flavor: r-devel-osx-x86_64-clang

Version: 1.0
Check: R code for possible problems
Result: NOTE
    eclDirectCall: no visible global function definition for ‘postForm’
    parseResults: no visible global function definition for ‘xmlRoot’
    parseResults: no visible global function definition for ‘xmlTreeParse’
    parseResults: no visible global function definition for ‘getNodeSet’
    parseResults: no visible global function definition for ‘xmlGetAttr’
    parseResults: no visible global function definition for ‘xmlValue’
Flavors: r-patched-linux-x86_64, r-patched-solaris-sparc, r-patched-solaris-x86, r-release-linux-x86_64, r-release-osx-x86_64-mavericks, r-release-windows-ix86+x86_64, r-oldrel-windows-ix86+x86_64