CRAN Package Check Results for Package rHpcc

Last updated on 2015-05-27 11:49:33.

Flavor Version Tinstall Tcheck Ttotal Status Flags
r-devel-linux-x86_64-debian-clang 1.0 1.73 17.18 18.91 NOTE
r-devel-linux-x86_64-debian-gcc 1.0 1.70 16.74 18.44 NOTE
r-devel-linux-x86_64-fedora-clang 1.0 38.55 NOTE
r-devel-linux-x86_64-fedora-gcc 1.0 35.89 NOTE
r-devel-osx-x86_64-clang 1.0 39.20 NOTE
r-devel-windows-ix86+x86_64 1.0 6.00 30.00 36.00 NOTE
r-patched-linux-x86_64 1.0 1.66 16.89 18.55 NOTE
r-patched-solaris-sparc 1.0 243.20 NOTE
r-patched-solaris-x86 1.0 53.50 NOTE
r-release-linux-x86_64 1.0 2.26 17.36 19.62 NOTE
r-release-osx-x86_64-mavericks 1.0 NOTE
r-release-osx-x86_64-snowleopard 1.0 ERROR
r-release-windows-ix86+x86_64 1.0 6.00 29.00 35.00 NOTE
r-oldrel-windows-ix86+x86_64 1.0 8.00 33.00 41.00 NOTE

Check Details

Version: 1.0
Check: dependencies in R code
Result: NOTE
    Packages in Depends field not imported from:
     ‘RCurl’ ‘XML’ ‘methods’
     These packages need to be imported from (in the NAMESPACE file)
     for when this namespace is loaded but not attached.
Flavors: r-devel-linux-x86_64-debian-clang, r-devel-linux-x86_64-debian-gcc, r-devel-linux-x86_64-fedora-clang, r-devel-linux-x86_64-fedora-gcc, r-devel-osx-x86_64-clang, r-devel-windows-ix86+x86_64, r-patched-linux-x86_64, r-patched-solaris-sparc, r-patched-solaris-x86, r-release-linux-x86_64, r-release-osx-x86_64-mavericks, r-release-windows-ix86+x86_64, r-oldrel-windows-ix86+x86_64

Version: 1.0
Check: R code for possible problems
Result: NOTE
    eclDirectCall: no visible global function definition for ‘postForm’
    parseResults: no visible global function definition for ‘xmlRoot’
    parseResults: no visible global function definition for ‘xmlTreeParse’
    parseResults: no visible global function definition for ‘getNodeSet’
    parseResults: no visible global function definition for ‘xmlGetAttr’
    parseResults: no visible global function definition for ‘xmlValue’
Flavors: r-devel-linux-x86_64-debian-clang, r-devel-linux-x86_64-debian-gcc, r-devel-linux-x86_64-fedora-clang, r-devel-linux-x86_64-fedora-gcc, r-devel-osx-x86_64-clang, r-devel-windows-ix86+x86_64, r-patched-linux-x86_64, r-patched-solaris-sparc, r-patched-solaris-x86, r-release-linux-x86_64, r-release-osx-x86_64-mavericks, r-release-windows-ix86+x86_64, r-oldrel-windows-ix86+x86_64

Version: 1.0
Check: package dependencies
Result: ERROR
    Package required but not available: ‘XML’
    
    See section ‘The DESCRIPTION file’ in the ‘Writing R Extensions’
    manual.
Flavor: r-release-osx-x86_64-snowleopard