CRAN Package Check Results for Package rHpcc

Last updated on 2014-10-25 23:46:51.

Flavor Version Tinstall Tcheck Ttotal Status Flags
r-devel-linux-x86_64-debian-clang 1.0 2.09 20.83 22.92 NOTE
r-devel-linux-x86_64-debian-gcc 1.0 1.96 20.93 22.88 NOTE
r-devel-linux-x86_64-fedora-clang 1.0 48.02 NOTE
r-devel-linux-x86_64-fedora-gcc 1.0 44.43 NOTE
r-devel-osx-x86_64-clang 1.0 46.56 NOTE
r-devel-windows-ix86+x86_64 1.0 6.00 32.00 38.00 NOTE
r-patched-linux-x86_64 1.0 2.22 20.78 22.99 NOTE
r-patched-solaris-sparc 1.0 273.90 NOTE
r-patched-solaris-x86 1.0 65.50 NOTE
r-release-linux-ix86 1.0 2.66 28.40 31.06 NOTE
r-release-linux-x86_64 1.0 2.17 21.66 23.83 NOTE
r-release-osx-x86_64-mavericks 1.0 NOTE
r-release-osx-x86_64-snowleopard 1.0 OK
r-release-windows-ix86+x86_64 1.0 6.00 45.00 51.00 NOTE
r-oldrel-windows-ix86+x86_64 1.0 10.00 44.00 54.00 NOTE

Check Details

Version: 1.0
Check: dependencies in R code
Result: NOTE
    Packages in Depends field not imported from:
     ‘RCurl’ ‘XML’ ‘methods’
     These packages need to be imported from (in the NAMESPACE file)
     for when this namespace is loaded but not attached.
    See the information on DESCRIPTION files in the chapter ‘Creating R
    packages’ of the ‘Writing R Extensions’ manual.
Flavors: r-devel-linux-x86_64-debian-clang, r-devel-linux-x86_64-debian-gcc, r-devel-linux-x86_64-fedora-clang, r-devel-linux-x86_64-fedora-gcc, r-devel-osx-x86_64-clang, r-devel-windows-ix86+x86_64, r-patched-linux-x86_64, r-patched-solaris-sparc, r-patched-solaris-x86, r-release-linux-ix86, r-release-linux-x86_64, r-release-osx-x86_64-mavericks, r-release-windows-ix86+x86_64, r-oldrel-windows-ix86+x86_64

Version: 1.0
Check: R code for possible problems
Result: NOTE
    eclDirectCall: no visible global function definition for ‘postForm’
    parseResults: no visible global function definition for ‘xmlRoot’
    parseResults: no visible global function definition for ‘xmlTreeParse’
    parseResults: no visible global function definition for ‘getNodeSet’
    parseResults: no visible global function definition for ‘xmlGetAttr’
    parseResults: no visible global function definition for ‘xmlValue’
Flavors: r-devel-linux-x86_64-debian-clang, r-devel-linux-x86_64-debian-gcc, r-devel-linux-x86_64-fedora-clang, r-devel-linux-x86_64-fedora-gcc, r-devel-osx-x86_64-clang, r-devel-windows-ix86+x86_64, r-patched-linux-x86_64, r-patched-solaris-sparc, r-patched-solaris-x86