CRAN Package Check Results for Package rHpcc

Last updated on 2014-04-21 09:48:08.

Flavor Version Tinstall Tcheck Ttotal Status Flags
r-devel-linux-x86_64-debian-clang 1.0 2.24 22.14 24.38 NOTE
r-devel-linux-x86_64-debian-gcc 1.0 2.20 21.68 23.88 NOTE
r-devel-linux-x86_64-fedora-clang 1.0 50.37 NOTE
r-devel-linux-x86_64-fedora-gcc 1.0 47.10 NOTE
r-devel-macosx-x86_64-clang 1.0 47.27 NOTE
r-devel-macosx-x86_64-gcc 1.0 ERROR
r-devel-windows-ix86+x86_64 1.0 6.00 32.00 38.00 NOTE
r-patched-linux-x86_64 1.0 2.18 21.35 23.53 NOTE
r-patched-solaris-sparc 1.0 274.20 NOTE
r-patched-solaris-x86 1.0 66.10 NOTE
r-release-linux-ix86 NOTE
r-release-linux-x86_64 1.0 2.20 22.01 24.21 NOTE
r-release-macosx-x86_64 1.0 OK
r-release-windows-ix86+x86_64 1.0 10.00 43.00 53.00 NOTE
r-oldrel-windows-ix86+x86_64 1.0 7.00 49.00 56.00 NOTE

Check Details

Version: 1.0
Check: dependencies in R code
Result: NOTE
    Packages in Depends field not imported from:
     ‘RCurl’ ‘XML’ ‘methods’
     These packages need to be imported from (in the NAMESPACE file)
     for when this namespace is loaded but not attached.
    See the information on DESCRIPTION files in the chapter ‘Creating R
    packages’ of the ‘Writing R Extensions’ manual.
Flavors: r-devel-linux-x86_64-debian-clang, r-devel-linux-x86_64-debian-gcc, r-devel-linux-x86_64-fedora-clang, r-devel-linux-x86_64-fedora-gcc, r-devel-macosx-x86_64-clang, r-devel-windows-ix86+x86_64, r-patched-linux-x86_64, r-patched-solaris-sparc, r-patched-solaris-x86, r-release-linux-ix86, r-release-linux-x86_64, r-release-windows-ix86+x86_64, r-oldrel-windows-ix86+x86_64

Version: 1.0
Check: package dependencies
Result: ERROR
    Package required but not available: ‘XML’
    
    See the information on DESCRIPTION files in the chapter ‘Creating R
    packages’ of the ‘Writing R Extensions’ manual.
Flavor: r-devel-macosx-x86_64-gcc