CRAN Package Check Results for Package rHpcc

Last updated on 2015-04-19 11:51:19.

Flavor Version Tinstall Tcheck Ttotal Status Flags
r-devel-linux-x86_64-debian-clang 1.0 1.85 17.50 19.35 NOTE
r-devel-linux-x86_64-debian-gcc 1.0 1.72 17.23 18.94 NOTE
r-devel-linux-x86_64-fedora-clang 1.0 38.60 NOTE
r-devel-linux-x86_64-fedora-gcc 1.0 37.37 NOTE
r-devel-osx-x86_64-clang 1.0 39.42 NOTE
r-devel-windows-ix86+x86_64 1.0 8.00 40.00 48.00 NOTE
r-patched-linux-x86_64 1.0 1.71 17.50 19.22 NOTE
r-patched-solaris-sparc 1.0 233.80 NOTE
r-patched-solaris-x86 1.0 53.10 NOTE
r-release-linux-x86_64 1.0 2.18 17.00 19.18 NOTE
r-release-osx-x86_64-mavericks 1.0 NOTE
r-release-osx-x86_64-snowleopard 1.0 ERROR
r-release-windows-ix86+x86_64 1.0 5.00 32.00 37.00 NOTE
r-oldrel-windows-ix86+x86_64 1.0 8.00 33.00 41.00 NOTE

Check Details

Version: 1.0
Check: dependencies in R code
Result: NOTE
    Packages in Depends field not imported from:
     ‘RCurl’ ‘XML’ ‘methods’
     These packages need to be imported from (in the NAMESPACE file)
     for when this namespace is loaded but not attached.
Flavors: r-devel-linux-x86_64-debian-clang, r-devel-linux-x86_64-debian-gcc, r-devel-linux-x86_64-fedora-clang, r-devel-linux-x86_64-fedora-gcc, r-devel-osx-x86_64-clang, r-devel-windows-ix86+x86_64, r-patched-linux-x86_64, r-patched-solaris-sparc, r-patched-solaris-x86, r-release-linux-x86_64, r-release-osx-x86_64-mavericks, r-release-windows-ix86+x86_64, r-oldrel-windows-ix86+x86_64

Version: 1.0
Check: R code for possible problems
Result: NOTE
    eclDirectCall: no visible global function definition for ‘postForm’
    parseResults: no visible global function definition for ‘xmlRoot’
    parseResults: no visible global function definition for ‘xmlTreeParse’
    parseResults: no visible global function definition for ‘getNodeSet’
    parseResults: no visible global function definition for ‘xmlGetAttr’
    parseResults: no visible global function definition for ‘xmlValue’
Flavors: r-devel-linux-x86_64-debian-clang, r-devel-linux-x86_64-debian-gcc, r-devel-linux-x86_64-fedora-clang, r-devel-linux-x86_64-fedora-gcc, r-devel-osx-x86_64-clang, r-devel-windows-ix86+x86_64, r-patched-linux-x86_64, r-patched-solaris-sparc, r-patched-solaris-x86, r-release-linux-x86_64, r-release-osx-x86_64-mavericks, r-release-windows-ix86+x86_64, r-oldrel-windows-ix86+x86_64

Version: 1.0
Check: package dependencies
Result: ERROR
    Package required but not available: ‘XML’
    
    See section ‘The DESCRIPTION file’ in the ‘Writing R Extensions’
    manual.
Flavor: r-release-osx-x86_64-snowleopard