CRAN Package Check Results for Package rHpcc

Last updated on 2014-07-25 07:53:21.

Flavor Version Tinstall Tcheck Ttotal Status Flags
r-devel-linux-x86_64-debian-clang 1.0 2.12 20.46 22.58 NOTE
r-devel-linux-x86_64-debian-gcc 1.0 2.17 20.57 22.74 NOTE
r-devel-linux-x86_64-fedora-clang 1.0 50.75 NOTE
r-devel-linux-x86_64-fedora-gcc 1.0 48.58 NOTE
r-devel-osx-x86_64-clang 1.0 46.02 NOTE
r-devel-windows-ix86+x86_64 1.0 6.00 31.00 37.00 NOTE
r-patched-linux-x86_64 1.0 2.61 20.70 23.31 NOTE
r-patched-solaris-sparc 1.0 274.20 NOTE
r-patched-solaris-x86 1.0 65.20 NOTE
r-release-linux-ix86 1.0 3.09 28.07 31.16 NOTE
r-release-linux-x86_64 1.0 2.36 21.02 23.38 NOTE
r-release-osx-x86_64-mavericks 1.0 NOTE
r-release-osx-x86_64-snowleopard 1.0 OK
r-release-windows-ix86+x86_64 1.0 9.00 45.00 54.00 NOTE
r-oldrel-windows-ix86+x86_64 1.0 7.00 49.00 56.00 NOTE

Check Details

Version: 1.0
Check: dependencies in R code
Result: NOTE
    Packages in Depends field not imported from:
     ‘RCurl’ ‘XML’ ‘methods’
     These packages need to be imported from (in the NAMESPACE file)
     for when this namespace is loaded but not attached.
    See the information on DESCRIPTION files in the chapter ‘Creating R
    packages’ of the ‘Writing R Extensions’ manual.
Flavors: r-devel-linux-x86_64-debian-clang, r-devel-linux-x86_64-debian-gcc, r-devel-linux-x86_64-fedora-clang, r-devel-linux-x86_64-fedora-gcc, r-devel-osx-x86_64-clang, r-devel-windows-ix86+x86_64, r-patched-linux-x86_64, r-patched-solaris-sparc, r-patched-solaris-x86, r-release-linux-ix86, r-release-linux-x86_64, r-release-osx-x86_64-mavericks, r-release-windows-ix86+x86_64, r-oldrel-windows-ix86+x86_64