CRAN Package Check Results for Package rHpcc

Last updated on 2014-09-03 08:53:39.

Flavor Version Tinstall Tcheck Ttotal Status Flags
r-devel-linux-x86_64-debian-clang 1.0 2.17 19.76 21.92 NOTE
r-devel-linux-x86_64-debian-gcc 1.0 2.01 19.51 21.52 NOTE
r-devel-linux-x86_64-fedora-clang 1.0 48.20 NOTE
r-devel-linux-x86_64-fedora-gcc 1.0 44.65 NOTE
r-devel-osx-x86_64-clang 1.0 43.23 NOTE
r-devel-windows-ix86+x86_64 1.0 7.00 30.00 37.00 NOTE
r-patched-linux-x86_64 1.0 2.04 21.39 23.44 NOTE
r-patched-solaris-sparc 1.0 276.10 NOTE
r-patched-solaris-x86 1.0 64.50 NOTE
r-release-linux-ix86 1.0 2.65 28.30 30.95 NOTE
r-release-linux-x86_64 1.0 2.12 20.96 23.09 NOTE
r-release-osx-x86_64-mavericks 1.0 NOTE
r-release-osx-x86_64-snowleopard 1.0 OK
r-release-windows-ix86+x86_64 1.0 6.00 45.00 51.00 NOTE
r-oldrel-windows-ix86+x86_64 1.0 10.00 44.00 54.00 NOTE

Check Details

Version: 1.0
Check: dependencies in R code
Result: NOTE
    Packages in Depends field not imported from:
     ‘RCurl’ ‘XML’ ‘methods’
     These packages need to be imported from (in the NAMESPACE file)
     for when this namespace is loaded but not attached.
    See the information on DESCRIPTION files in the chapter ‘Creating R
    packages’ of the ‘Writing R Extensions’ manual.
Flavors: r-devel-linux-x86_64-debian-clang, r-devel-linux-x86_64-debian-gcc, r-devel-linux-x86_64-fedora-clang, r-devel-linux-x86_64-fedora-gcc, r-devel-osx-x86_64-clang, r-devel-windows-ix86+x86_64, r-patched-linux-x86_64, r-patched-solaris-sparc, r-patched-solaris-x86, r-release-linux-ix86, r-release-linux-x86_64, r-release-osx-x86_64-mavericks, r-release-windows-ix86+x86_64, r-oldrel-windows-ix86+x86_64

Version: 1.0
Check: R code for possible problems
Result: NOTE
    eclDirectCall: no visible global function definition for ‘postForm’
    parseResults: no visible global function definition for ‘xmlRoot’
    parseResults: no visible global function definition for ‘xmlTreeParse’
    parseResults: no visible global function definition for ‘getNodeSet’
    parseResults: no visible global function definition for ‘xmlGetAttr’
    parseResults: no visible global function definition for ‘xmlValue’
Flavors: r-devel-linux-x86_64-debian-clang, r-devel-linux-x86_64-debian-gcc, r-devel-linux-x86_64-fedora-clang, r-devel-linux-x86_64-fedora-gcc, r-devel-osx-x86_64-clang, r-devel-windows-ix86+x86_64