CRAN Package Check Results for Package rJPSGCS

Last updated on 2014-04-16 15:49:34.

Flavor Version Tinstall Tcheck Ttotal Status Flags
r-devel-linux-x86_64-debian-clang 0.2-6 4.86 40.44 45.30 NOTE
r-devel-linux-x86_64-debian-gcc 0.2-6 6.56 39.91 46.47 NOTE
r-devel-linux-x86_64-fedora-clang 0.2-6 92.24 NOTE
r-devel-linux-x86_64-fedora-gcc 0.2-6 91.72 NOTE
r-devel-macosx-x86_64-clang 0.2-6 76.33 NOTE
r-devel-macosx-x86_64-gcc 0.2-6 ERROR
r-devel-windows-ix86+x86_64 0.2-6 30.00 96.00 126.00 NOTE
r-patched-linux-x86_64 0.2-6 6.50 39.62 46.12 NOTE
r-patched-solaris-sparc 0.2-6 666.30 NOTE
r-patched-solaris-x86 0.2-6 126.00 NOTE
r-release-linux-ix86 0.2-6 14.00 72.00 86.00 NOTE
r-release-linux-x86_64 0.2-6 6.46 39.40 45.86 NOTE
r-release-macosx-x86_64 0.2-6 ERROR
r-release-windows-ix86+x86_64 0.2-6 44.00 117.00 161.00 NOTE
r-oldrel-windows-ix86+x86_64 0.2-6 31.00 127.00 158.00 NOTE

Check Details

Version: 0.2-6
Check: dependencies in R code
Result: NOTE
    Packages in Depends field not imported from:
     ‘chopsticks’ ‘methods’
     These packages need to be imported from (in the NAMESPACE file)
     for when this namespace is loaded but not attached.
    ':::' call which should be '::': ‘chopsticks:::summary’
     See the note in ?`:::` about the use of this operator.
    Unexported object imported by a ':::' call: ‘methods:::bind_activation’
     See the note in ?`:::` about the use of this operator.
    See the information on DESCRIPTION files in the chapter ‘Creating R
    packages’ of the ‘Writing R Extensions’ manual.
Flavors: r-devel-linux-x86_64-debian-clang, r-devel-linux-x86_64-debian-gcc, r-devel-linux-x86_64-fedora-clang, r-devel-linux-x86_64-fedora-gcc, r-devel-macosx-x86_64-clang, r-devel-windows-ix86+x86_64, r-patched-linux-x86_64, r-patched-solaris-sparc, r-patched-solaris-x86, r-release-linux-ix86, r-release-linux-x86_64, r-release-windows-ix86+x86_64, r-oldrel-windows-ix86+x86_64

Version: 0.2-6
Check: package dependencies
Result: ERROR
    Package required but not available: ‘chopsticks’
    
    See the information on DESCRIPTION files in the chapter ‘Creating R
    packages’ of the ‘Writing R Extensions’ manual.
Flavors: r-devel-macosx-x86_64-gcc, r-release-macosx-x86_64