CRAN Package Check Results for Package rJPSGCS

Last updated on 2015-03-06 03:46:45.

Flavor Version Tinstall Tcheck Ttotal Status Flags
r-devel-linux-x86_64-debian-clang 0.2-7 2.49 24.79 27.28 NOTE
r-devel-linux-x86_64-debian-gcc 0.2-7 2.31 22.51 24.82 NOTE
r-devel-linux-x86_64-fedora-clang 0.2-7 51.86 NOTE
r-devel-linux-x86_64-fedora-gcc 0.2-7 49.64 NOTE
r-devel-osx-x86_64-clang 0.2-7 54.44 NOTE
r-devel-windows-ix86+x86_64 0.2-7 17.00 47.00 64.00 NOTE
r-patched-linux-x86_64 0.2-7 3.38 32.44 35.82 OK
r-patched-solaris-sparc 0.2-7 450.20 OK
r-patched-solaris-x86 0.2-7 101.90 OK
r-release-linux-ix86 0.2-7 4.57 38.97 43.54 OK
r-release-linux-x86_64 0.2-7 3.87 31.93 35.80 OK
r-release-osx-x86_64-mavericks 0.2-7 OK
r-release-osx-x86_64-snowleopard 0.2-7 OK
r-release-windows-ix86+x86_64 0.2-7 16.00 67.00 83.00 OK
r-oldrel-windows-ix86+x86_64 0.2-7 14.00 69.00 83.00 OK

Check Details

Version: 0.2-7
Check: DESCRIPTION meta-information
Result: NOTE
    Malformed Description field: should contain one or more complete sentences.
Flavors: r-devel-linux-x86_64-debian-clang, r-devel-linux-x86_64-debian-gcc, r-devel-linux-x86_64-fedora-clang, r-devel-linux-x86_64-fedora-gcc, r-devel-osx-x86_64-clang, r-devel-windows-ix86+x86_64