CRAN Package Check Results for Package rJPSGCS

Last updated on 2015-08-03 14:47:39.

Flavor Version Tinstall Tcheck Ttotal Status Flags
r-devel-linux-x86_64-debian-clang 0.2-7 2.44 23.20 25.64 NOTE
r-devel-linux-x86_64-debian-gcc 0.2-7 2.53 23.52 26.05 NOTE
r-devel-linux-x86_64-fedora-clang 0.2-7 50.25 NOTE
r-devel-linux-x86_64-fedora-gcc 0.2-7 48.60 NOTE
r-devel-osx-x86_64-clang 0.2-7 46.83 NOTE
r-devel-windows-ix86+x86_64 0.2-7 10.00 51.00 61.00 NOTE
r-patched-linux-x86_64 0.2-7 2.47 23.61 26.08 NOTE
r-patched-solaris-sparc 0.2-7 325.80 NOTE
r-patched-solaris-x86 0.2-7 76.40 NOTE
r-release-linux-x86_64 0.2-7 2.40 23.43 25.83 NOTE
r-release-osx-x86_64-mavericks 0.2-7 NOTE
r-release-windows-ix86+x86_64 0.2-7 15.00 47.00 62.00 NOTE
r-oldrel-windows-ix86+x86_64 0.2-7 20.00 68.00 88.00 OK

Check Details

Version: 0.2-7
Check: DESCRIPTION meta-information
Result: NOTE
    Malformed Description field: should contain one or more complete sentences.
Flavors: r-devel-linux-x86_64-debian-clang, r-devel-linux-x86_64-debian-gcc, r-devel-linux-x86_64-fedora-clang, r-devel-linux-x86_64-fedora-gcc, r-devel-osx-x86_64-clang, r-devel-windows-ix86+x86_64, r-patched-linux-x86_64, r-patched-solaris-sparc, r-patched-solaris-x86, r-release-linux-x86_64, r-release-osx-x86_64-mavericks, r-release-windows-ix86+x86_64

Version: 0.2-7
Check: R code for possible problems
Result: NOTE
    read.pedfile: no visible global function definition for ‘download.file’
    read.pedfile.info: no visible global function definition for
     ‘read.table’
    read.pedfile.map: no visible global function definition for
     ‘read.table’
    write.pedfile: no visible global function definition for ‘is’
    Undefined global functions or variables:
     download.file is read.table
    Consider adding
     importFrom("methods", "is")
     importFrom("utils", "download.file", "read.table")
    to your NAMESPACE.
Flavors: r-devel-linux-x86_64-debian-clang, r-devel-linux-x86_64-debian-gcc, r-devel-linux-x86_64-fedora-clang, r-devel-linux-x86_64-fedora-gcc, r-devel-windows-ix86+x86_64