CRAN Package Check Results for Package rJPSGCS

Last updated on 2016-05-25 03:48:41.

Flavor Version Tinstall Tcheck Ttotal Status Flags
r-devel-linux-x86_64-debian-gcc 0.2-7 4.90 43.33 48.23 NOTE
r-devel-linux-x86_64-fedora-clang 0.2-7 92.28 NOTE
r-devel-linux-x86_64-fedora-gcc 0.2-7 87.91 NOTE
r-devel-osx-x86_64-clang 0.2-7 105.52 NOTE
r-devel-windows-ix86+x86_64 0.2-7 17.00 125.00 142.00 NOTE
r-patched-linux-x86_64 0.2-7 4.76 44.27 49.03 NOTE
r-patched-solaris-sparc 0.2-7 550.50 NOTE
r-patched-solaris-x86 0.2-7 123.50 NOTE
r-release-linux-x86_64 0.2-7 4.82 43.80 48.63 NOTE
r-release-osx-x86_64-mavericks 0.2-7 NOTE
r-release-windows-ix86+x86_64 0.2-7 17.00 125.00 142.00 NOTE
r-oldrel-windows-ix86+x86_64 0.2-7 16.00 52.00 68.00 NOTE

Check Details

Version: 0.2-7
Check: DESCRIPTION meta-information
Result: NOTE
    Malformed Description field: should contain one or more complete sentences.
Flavors: r-devel-linux-x86_64-debian-gcc, r-devel-linux-x86_64-fedora-clang, r-devel-linux-x86_64-fedora-gcc, r-devel-osx-x86_64-clang, r-devel-windows-ix86+x86_64, r-patched-linux-x86_64, r-patched-solaris-sparc, r-patched-solaris-x86, r-release-linux-x86_64, r-release-osx-x86_64-mavericks, r-release-windows-ix86+x86_64, r-oldrel-windows-ix86+x86_64

Version: 0.2-7
Check: R code for possible problems
Result: NOTE
    read.pedfile: no visible global function definition for ‘download.file’
    read.pedfile.info: no visible global function definition for
     ‘read.table’
    read.pedfile.map: no visible global function definition for
     ‘read.table’
    write.pedfile: no visible global function definition for ‘is’
    Undefined global functions or variables:
     download.file is read.table
    Consider adding
     importFrom("methods", "is")
     importFrom("utils", "download.file", "read.table")
    to your NAMESPACE file (and ensure that your DESCRIPTION Imports field
    contains 'methods').
Flavors: r-devel-linux-x86_64-debian-gcc, r-devel-linux-x86_64-fedora-clang, r-devel-linux-x86_64-fedora-gcc, r-devel-osx-x86_64-clang, r-devel-windows-ix86+x86_64, r-patched-linux-x86_64, r-patched-solaris-sparc, r-patched-solaris-x86, r-release-linux-x86_64, r-release-osx-x86_64-mavericks, r-release-windows-ix86+x86_64