CRAN Package Check Results for Package rJPSGCS

Last updated on 2014-11-27 23:48:48.

Flavor Version Tinstall Tcheck Ttotal Status Flags
r-devel-linux-x86_64-debian-clang 0.2-6 4.86 37.52 42.38 NOTE
r-devel-linux-x86_64-debian-gcc 0.2-6 6.06 37.52 43.58 NOTE
r-devel-linux-x86_64-fedora-clang 0.2-6 92.72 NOTE
r-devel-linux-x86_64-fedora-gcc 0.2-6 90.30 NOTE
r-devel-osx-x86_64-clang 0.2-6 84.43 NOTE
r-devel-windows-ix86+x86_64 0.2-6 27.00 88.00 115.00 NOTE
r-patched-linux-x86_64 0.2-6 6.23 37.58 43.80 NOTE
r-patched-solaris-sparc 0.2-6 663.00 NOTE
r-patched-solaris-x86 0.2-6 127.20 NOTE
r-release-linux-ix86 0.2-6 7.54 52.90 60.44 NOTE
r-release-linux-x86_64 0.2-6 6.75 38.57 45.32 NOTE
r-release-osx-x86_64-mavericks 0.2-6 NOTE
r-release-osx-x86_64-snowleopard 0.2-6 NOTE
r-release-windows-ix86+x86_64 0.2-6 28.00 120.00 148.00 NOTE
r-oldrel-windows-ix86+x86_64 0.2-6 31.00 127.00 158.00 NOTE

Check Details

Version: 0.2-6
Check: dependencies in R code
Result: NOTE
    Packages in Depends field not imported from:
     ‘chopsticks’ ‘methods’
     These packages need to be imported from (in the NAMESPACE file)
     for when this namespace is loaded but not attached.
    ':::' call which should be '::': ‘chopsticks:::summary’
     See the note in ?`:::` about the use of this operator.
    Unexported object imported by a ':::' call: ‘methods:::bind_activation’
     See the note in ?`:::` about the use of this operator.
    See the information on DESCRIPTION files in the chapter ‘Creating R
    packages’ of the ‘Writing R Extensions’ manual.
Flavors: r-devel-linux-x86_64-debian-clang, r-devel-linux-x86_64-debian-gcc, r-devel-linux-x86_64-fedora-clang, r-devel-linux-x86_64-fedora-gcc, r-devel-osx-x86_64-clang, r-devel-windows-ix86+x86_64, r-patched-linux-x86_64, r-patched-solaris-sparc, r-patched-solaris-x86, r-release-linux-ix86, r-release-linux-x86_64, r-release-osx-x86_64-mavericks, r-release-osx-x86_64-snowleopard, r-release-windows-ix86+x86_64, r-oldrel-windows-ix86+x86_64