CRAN Package Check Results for Package rJPSGCS

Last updated on 2016-09-27 22:48:47.

Flavor Version Tinstall Tcheck Ttotal Status Flags
r-devel-linux-x86_64-debian-clang 0.2-7 3.90 39.84 43.74 NOTE
r-devel-linux-x86_64-debian-gcc 0.2-7 4.38 38.57 42.95 NOTE
r-devel-linux-x86_64-fedora-clang 0.2-7 91.10 NOTE
r-devel-linux-x86_64-fedora-gcc 0.2-7 83.45 NOTE
r-devel-macos-x86_64-clang 0.2-7 70.07 NOTE
r-devel-windows-ix86+x86_64 0.2-7 24.00 120.00 144.00 NOTE
r-patched-linux-x86_64 0.2-7 4.02 38.96 42.98 NOTE
r-patched-solaris-sparc 0.2-7 550.50 NOTE
r-patched-solaris-x86 0.2-7 122.70 NOTE
r-release-linux-x86_64 0.2-7 3.98 40.25 44.23 NOTE
r-release-osx-x86_64-mavericks 0.2-7 NOTE
r-release-windows-ix86+x86_64 0.2-7 14.00 91.00 105.00 NOTE
r-oldrel-windows-ix86+x86_64 0.2-7 16.00 52.00 68.00 NOTE

Check Details

Version: 0.2-7
Check: DESCRIPTION meta-information
Result: NOTE
    Malformed Description field: should contain one or more complete sentences.
Flavors: r-devel-linux-x86_64-debian-clang, r-devel-linux-x86_64-debian-gcc, r-devel-linux-x86_64-fedora-clang, r-devel-linux-x86_64-fedora-gcc, r-devel-macos-x86_64-clang, r-devel-windows-ix86+x86_64, r-patched-linux-x86_64, r-patched-solaris-sparc, r-patched-solaris-x86, r-release-linux-x86_64, r-release-osx-x86_64-mavericks, r-release-windows-ix86+x86_64, r-oldrel-windows-ix86+x86_64

Version: 0.2-7
Check: R code for possible problems
Result: NOTE
    read.pedfile: no visible global function definition for ‘download.file’
    read.pedfile.info: no visible global function definition for
     ‘read.table’
    read.pedfile.map: no visible global function definition for
     ‘read.table’
    write.pedfile: no visible global function definition for ‘is’
    Undefined global functions or variables:
     download.file is read.table
    Consider adding
     importFrom("methods", "is")
     importFrom("utils", "download.file", "read.table")
    to your NAMESPACE file (and ensure that your DESCRIPTION Imports field
    contains 'methods').
Flavors: r-devel-linux-x86_64-debian-clang, r-devel-linux-x86_64-debian-gcc, r-devel-linux-x86_64-fedora-clang, r-devel-linux-x86_64-fedora-gcc, r-devel-macos-x86_64-clang, r-devel-windows-ix86+x86_64, r-patched-linux-x86_64, r-patched-solaris-sparc, r-patched-solaris-x86, r-release-linux-x86_64, r-release-osx-x86_64-mavericks, r-release-windows-ix86+x86_64