CRAN Package Check Results for Package rJPSGCS

Last updated on 2017-11-20 23:50:03 CET.

Flavor Version Tinstall Tcheck Ttotal Status Flags
r-devel-linux-x86_64-debian-clang 0.2-7 4.05 41.54 45.59 NOTE
r-devel-linux-x86_64-debian-gcc 0.2-7 5.17 116.31 121.47 NOTE
r-devel-linux-x86_64-fedora-clang 0.2-7 81.69 NOTE
r-devel-linux-x86_64-fedora-gcc 0.2-7 143.38 NOTE
r-devel-windows-ix86+x86_64 0.2-7 26.00 106.00 132.00 NOTE
r-patched-linux-x86_64 0.2-7 4.21 45.17 49.38 NOTE
r-patched-solaris-x86 0.2-7 153.70 NOTE
r-release-linux-x86_64 0.2-7 4.45 44.94 49.39 NOTE
r-release-windows-ix86+x86_64 0.2-7 19.00 133.00 152.00 NOTE
r-release-osx-x86_64 0.2-7 ERROR
r-oldrel-windows-ix86+x86_64 0.2-7 29.00 90.00 119.00 NOTE
r-oldrel-osx-x86_64 0.2-7 NOTE

Check Details

Version: 0.2-7
Check: DESCRIPTION meta-information
Result: NOTE
    Malformed Description field: should contain one or more complete sentences.
Flavors: r-devel-linux-x86_64-debian-clang, r-devel-linux-x86_64-debian-gcc, r-devel-linux-x86_64-fedora-clang, r-devel-linux-x86_64-fedora-gcc, r-devel-windows-ix86+x86_64, r-patched-linux-x86_64, r-patched-solaris-x86, r-release-linux-x86_64, r-release-windows-ix86+x86_64, r-oldrel-windows-ix86+x86_64, r-oldrel-osx-x86_64

Version: 0.2-7
Check: R code for possible problems
Result: NOTE
    read.pedfile: no visible global function definition for ‘download.file’
    read.pedfile.info: no visible global function definition for
     ‘read.table’
    read.pedfile.map: no visible global function definition for
     ‘read.table’
    write.pedfile: no visible global function definition for ‘is’
    Undefined global functions or variables:
     download.file is read.table
    Consider adding
     importFrom("methods", "is")
     importFrom("utils", "download.file", "read.table")
    to your NAMESPACE file (and ensure that your DESCRIPTION Imports field
    contains 'methods').
Flavors: r-devel-linux-x86_64-debian-clang, r-devel-linux-x86_64-debian-gcc, r-devel-linux-x86_64-fedora-clang, r-devel-linux-x86_64-fedora-gcc, r-devel-windows-ix86+x86_64, r-patched-linux-x86_64, r-patched-solaris-x86, r-release-linux-x86_64, r-release-windows-ix86+x86_64, r-oldrel-windows-ix86+x86_64, r-oldrel-osx-x86_64

Version: 0.2-7
Check: compiled code
Result: NOTE
    File ‘rJPSGCS/libs/rJPSGCS.so’:
     Found no calls to: ‘R_registerRoutines’, ‘R_useDynamicSymbols’
    
    It is good practice to register native routines and to disable symbol
    search.
    
    See ‘Writing portable packages’ in the ‘Writing R Extensions’ manual.
Flavors: r-devel-linux-x86_64-debian-clang, r-devel-linux-x86_64-debian-gcc, r-devel-linux-x86_64-fedora-clang, r-devel-linux-x86_64-fedora-gcc, r-patched-linux-x86_64, r-release-linux-x86_64

Version: 0.2-7
Check: package dependencies
Result: ERROR
    Package required but not available: ‘chopsticks’
    
    See section ‘The DESCRIPTION file’ in the ‘Writing R Extensions’
    manual.
Flavor: r-release-osx-x86_64