CRAN Package Check Results for Package rJPSGCS

Last updated on 2014-09-19 05:47:50.

Flavor Version Tinstall Tcheck Ttotal Status Flags
r-devel-linux-x86_64-debian-clang 0.2-6 4.96 36.59 41.54 NOTE
r-devel-linux-x86_64-debian-gcc 0.2-6 6.19 36.29 42.48 NOTE
r-devel-linux-x86_64-fedora-clang 0.2-6 89.85 NOTE
r-devel-linux-x86_64-fedora-gcc 0.2-6 84.58 NOTE
r-devel-osx-x86_64-clang 0.2-6 80.98 NOTE
r-devel-windows-ix86+x86_64 0.2-6 28.00 89.00 117.00 NOTE
r-patched-linux-x86_64 0.2-6 6.67 37.93 44.60 NOTE
r-patched-solaris-sparc 0.2-6 663.00 NOTE
r-patched-solaris-x86 0.2-6 125.40 NOTE
r-release-linux-ix86 0.2-6 8.04 55.47 63.51 NOTE
r-release-linux-x86_64 0.2-6 6.35 38.11 44.46 NOTE
r-release-osx-x86_64-mavericks 0.2-6 NOTE
r-release-osx-x86_64-snowleopard 0.2-6 NOTE
r-release-windows-ix86+x86_64 0.2-6 40.00 120.00 160.00 NOTE
r-oldrel-windows-ix86+x86_64 0.2-6 31.00 127.00 158.00 NOTE

Check Details

Version: 0.2-6
Check: dependencies in R code
Result: NOTE
    Packages in Depends field not imported from:
     ‘chopsticks’ ‘methods’
     These packages need to be imported from (in the NAMESPACE file)
     for when this namespace is loaded but not attached.
    ':::' call which should be '::': ‘chopsticks:::summary’
     See the note in ?`:::` about the use of this operator.
    Unexported object imported by a ':::' call: ‘methods:::bind_activation’
     See the note in ?`:::` about the use of this operator.
    See the information on DESCRIPTION files in the chapter ‘Creating R
    packages’ of the ‘Writing R Extensions’ manual.
Flavors: r-devel-linux-x86_64-debian-clang, r-devel-linux-x86_64-debian-gcc, r-devel-linux-x86_64-fedora-clang, r-devel-linux-x86_64-fedora-gcc, r-devel-osx-x86_64-clang, r-devel-windows-ix86+x86_64, r-patched-linux-x86_64, r-patched-solaris-sparc, r-patched-solaris-x86, r-release-linux-ix86, r-release-linux-x86_64, r-release-osx-x86_64-mavericks, r-release-osx-x86_64-snowleopard, r-release-windows-ix86+x86_64, r-oldrel-windows-ix86+x86_64