CRAN Package Check Results for Package rJPSGCS

Last updated on 2014-10-24 19:47:49.

Flavor Version Tinstall Tcheck Ttotal Status Flags
r-devel-linux-x86_64-debian-clang 0.2-6 4.87 37.50 42.36 NOTE
r-devel-linux-x86_64-debian-gcc 0.2-6 6.07 36.72 42.79 NOTE
r-devel-linux-x86_64-fedora-clang 0.2-6 88.23 NOTE
r-devel-linux-x86_64-fedora-gcc 0.2-6 86.33 NOTE
r-devel-osx-x86_64-clang 0.2-6 84.59 NOTE
r-devel-windows-ix86+x86_64 0.2-6 28.00 91.00 119.00 NOTE
r-patched-linux-x86_64 0.2-6 6.56 38.13 44.69 NOTE
r-patched-solaris-sparc 0.2-6 663.00 NOTE
r-patched-solaris-x86 0.2-6 124.90 NOTE
r-release-linux-ix86 0.2-6 8.04 55.24 63.28 NOTE
r-release-linux-x86_64 0.2-6 7.27 38.77 46.04 NOTE
r-release-osx-x86_64-mavericks 0.2-6 NOTE
r-release-osx-x86_64-snowleopard 0.2-6 NOTE
r-release-windows-ix86+x86_64 0.2-6 40.00 120.00 160.00 NOTE
r-oldrel-windows-ix86+x86_64 0.2-6 31.00 127.00 158.00 NOTE

Check Details

Version: 0.2-6
Check: dependencies in R code
Result: NOTE
    Packages in Depends field not imported from:
     ‘chopsticks’ ‘methods’
     These packages need to be imported from (in the NAMESPACE file)
     for when this namespace is loaded but not attached.
    ':::' call which should be '::': ‘chopsticks:::summary’
     See the note in ?`:::` about the use of this operator.
    Unexported object imported by a ':::' call: ‘methods:::bind_activation’
     See the note in ?`:::` about the use of this operator.
    See the information on DESCRIPTION files in the chapter ‘Creating R
    packages’ of the ‘Writing R Extensions’ manual.
Flavors: r-devel-linux-x86_64-debian-clang, r-devel-linux-x86_64-debian-gcc, r-devel-linux-x86_64-fedora-clang, r-devel-linux-x86_64-fedora-gcc, r-devel-osx-x86_64-clang, r-devel-windows-ix86+x86_64, r-patched-linux-x86_64, r-patched-solaris-sparc, r-patched-solaris-x86, r-release-linux-ix86, r-release-linux-x86_64, r-release-osx-x86_64-mavericks, r-release-osx-x86_64-snowleopard, r-release-windows-ix86+x86_64, r-oldrel-windows-ix86+x86_64