CRAN Package Check Results for Package rJPSGCS

Last updated on 2014-08-23 20:47:03.

Flavor Version Tinstall Tcheck Ttotal Status Flags
r-devel-linux-x86_64-debian-clang 0.2-6 4.82 37.10 41.92 NOTE
r-devel-linux-x86_64-debian-gcc 0.2-6 6.34 36.99 43.33 NOTE
r-devel-linux-x86_64-fedora-clang 0.2-6 89.55 NOTE
r-devel-linux-x86_64-fedora-gcc 0.2-6 87.67 NOTE
r-devel-osx-x86_64-clang 0.2-6 78.75 NOTE
r-devel-windows-ix86+x86_64 0.2-6 27.00 92.00 119.00 NOTE
r-patched-linux-x86_64 0.2-6 6.52 37.64 44.16 NOTE
r-patched-solaris-sparc 0.2-6 663.00 NOTE
r-patched-solaris-x86 0.2-6 124.30 NOTE
r-release-linux-ix86 0.2-6 8.13 55.30 63.43 NOTE
r-release-linux-x86_64 0.2-6 6.78 38.55 45.33 NOTE
r-release-osx-x86_64-mavericks 0.2-6 NOTE
r-release-osx-x86_64-snowleopard 0.2-6 NOTE
r-release-windows-ix86+x86_64 0.2-6 40.00 120.00 160.00 NOTE
r-oldrel-windows-ix86+x86_64 0.2-6 31.00 127.00 158.00 NOTE

Check Details

Version: 0.2-6
Check: dependencies in R code
Result: NOTE
    Packages in Depends field not imported from:
     ‘chopsticks’ ‘methods’
     These packages need to be imported from (in the NAMESPACE file)
     for when this namespace is loaded but not attached.
    ':::' call which should be '::': ‘chopsticks:::summary’
     See the note in ?`:::` about the use of this operator.
    Unexported object imported by a ':::' call: ‘methods:::bind_activation’
     See the note in ?`:::` about the use of this operator.
    See the information on DESCRIPTION files in the chapter ‘Creating R
    packages’ of the ‘Writing R Extensions’ manual.
Flavors: r-devel-linux-x86_64-debian-clang, r-devel-linux-x86_64-debian-gcc, r-devel-linux-x86_64-fedora-clang, r-devel-linux-x86_64-fedora-gcc, r-devel-osx-x86_64-clang, r-devel-windows-ix86+x86_64, r-patched-linux-x86_64, r-patched-solaris-sparc, r-patched-solaris-x86, r-release-linux-ix86, r-release-linux-x86_64, r-release-osx-x86_64-mavericks, r-release-osx-x86_64-snowleopard, r-release-windows-ix86+x86_64, r-oldrel-windows-ix86+x86_64