CRAN Package Check Results for Package rJPSGCS

Last updated on 2015-06-30 22:47:34.

Flavor Version Tinstall Tcheck Ttotal Status Flags
r-devel-linux-x86_64-debian-clang 0.2-7 2.42 23.30 25.72 NOTE
r-devel-linux-x86_64-debian-gcc 0.2-7 2.59 22.59 25.18 NOTE
r-devel-linux-x86_64-fedora-clang 0.2-7 50.06 NOTE
r-devel-linux-x86_64-fedora-gcc 0.2-7 46.97 NOTE
r-devel-osx-x86_64-clang 0.2-7 49.71 NOTE
r-devel-windows-ix86+x86_64 0.2-7 14.00 53.00 67.00 NOTE
r-patched-linux-x86_64 0.2-7 2.38 24.16 26.53 NOTE
r-patched-solaris-sparc 0.2-7 326.70 NOTE
r-patched-solaris-x86 0.2-7 80.20 NOTE
r-release-linux-x86_64 0.2-7 2.55 24.32 26.87 NOTE
r-release-osx-x86_64-mavericks 0.2-7 NOTE
r-release-windows-ix86+x86_64 0.2-7 9.00 53.00 62.00 NOTE
r-oldrel-windows-ix86+x86_64 0.2-7 19.00 67.00 86.00 OK

Check Details

Version: 0.2-7
Check: DESCRIPTION meta-information
Result: NOTE
    Malformed Description field: should contain one or more complete sentences.
Flavors: r-devel-linux-x86_64-debian-clang, r-devel-linux-x86_64-debian-gcc, r-devel-linux-x86_64-fedora-clang, r-devel-linux-x86_64-fedora-gcc, r-devel-osx-x86_64-clang, r-devel-windows-ix86+x86_64, r-patched-linux-x86_64, r-patched-solaris-sparc, r-patched-solaris-x86, r-release-linux-x86_64, r-release-osx-x86_64-mavericks, r-release-windows-ix86+x86_64

Version: 0.2-7
Check: R code for possible problems
Result: NOTE
    read.pedfile: no visible global function definition for ‘download.file’
    read.pedfile.info: no visible global function definition for
     ‘read.table’
    read.pedfile.map: no visible global function definition for
     ‘read.table’
    write.pedfile: no visible global function definition for ‘is’
Flavors: r-devel-linux-x86_64-debian-clang, r-devel-linux-x86_64-debian-gcc, r-devel-linux-x86_64-fedora-clang, r-devel-linux-x86_64-fedora-gcc