CRAN Package Check Results for Package rJPSGCS

Last updated on 2015-04-28 03:47:30.

Flavor Version Tinstall Tcheck Ttotal Status Flags
r-devel-linux-x86_64-debian-clang 0.2-7 2.44 23.43 25.86 NOTE
r-devel-linux-x86_64-debian-gcc 0.2-7 2.40 23.58 25.98 NOTE
r-devel-linux-x86_64-fedora-clang 0.2-7 52.70 NOTE
r-devel-linux-x86_64-fedora-gcc 0.2-7 48.66 NOTE
r-devel-osx-x86_64-clang 0.2-7 50.32 NOTE
r-devel-windows-ix86+x86_64 0.2-7 10.00 49.00 59.00 NOTE
r-patched-linux-x86_64 0.2-7 2.64 24.26 26.91 NOTE
r-patched-solaris-sparc 0.2-7 311.50 NOTE
r-patched-solaris-x86 0.2-7 76.00 NOTE
r-release-linux-x86_64 0.2-7 2.48 23.29 25.77 NOTE
r-release-osx-x86_64-mavericks 0.2-7 NOTE
r-release-osx-x86_64-snowleopard 0.2-7 ERROR
r-release-windows-ix86+x86_64 0.2-7 9.00 53.00 62.00 NOTE
r-oldrel-windows-ix86+x86_64 0.2-7 19.00 67.00 86.00 OK

Check Details

Version: 0.2-7
Check: DESCRIPTION meta-information
Result: NOTE
    Malformed Description field: should contain one or more complete sentences.
Flavors: r-devel-linux-x86_64-debian-clang, r-devel-linux-x86_64-debian-gcc, r-devel-linux-x86_64-fedora-clang, r-devel-linux-x86_64-fedora-gcc, r-devel-osx-x86_64-clang, r-devel-windows-ix86+x86_64, r-patched-solaris-sparc, r-patched-solaris-x86, r-release-linux-x86_64, r-release-osx-x86_64-mavericks, r-release-windows-ix86+x86_64

Version: 0.2-7
Check: package dependencies
Result: ERROR
    Package required but not available: ‘chopsticks’
    
    See section ‘The DESCRIPTION file’ in the ‘Writing R Extensions’
    manual.
Flavor: r-release-osx-x86_64-snowleopard