CRAN Package Check Results for Package rJavax

Last updated on 2014-07-24 19:49:09.

Flavor Version Tinstall Tcheck Ttotal Status Flags
r-devel-linux-x86_64-debian-clang 0.3 2.28 22.90 25.18 NOTE
r-devel-linux-x86_64-debian-gcc 0.3 2.53 22.21 24.74 NOTE
r-devel-linux-x86_64-fedora-clang 0.3 42.37 NOTE --install=fake
r-devel-linux-x86_64-fedora-gcc 0.3 39.82 NOTE --install=fake
r-devel-osx-x86_64-clang 0.3 52.00 NOTE
r-patched-linux-x86_64 0.3 2.30 22.74 25.04 NOTE
r-release-linux-ix86 0.3 3.44 29.54 32.97 NOTE
r-release-linux-x86_64 0.3 2.49 23.22 25.72 NOTE
r-release-osx-x86_64-mavericks 0.3 NOTE
r-release-osx-x86_64-snowleopard 0.3 NOTE

Check Details

Version: 0.3
Check: R code for possible problems
Result: NOTE
    setJavaRefClass : <anonymous> : <anonymous>: no visible binding for
     '<<-' assignment to ‘ref’
    setJavaRefClass : <anonymous> : <anonymous>: no visible binding for
     global variable ‘.self’
    setJavaRefClass : <anonymous> : <anonymous>: no visible global function
     definition for ‘callSuper’
    setJavaRefClass : <anonymous> : <anonymous>: no visible binding for
     global variable ‘ref’
Flavors: r-devel-linux-x86_64-debian-clang, r-devel-linux-x86_64-debian-gcc, r-devel-osx-x86_64-clang, r-patched-linux-x86_64, r-release-linux-ix86, r-release-linux-x86_64, r-release-osx-x86_64-mavericks, r-release-osx-x86_64-snowleopard

Version: 0.3
Flags: --install=fake
Check: top-level files
Result: NOTE
    Non-standard file/directory found at top level:
     ‘preamble.R’
Flavors: r-devel-linux-x86_64-fedora-clang, r-devel-linux-x86_64-fedora-gcc

Version: 0.3
Flags: --install=fake
Check: R code for possible problems
Result: NOTE
    setJavaRefClass : <anonymous> : <anonymous>: no visible binding for
     '<<-' assignment to ‘ref’
    setJavaRefClass : <anonymous> : <anonymous>: no visible binding for
     global variable ‘.self’
    setJavaRefClass : <anonymous> : <anonymous>: no visible global function
     definition for ‘callSuper’
    setJavaRefClass : <anonymous> : <anonymous>: no visible binding for
     global variable ‘ref’
Flavors: r-devel-linux-x86_64-fedora-clang, r-devel-linux-x86_64-fedora-gcc