CRAN Package Check Results for Package rJavax

Last updated on 2014-04-23 07:55:07.

Flavor Version Tinstall Tcheck Ttotal Status Flags
r-devel-linux-x86_64-debian-clang 0.3 2.52 23.92 26.44 NOTE
r-devel-linux-x86_64-debian-gcc 0.3 2.39 24.87 27.26 NOTE
r-devel-linux-x86_64-fedora-clang 0.3 42.00 NOTE --install=fake
r-devel-linux-x86_64-fedora-gcc 0.3 39.17 NOTE --install=fake
r-devel-osx-x86_64-clang 0.3 51.47 NOTE
r-devel-osx-x86_64-gcc 0.3 NOTE
r-patched-linux-x86_64 0.3 2.34 23.44 25.77 NOTE
r-release-linux-ix86 0.3 5.00 41.00 46.00 NOTE
r-release-linux-x86_64 0.3 2.44 24.15 26.59 NOTE
r-release-osx-x86_64-mavericks 0.3 WARN
r-release-osx-x86_64-snowleopard 0.3 NOTE

Check Details

Version: 0.3
Check: R code for possible problems
Result: NOTE
    setJavaRefClass : <anonymous> : <anonymous>: no visible binding for
     '<<-' assignment to ‘ref’
    setJavaRefClass : <anonymous> : <anonymous>: no visible binding for
     global variable ‘.self’
    setJavaRefClass : <anonymous> : <anonymous>: no visible global function
     definition for ‘callSuper’
    setJavaRefClass : <anonymous> : <anonymous>: no visible binding for
     global variable ‘ref’
Flavors: r-devel-linux-x86_64-debian-clang, r-devel-linux-x86_64-debian-gcc, r-devel-osx-x86_64-clang, r-devel-osx-x86_64-gcc, r-patched-linux-x86_64, r-release-linux-ix86, r-release-linux-x86_64, r-release-osx-x86_64-mavericks, r-release-osx-x86_64-snowleopard

Version: 0.3
Flags: --install=fake
Check: top-level files
Result: NOTE
    Non-standard file/directory found at top level:
     ‘preamble.R’
Flavors: r-devel-linux-x86_64-fedora-clang, r-devel-linux-x86_64-fedora-gcc

Version: 0.3
Flags: --install=fake
Check: R code for possible problems
Result: NOTE
    setJavaRefClass : <anonymous> : <anonymous>: no visible binding for
     '<<-' assignment to ‘ref’
    setJavaRefClass : <anonymous> : <anonymous>: no visible binding for
     global variable ‘.self’
    setJavaRefClass : <anonymous> : <anonymous>: no visible global function
     definition for ‘callSuper’
    setJavaRefClass : <anonymous> : <anonymous>: no visible binding for
     global variable ‘ref’
Flavors: r-devel-linux-x86_64-fedora-clang, r-devel-linux-x86_64-fedora-gcc

Version: 0.3
Check: PDF version of manual
Result: WARNING
    LaTeX errors when creating PDF version.
    This typically indicates Rd problems.
    LaTeX errors found:
    ! LaTeX Error: File `upquote.sty' not found.
    
    Type X to quit or <RETURN> to proceed,
    or enter new name. (Default extension: sty)
    
    1123f8b0/Rd2.tex:8: ==> Fatal error occurred, no output PDF file produced!
Flavor: r-release-osx-x86_64-mavericks