CRAN Package Check Results for Package rJavax

Last updated on 2015-05-05 02:46:45.

Flavor Version Tinstall Tcheck Ttotal Status Flags
r-devel-linux-x86_64-debian-clang 0.3 1.94 19.04 20.98 WARN
r-devel-linux-x86_64-debian-gcc 0.3 1.83 18.78 20.61 WARN
r-devel-linux-x86_64-fedora-clang 0.3 32.34 WARN --install=fake
r-devel-linux-x86_64-fedora-gcc 0.3 30.85 WARN --install=fake
r-devel-osx-x86_64-clang 0.3 46.07 WARN
r-patched-linux-x86_64 0.3 1.98 18.64 20.62 WARN
r-release-linux-x86_64 0.3 2.00 18.99 20.99 WARN
r-release-osx-x86_64-mavericks 0.3 WARN
r-release-osx-x86_64-snowleopard 0.3 WARN

Check Details

Version: 0.3
Check: DESCRIPTION meta-information
Result: NOTE
    Malformed Description field: should contain one or more complete sentences.
Flavors: r-devel-linux-x86_64-debian-clang, r-devel-linux-x86_64-debian-gcc, r-devel-osx-x86_64-clang, r-patched-linux-x86_64, r-release-linux-x86_64, r-release-osx-x86_64-mavericks, r-release-osx-x86_64-snowleopard

Version: 0.3
Check: top-level files
Result: NOTE
    Non-standard file/directory found at top level:
     ‘preamble.R’
Flavors: r-devel-linux-x86_64-debian-clang, r-devel-linux-x86_64-debian-gcc, r-patched-linux-x86_64, r-release-linux-x86_64

Version: 0.3
Check: R code for possible problems
Result: NOTE
    setJavaRefClass : <anonymous> : <anonymous>: no visible binding for
     '<<-' assignment to ‘ref’
    setJavaRefClass : <anonymous> : <anonymous>: no visible binding for
     global variable ‘.self’
    setJavaRefClass : <anonymous> : <anonymous>: no visible global function
     definition for ‘callSuper’
    setJavaRefClass : <anonymous> : <anonymous>: no visible binding for
     global variable ‘ref’
Flavors: r-devel-linux-x86_64-debian-clang, r-devel-linux-x86_64-debian-gcc, r-devel-osx-x86_64-clang, r-patched-linux-x86_64, r-release-linux-x86_64, r-release-osx-x86_64-mavericks, r-release-osx-x86_64-snowleopard

Version: 0.3
Check: for GNU extensions in Makefiles
Result: WARN
    Found the following file(s) containing GNU extensions:
     tests/Makefile
    Portable Makefiles do not use GNU extensions such as +=, :=, $(shell),
    $(wildcard), ifeq ... endif. See section ‘Writing portable packages’ in
    the ‘Writing R Extensions’ manual.
Flavors: r-devel-linux-x86_64-debian-clang, r-devel-linux-x86_64-debian-gcc, r-devel-osx-x86_64-clang, r-patched-linux-x86_64, r-release-linux-x86_64, r-release-osx-x86_64-mavericks, r-release-osx-x86_64-snowleopard

Version: 0.3
Flags: --install=fake
Check: DESCRIPTION meta-information
Result: NOTE
    Malformed Description field: should contain one or more complete sentences.
Flavors: r-devel-linux-x86_64-fedora-clang, r-devel-linux-x86_64-fedora-gcc

Version: 0.3
Flags: --install=fake
Check: top-level files
Result: NOTE
    Non-standard file/directory found at top level:
     ‘preamble.R’
Flavors: r-devel-linux-x86_64-fedora-clang, r-devel-linux-x86_64-fedora-gcc

Version: 0.3
Flags: --install=fake
Check: R code for possible problems
Result: NOTE
    setJavaRefClass : <anonymous> : <anonymous>: no visible binding for
     '<<-' assignment to ‘ref’
    setJavaRefClass : <anonymous> : <anonymous>: no visible binding for
     global variable ‘.self’
    setJavaRefClass : <anonymous> : <anonymous>: no visible global function
     definition for ‘callSuper’
    setJavaRefClass : <anonymous> : <anonymous>: no visible binding for
     global variable ‘ref’
Flavors: r-devel-linux-x86_64-fedora-clang, r-devel-linux-x86_64-fedora-gcc

Version: 0.3
Flags: --install=fake
Check: for GNU extensions in Makefiles
Result: WARN
    Found the following file(s) containing GNU extensions:
     tests/Makefile
    Portable Makefiles do not use GNU extensions such as +=, :=, $(shell),
    $(wildcard), ifeq ... endif. See section ‘Writing portable packages’ in
    the ‘Writing R Extensions’ manual.
Flavors: r-devel-linux-x86_64-fedora-clang, r-devel-linux-x86_64-fedora-gcc