CRAN Package Check Results for Package rJavax

Last updated on 2015-08-30 12:47:27.

Flavor Version Tinstall Tcheck Ttotal Status Flags
r-devel-linux-x86_64-debian-clang 0.3 1.92 18.43 20.36 WARN
r-devel-linux-x86_64-debian-gcc 0.3 1.84 18.36 20.21 WARN
r-devel-linux-x86_64-fedora-clang 0.3 29.88 WARN --install=fake
r-devel-linux-x86_64-fedora-gcc 0.3 27.73 WARN --install=fake
r-devel-osx-x86_64-clang 0.3 39.89 WARN
r-patched-linux-x86_64 0.3 1.82 18.93 20.74 WARN
r-release-linux-x86_64 0.3 1.91 20.00 21.90 WARN
r-release-osx-x86_64-mavericks 0.3 WARN

Check Details

Version: 0.3
Check: DESCRIPTION meta-information
Result: NOTE
    Malformed Description field: should contain one or more complete sentences.
Flavors: r-devel-linux-x86_64-debian-clang, r-devel-linux-x86_64-debian-gcc, r-devel-osx-x86_64-clang, r-patched-linux-x86_64, r-release-linux-x86_64, r-release-osx-x86_64-mavericks

Version: 0.3
Check: top-level files
Result: NOTE
    Non-standard file/directory found at top level:
     ‘preamble.R’
Flavors: r-devel-linux-x86_64-debian-clang, r-devel-linux-x86_64-debian-gcc, r-patched-linux-x86_64, r-release-linux-x86_64

Version: 0.3
Check: R code for possible problems
Result: NOTE
    setJavaImplementation: no visible global function definition for
     ‘setRefClass’
    setJavaRefClass : <anonymous>: no visible global function definition
     for ‘setRefClass’
    setJavaRefClass : <anonymous> : <anonymous>: no visible binding for
     '<<-' assignment to ‘ref’
    setJavaRefClass : <anonymous> : <anonymous>: no visible binding for
     global variable ‘.self’
    setJavaRefClass : <anonymous> : <anonymous>: no visible global function
     definition for ‘callSuper’
    setJavaRefClass : <anonymous> : <anonymous>: no visible binding for
     global variable ‘ref’
    Undefined global functions or variables:
     .self callSuper ref setRefClass
    Consider adding
     importFrom("methods", "setRefClass")
    to your NAMESPACE (and ensure that your DESCRIPTION Imports field
    contains 'methods').
Flavors: r-devel-linux-x86_64-debian-clang, r-devel-linux-x86_64-debian-gcc

Version: 0.3
Check: for GNU extensions in Makefiles
Result: WARN
    Found the following file(s) containing GNU extensions:
     tests/Makefile
    Portable Makefiles do not use GNU extensions such as +=, :=, $(shell),
    $(wildcard), ifeq ... endif. See section ‘Writing portable packages’ in
    the ‘Writing R Extensions’ manual.
Flavors: r-devel-linux-x86_64-debian-clang, r-devel-linux-x86_64-debian-gcc, r-devel-osx-x86_64-clang, r-patched-linux-x86_64, r-release-linux-x86_64, r-release-osx-x86_64-mavericks

Version: 0.3
Flags: --install=fake
Check: DESCRIPTION meta-information
Result: NOTE
    Malformed Description field: should contain one or more complete sentences.
Flavors: r-devel-linux-x86_64-fedora-clang, r-devel-linux-x86_64-fedora-gcc

Version: 0.3
Flags: --install=fake
Check: top-level files
Result: NOTE
    Non-standard file/directory found at top level:
     ‘preamble.R’
Flavors: r-devel-linux-x86_64-fedora-clang, r-devel-linux-x86_64-fedora-gcc

Version: 0.3
Flags: --install=fake
Check: R code for possible problems
Result: NOTE
    setJavaImplementation: no visible global function definition for
     ‘setRefClass’
    setJavaRefClass : <anonymous>: no visible global function definition
     for ‘setRefClass’
    setJavaRefClass : <anonymous> : <anonymous>: no visible binding for
     '<<-' assignment to ‘ref’
    setJavaRefClass : <anonymous> : <anonymous>: no visible binding for
     global variable ‘.self’
    setJavaRefClass : <anonymous> : <anonymous>: no visible global function
     definition for ‘callSuper’
    setJavaRefClass : <anonymous> : <anonymous>: no visible binding for
     global variable ‘ref’
    Undefined global functions or variables:
     .self callSuper ref setRefClass
    Consider adding
     importFrom("methods", "setRefClass")
    to your NAMESPACE (and ensure that your DESCRIPTION Imports field
    contains 'methods').
Flavors: r-devel-linux-x86_64-fedora-clang, r-devel-linux-x86_64-fedora-gcc

Version: 0.3
Flags: --install=fake
Check: for GNU extensions in Makefiles
Result: WARN
    Found the following file(s) containing GNU extensions:
     tests/Makefile
    Portable Makefiles do not use GNU extensions such as +=, :=, $(shell),
    $(wildcard), ifeq ... endif. See section ‘Writing portable packages’ in
    the ‘Writing R Extensions’ manual.
Flavors: r-devel-linux-x86_64-fedora-clang, r-devel-linux-x86_64-fedora-gcc

Version: 0.3
Check: R code for possible problems
Result: NOTE
    setJavaRefClass : <anonymous> : <anonymous>: no visible binding for
     '<<-' assignment to ‘ref’
    setJavaRefClass : <anonymous> : <anonymous>: no visible binding for
     global variable ‘.self’
    setJavaRefClass : <anonymous> : <anonymous>: no visible global function
     definition for ‘callSuper’
    setJavaRefClass : <anonymous> : <anonymous>: no visible binding for
     global variable ‘ref’
    Undefined global functions or variables:
     .self callSuper ref
Flavor: r-devel-osx-x86_64-clang

Version: 0.3
Check: R code for possible problems
Result: NOTE
    setJavaRefClass : <anonymous> : <anonymous>: no visible binding for
     '<<-' assignment to ‘ref’
    setJavaRefClass : <anonymous> : <anonymous>: no visible binding for
     global variable ‘.self’
    setJavaRefClass : <anonymous> : <anonymous>: no visible global function
     definition for ‘callSuper’
    setJavaRefClass : <anonymous> : <anonymous>: no visible binding for
     global variable ‘ref’
Flavors: r-patched-linux-x86_64, r-release-linux-x86_64, r-release-osx-x86_64-mavericks