CRAN Package Check Results for Package rJython

Last updated on 2017-09-19 23:48:18.

Flavor Version Tinstall Tcheck Ttotal Status Flags
r-devel-linux-x86_64-debian-clang 0.0-4 1.55 20.16 21.71 NOTE
r-devel-linux-x86_64-debian-gcc 0.0-4 1.56 19.18 20.74 NOTE
r-devel-linux-x86_64-fedora-clang 0.0-4 50.56 NOTE
r-devel-linux-x86_64-fedora-gcc 0.0-4 55.35 NOTE
r-devel-windows-ix86+x86_64 0.0-4 5.00 56.00 61.00 NOTE
r-patched-linux-x86_64 0.0-4 1.45 19.65 21.09 NOTE
r-patched-solaris-x86 0.0-4 57.00 NOTE
r-release-linux-x86_64 0.0-4 1.49 18.38 19.87 NOTE
r-release-windows-ix86+x86_64 0.0-4 6.00 43.00 49.00 NOTE
r-release-osx-x86_64 0.0-4 NOTE
r-oldrel-windows-ix86+x86_64 0.0-4 4.00 36.00 40.00 NOTE
r-oldrel-osx-x86_64 0.0-4 NOTE

Check Details

Version: 0.0-4
Check: top-level files
Result: NOTE
    File
     LICENSE
    is not mentioned in the DESCRIPTION file.
Flavors: r-devel-linux-x86_64-debian-clang, r-devel-linux-x86_64-debian-gcc, r-devel-linux-x86_64-fedora-clang, r-devel-linux-x86_64-fedora-gcc, r-devel-windows-ix86+x86_64, r-patched-linux-x86_64, r-patched-solaris-x86, r-release-linux-x86_64, r-release-windows-ix86+x86_64, r-release-osx-x86_64, r-oldrel-windows-ix86+x86_64, r-oldrel-osx-x86_64

Version: 0.0-4
Check: dependencies in R code
Result: NOTE
    'library' or 'require' call to ‘rJava’ which was already attached by Depends.
     Please remove these calls from your code.
Flavors: r-devel-linux-x86_64-debian-clang, r-devel-linux-x86_64-debian-gcc, r-devel-linux-x86_64-fedora-clang, r-devel-linux-x86_64-fedora-gcc, r-devel-windows-ix86+x86_64, r-patched-linux-x86_64, r-patched-solaris-x86, r-release-linux-x86_64, r-release-windows-ix86+x86_64, r-release-osx-x86_64, r-oldrel-windows-ix86+x86_64, r-oldrel-osx-x86_64

Version: 0.0-4
Check: installed package size
Result: NOTE
     installed size is 8.5Mb
Flavors: r-devel-linux-x86_64-fedora-clang, r-devel-linux-x86_64-fedora-gcc, r-devel-windows-ix86+x86_64, r-patched-solaris-x86, r-release-windows-ix86+x86_64, r-release-osx-x86_64, r-oldrel-windows-ix86+x86_64, r-oldrel-osx-x86_64