CRAN Package Check Results for Package rJython

Last updated on 2014-04-19 01:48:25.

Flavor Version Tinstall Tcheck Ttotal Status Flags
r-devel-linux-x86_64-debian-clang 0.0-4 2.08 23.72 25.80 NOTE
r-devel-linux-x86_64-debian-gcc NOTE
r-devel-linux-x86_64-fedora-clang 0.0-4 56.64 NOTE
r-devel-linux-x86_64-fedora-gcc 0.0-4 55.35 NOTE
r-devel-macosx-x86_64-clang 0.0-4 47.06 NOTE
r-devel-macosx-x86_64-gcc 0.0-4 NOTE
r-devel-windows-ix86+x86_64 0.0-4 6.00 36.00 42.00 NOTE
r-patched-linux-x86_64 0.0-4 2.08 23.81 25.90 NOTE
r-patched-solaris-sparc 0.0-4 287.30 NOTE
r-patched-solaris-x86 0.0-4 72.60 NOTE
r-release-linux-ix86 0.0-4 4.00 40.00 44.00 NOTE
r-release-linux-x86_64 0.0-4 2.29 23.23 25.52 NOTE
r-release-macosx-x86_64 0.0-4 NOTE
r-release-windows-ix86+x86_64 0.0-4 8.00 46.00 54.00 NOTE
r-oldrel-windows-ix86+x86_64 0.0-4 5.00 50.00 55.00 NOTE

Check Details

Version: 0.0-4
Check: installed package size
Result: NOTE
     installed size is 8.6Mb
Flavors: r-devel-linux-x86_64-debian-clang, r-devel-linux-x86_64-debian-gcc, r-devel-linux-x86_64-fedora-clang, r-devel-linux-x86_64-fedora-gcc, r-devel-macosx-x86_64-clang, r-devel-macosx-x86_64-gcc, r-devel-windows-ix86+x86_64, r-patched-linux-x86_64, r-patched-solaris-sparc, r-patched-solaris-x86, r-release-linux-ix86, r-release-linux-x86_64, r-release-macosx-x86_64, r-release-windows-ix86+x86_64, r-oldrel-windows-ix86+x86_64

Version: 0.0-4
Check: top-level files
Result: NOTE
    File
     LICENSE
    is not mentioned in the DESCRIPTION file.
Flavors: r-devel-linux-x86_64-debian-clang, r-devel-linux-x86_64-debian-gcc, r-devel-linux-x86_64-fedora-clang, r-devel-linux-x86_64-fedora-gcc, r-devel-macosx-x86_64-clang, r-devel-macosx-x86_64-gcc, r-devel-windows-ix86+x86_64, r-patched-linux-x86_64, r-patched-solaris-sparc, r-patched-solaris-x86, r-release-linux-ix86, r-release-linux-x86_64, r-release-macosx-x86_64, r-release-windows-ix86+x86_64, r-oldrel-windows-ix86+x86_64

Version: 0.0-4
Check: dependencies in R code
Result: NOTE
    'library' or 'require' call to ‘rJava’ which was already attached by Depends.
     Please remove these calls from your code.
    See the information on DESCRIPTION files in the chapter ‘Creating R
    packages’ of the ‘Writing R Extensions’ manual.
Flavors: r-devel-linux-x86_64-debian-clang, r-devel-linux-x86_64-debian-gcc, r-devel-linux-x86_64-fedora-clang, r-devel-linux-x86_64-fedora-gcc, r-devel-macosx-x86_64-clang, r-devel-macosx-x86_64-gcc, r-devel-windows-ix86+x86_64, r-patched-linux-x86_64, r-patched-solaris-sparc, r-patched-solaris-x86, r-release-linux-ix86, r-release-linux-x86_64, r-release-macosx-x86_64, r-release-windows-ix86+x86_64, r-oldrel-windows-ix86+x86_64