CRAN Package Check Results for Package rJython

Last updated on 2018-02-23 22:48:14 CET.

Flavor Version Tinstall Tcheck Ttotal Status Flags
r-devel-linux-x86_64-debian-clang 0.0-4 2.03 40.16 42.19 NOTE
r-devel-linux-x86_64-debian-gcc 0.0-4 1.52 32.40 33.92 NOTE
r-devel-linux-x86_64-fedora-clang 0.0-4 50.14 NOTE
r-devel-linux-x86_64-fedora-gcc 0.0-4 48.87 NOTE
r-devel-windows-ix86+x86_64 0.0-4 6.00 42.00 48.00 NOTE
r-patched-linux-x86_64 0.0-4 1.65 42.03 43.68 NOTE
r-patched-solaris-x86 0.0-4 52.00 NOTE
r-release-linux-x86_64 0.0-4 2.06 40.95 43.01 NOTE
r-release-windows-ix86+x86_64 0.0-4 8.00 52.00 60.00 NOTE
r-release-osx-x86_64 0.0-4 NOTE
r-oldrel-windows-ix86+x86_64 0.0-4 7.00 49.00 56.00 NOTE
r-oldrel-osx-x86_64 0.0-4 NOTE

Check Details

Version: 0.0-4
Check: top-level files
Result: NOTE
    File
     LICENSE
    is not mentioned in the DESCRIPTION file.
Flavors: r-devel-linux-x86_64-debian-clang, r-devel-linux-x86_64-debian-gcc, r-devel-linux-x86_64-fedora-clang, r-devel-linux-x86_64-fedora-gcc, r-devel-windows-ix86+x86_64, r-patched-linux-x86_64, r-patched-solaris-x86, r-release-linux-x86_64, r-release-windows-ix86+x86_64, r-release-osx-x86_64, r-oldrel-windows-ix86+x86_64, r-oldrel-osx-x86_64

Version: 0.0-4
Check: dependencies in R code
Result: NOTE
    'library' or 'require' call to ‘rJava’ which was already attached by Depends.
     Please remove these calls from your code.
Flavors: r-devel-linux-x86_64-debian-clang, r-devel-linux-x86_64-debian-gcc, r-devel-linux-x86_64-fedora-clang, r-devel-linux-x86_64-fedora-gcc, r-devel-windows-ix86+x86_64, r-patched-linux-x86_64, r-patched-solaris-x86, r-release-linux-x86_64, r-release-windows-ix86+x86_64, r-release-osx-x86_64, r-oldrel-windows-ix86+x86_64, r-oldrel-osx-x86_64

Version: 0.0-4
Check: installed package size
Result: NOTE
     installed size is 8.5Mb
Flavors: r-devel-linux-x86_64-fedora-clang, r-devel-linux-x86_64-fedora-gcc, r-devel-windows-ix86+x86_64, r-patched-solaris-x86, r-release-windows-ix86+x86_64, r-release-osx-x86_64, r-oldrel-windows-ix86+x86_64, r-oldrel-osx-x86_64