CRAN Package Check Results for Package rJython

Last updated on 2018-04-22 00:47:06 CEST.

Flavor Version Tinstall Tcheck Ttotal Status Flags
r-devel-linux-x86_64-debian-clang 0.0-4 2.42 44.25 46.67 NOTE
r-devel-linux-x86_64-debian-gcc 0.0-4 1.80 35.55 37.35 NOTE
r-devel-linux-x86_64-fedora-clang 0.0-4 51.40 NOTE
r-devel-linux-x86_64-fedora-gcc 0.0-4 48.88 NOTE
r-devel-windows-ix86+x86_64 0.0-4 5.00 54.00 59.00 NOTE
r-devel-osx-x86_64 0.0-4 NOTE
r-patched-linux-x86_64 0.0-4 2.15 44.30 46.45 NOTE
r-patched-solaris-x86 0.0-4 61.40 NOTE
r-release-linux-x86_64 0.0-4 2.09 46.18 48.27 NOTE
r-release-windows-ix86+x86_64 0.0-4 8.00 52.00 60.00 NOTE
r-release-osx-x86_64 0.0-4 NOTE
r-oldrel-windows-ix86+x86_64 0.0-4 5.00 37.00 42.00 NOTE

Check Details

Version: 0.0-4
Check: top-level files
Result: NOTE
    File
     LICENSE
    is not mentioned in the DESCRIPTION file.
Flavors: r-devel-linux-x86_64-debian-clang, r-devel-linux-x86_64-debian-gcc, r-devel-linux-x86_64-fedora-clang, r-devel-linux-x86_64-fedora-gcc, r-devel-windows-ix86+x86_64, r-devel-osx-x86_64, r-patched-linux-x86_64, r-patched-solaris-x86, r-release-linux-x86_64, r-release-windows-ix86+x86_64, r-release-osx-x86_64, r-oldrel-windows-ix86+x86_64

Version: 0.0-4
Check: dependencies in R code
Result: NOTE
    'library' or 'require' call to ‘rJava’ which was already attached by Depends.
     Please remove these calls from your code.
Flavors: r-devel-linux-x86_64-debian-clang, r-devel-linux-x86_64-debian-gcc, r-devel-linux-x86_64-fedora-clang, r-devel-linux-x86_64-fedora-gcc, r-devel-windows-ix86+x86_64, r-devel-osx-x86_64, r-patched-linux-x86_64, r-patched-solaris-x86, r-release-linux-x86_64, r-release-windows-ix86+x86_64, r-release-osx-x86_64, r-oldrel-windows-ix86+x86_64

Version: 0.0-4
Check: installed package size
Result: NOTE
     installed size is 8.5Mb
Flavors: r-devel-linux-x86_64-fedora-clang, r-devel-linux-x86_64-fedora-gcc, r-devel-windows-ix86+x86_64, r-devel-osx-x86_64, r-patched-solaris-x86, r-release-windows-ix86+x86_64, r-release-osx-x86_64, r-oldrel-windows-ix86+x86_64