CRAN Package Check Results for Package rJython

Last updated on 2016-09-26 11:51:48.

Flavor Version Tinstall Tcheck Ttotal Status Flags
r-devel-linux-x86_64-debian-clang 0.0-4 1.52 16.70 18.23 NOTE
r-devel-linux-x86_64-debian-gcc 0.0-4 1.32 16.85 18.17 NOTE
r-devel-linux-x86_64-fedora-clang 0.0-4 53.60 NOTE
r-devel-linux-x86_64-fedora-gcc 0.0-4 49.97 NOTE
r-devel-macos-x86_64-clang 0.0-4 33.41 NOTE
r-devel-windows-ix86+x86_64 0.0-4 8.00 48.00 56.00 NOTE
r-patched-linux-x86_64 0.0-4 1.44 17.28 18.72 NOTE
r-patched-solaris-sparc 0.0-4 202.90 NOTE
r-patched-solaris-x86 0.0-4 44.10 NOTE
r-release-linux-x86_64 0.0-4 1.58 17.36 18.95 NOTE
r-release-osx-x86_64-mavericks 0.0-4 NOTE
r-release-windows-ix86+x86_64 0.0-4 4.00 37.00 41.00 NOTE
r-oldrel-windows-ix86+x86_64 0.0-4 6.00 30.00 36.00 NOTE

Check Details

Version: 0.0-4
Check: installed package size
Result: NOTE
     installed size is 8.6Mb
Flavors: r-devel-linux-x86_64-debian-clang, r-devel-linux-x86_64-debian-gcc, r-devel-linux-x86_64-fedora-clang, r-devel-linux-x86_64-fedora-gcc, r-devel-macos-x86_64-clang, r-devel-windows-ix86+x86_64, r-patched-linux-x86_64, r-patched-solaris-sparc, r-patched-solaris-x86, r-release-linux-x86_64, r-release-osx-x86_64-mavericks, r-release-windows-ix86+x86_64, r-oldrel-windows-ix86+x86_64

Version: 0.0-4
Check: top-level files
Result: NOTE
    File
     LICENSE
    is not mentioned in the DESCRIPTION file.
Flavors: r-devel-linux-x86_64-debian-clang, r-devel-linux-x86_64-debian-gcc, r-devel-linux-x86_64-fedora-clang, r-devel-linux-x86_64-fedora-gcc, r-devel-macos-x86_64-clang, r-devel-windows-ix86+x86_64, r-patched-linux-x86_64, r-patched-solaris-sparc, r-patched-solaris-x86, r-release-linux-x86_64, r-release-osx-x86_64-mavericks, r-release-windows-ix86+x86_64, r-oldrel-windows-ix86+x86_64

Version: 0.0-4
Check: dependencies in R code
Result: NOTE
    'library' or 'require' call to ‘rJava’ which was already attached by Depends.
     Please remove these calls from your code.
Flavors: r-devel-linux-x86_64-debian-clang, r-devel-linux-x86_64-debian-gcc, r-devel-linux-x86_64-fedora-clang, r-devel-linux-x86_64-fedora-gcc, r-devel-macos-x86_64-clang, r-devel-windows-ix86+x86_64, r-patched-linux-x86_64, r-patched-solaris-sparc, r-patched-solaris-x86, r-release-linux-x86_64, r-release-osx-x86_64-mavericks, r-release-windows-ix86+x86_64, r-oldrel-windows-ix86+x86_64