CRAN Package Check Results for Package rJython

Last updated on 2017-07-21 18:47:14.

Flavor Version Tinstall Tcheck Ttotal Status Flags
r-devel-linux-x86_64-debian-clang 0.0-4 1.49 25.47 26.96 NOTE
r-devel-linux-x86_64-debian-gcc 0.0-4 1.54 25.21 26.76 NOTE
r-devel-linux-x86_64-fedora-clang 0.0-4 53.33 NOTE
r-devel-linux-x86_64-fedora-gcc 0.0-4 49.86 NOTE
r-devel-windows-ix86+x86_64 0.0-4 5.00 42.00 47.00 NOTE
r-patched-linux-x86_64 0.0-4 1.58 25.35 26.92 NOTE
r-patched-solaris-x86 0.0-4 57.00 NOTE
r-release-linux-x86_64 0.0-4 1.53 25.33 26.86 NOTE
r-release-windows-ix86+x86_64 0.0-4 6.00 42.00 48.00 NOTE
r-release-osx-x86_64 0.0-4 NOTE
r-oldrel-windows-ix86+x86_64 0.0-4 4.00 36.00 40.00 NOTE
r-oldrel-osx-x86_64 0.0-4 NOTE

Check Details

Version: 0.0-4
Check: top-level files
Result: NOTE
    File
     LICENSE
    is not mentioned in the DESCRIPTION file.
Flavors: r-devel-linux-x86_64-debian-clang, r-devel-linux-x86_64-debian-gcc, r-devel-linux-x86_64-fedora-clang, r-devel-linux-x86_64-fedora-gcc, r-devel-windows-ix86+x86_64, r-patched-linux-x86_64, r-patched-solaris-x86, r-release-linux-x86_64, r-release-windows-ix86+x86_64, r-release-osx-x86_64, r-oldrel-windows-ix86+x86_64, r-oldrel-osx-x86_64

Version: 0.0-4
Check: dependencies in R code
Result: NOTE
    'library' or 'require' call to ‘rJava’ which was already attached by Depends.
     Please remove these calls from your code.
Flavors: r-devel-linux-x86_64-debian-clang, r-devel-linux-x86_64-debian-gcc, r-devel-linux-x86_64-fedora-clang, r-devel-linux-x86_64-fedora-gcc, r-devel-windows-ix86+x86_64, r-patched-linux-x86_64, r-patched-solaris-x86, r-release-linux-x86_64, r-release-windows-ix86+x86_64, r-release-osx-x86_64, r-oldrel-windows-ix86+x86_64, r-oldrel-osx-x86_64

Version: 0.0-4
Check: installed package size
Result: NOTE
     installed size is 8.5Mb
Flavors: r-devel-linux-x86_64-fedora-clang, r-devel-linux-x86_64-fedora-gcc, r-devel-windows-ix86+x86_64, r-patched-solaris-x86, r-release-windows-ix86+x86_64, r-release-osx-x86_64, r-oldrel-windows-ix86+x86_64, r-oldrel-osx-x86_64