CRAN Package Check Results for Package rJython

Last updated on 2017-01-19 10:52:20.

Flavor Version Tinstall Tcheck Ttotal Status Flags
r-devel-linux-x86_64-debian-clang 0.0-4 1.47 18.85 20.31 NOTE
r-devel-linux-x86_64-debian-gcc 0.0-4 1.68 18.52 20.21 NOTE
r-devel-linux-x86_64-fedora-clang 0.0-4 54.49 NOTE --no-stop-on-test-error
r-devel-linux-x86_64-fedora-gcc 0.0-4 58.89 NOTE --no-stop-on-test-error
r-devel-macos-x86_64-clang 0.0-4 36.06 NOTE --no-stop-on-test-error
r-devel-windows-ix86+x86_64 0.0-4 10.00 56.00 66.00 NOTE
r-patched-linux-x86_64 0.0-4 1.42 17.17 18.59 NOTE
r-patched-solaris-sparc 0.0-4 204.60 NOTE
r-patched-solaris-x86 0.0-4 44.10 NOTE
r-release-linux-x86_64 0.0-4 1.48 17.42 18.90 NOTE
r-release-osx-x86_64-mavericks 0.0-4 NOTE
r-release-windows-ix86+x86_64 0.0-4 4.00 36.00 40.00 NOTE
r-oldrel-windows-ix86+x86_64 0.0-4 5.00 37.00 42.00 NOTE

Check Details

Version: 0.0-4
Check: top-level files
Result: NOTE
    File
     LICENSE
    is not mentioned in the DESCRIPTION file.
Flavors: r-devel-linux-x86_64-debian-clang, r-devel-linux-x86_64-debian-gcc, r-devel-windows-ix86+x86_64, r-patched-linux-x86_64, r-patched-solaris-sparc, r-patched-solaris-x86, r-release-linux-x86_64, r-release-osx-x86_64-mavericks, r-release-windows-ix86+x86_64, r-oldrel-windows-ix86+x86_64

Version: 0.0-4
Check: dependencies in R code
Result: NOTE
    'library' or 'require' call to ‘rJava’ which was already attached by Depends.
     Please remove these calls from your code.
Flavors: r-devel-linux-x86_64-debian-clang, r-devel-linux-x86_64-debian-gcc, r-devel-windows-ix86+x86_64, r-patched-linux-x86_64, r-patched-solaris-sparc, r-patched-solaris-x86, r-release-linux-x86_64, r-release-osx-x86_64-mavericks, r-release-windows-ix86+x86_64, r-oldrel-windows-ix86+x86_64

Version: 0.0-4
Flags: --no-stop-on-test-error
Check: installed package size
Result: NOTE
     installed size is 8.5Mb
Flavors: r-devel-linux-x86_64-fedora-clang, r-devel-linux-x86_64-fedora-gcc, r-devel-macos-x86_64-clang

Version: 0.0-4
Flags: --no-stop-on-test-error
Check: top-level files
Result: NOTE
    File
     LICENSE
    is not mentioned in the DESCRIPTION file.
Flavors: r-devel-linux-x86_64-fedora-clang, r-devel-linux-x86_64-fedora-gcc, r-devel-macos-x86_64-clang

Version: 0.0-4
Flags: --no-stop-on-test-error
Check: dependencies in R code
Result: NOTE
    'library' or 'require' call to ‘rJava’ which was already attached by Depends.
     Please remove these calls from your code.
Flavors: r-devel-linux-x86_64-fedora-clang, r-devel-linux-x86_64-fedora-gcc, r-devel-macos-x86_64-clang

Version: 0.0-4
Check: installed package size
Result: NOTE
     installed size is 8.5Mb
Flavors: r-devel-windows-ix86+x86_64, r-patched-solaris-sparc, r-patched-solaris-x86, r-release-osx-x86_64-mavericks, r-release-windows-ix86+x86_64, r-oldrel-windows-ix86+x86_64