CRAN Package Check Results for Package rJython

Last updated on 2015-07-06 11:48:21.

Flavor Version Tinstall Tcheck Ttotal Status Flags
r-devel-linux-x86_64-debian-clang 0.0-4 1.64 18.95 20.59 NOTE
r-devel-linux-x86_64-debian-gcc 0.0-4 1.41 18.52 19.92 NOTE
r-devel-linux-x86_64-fedora-clang 0.0-4 52.36 NOTE
r-devel-linux-x86_64-fedora-gcc 0.0-4 49.69 NOTE
r-devel-osx-x86_64-clang 0.0-4 35.12 NOTE
r-devel-windows-ix86+x86_64 0.0-4 5.00 32.00 37.00 NOTE
r-patched-linux-x86_64 0.0-4 1.45 18.30 19.74 NOTE
r-patched-solaris-sparc 0.0-4 240.20 NOTE
r-patched-solaris-x86 0.0-4 60.10 NOTE
r-release-linux-x86_64 0.0-4 1.53 18.68 20.21 NOTE
r-release-osx-x86_64-mavericks 0.0-4 NOTE
r-release-windows-ix86+x86_64 0.0-4 5.00 32.00 37.00 NOTE
r-oldrel-windows-ix86+x86_64 0.0-4 8.00 37.00 45.00 NOTE

Check Details

Version: 0.0-4
Check: installed package size
Result: NOTE
     installed size is 8.5Mb
Flavors: r-devel-linux-x86_64-debian-clang, r-devel-linux-x86_64-debian-gcc, r-devel-linux-x86_64-fedora-clang, r-devel-linux-x86_64-fedora-gcc, r-devel-osx-x86_64-clang, r-devel-windows-ix86+x86_64, r-patched-linux-x86_64, r-patched-solaris-sparc, r-patched-solaris-x86, r-release-linux-x86_64, r-release-osx-x86_64-mavericks, r-release-windows-ix86+x86_64, r-oldrel-windows-ix86+x86_64

Version: 0.0-4
Check: top-level files
Result: NOTE
    File
     LICENSE
    is not mentioned in the DESCRIPTION file.
Flavors: r-devel-linux-x86_64-debian-clang, r-devel-linux-x86_64-debian-gcc, r-devel-linux-x86_64-fedora-clang, r-devel-linux-x86_64-fedora-gcc, r-devel-osx-x86_64-clang, r-devel-windows-ix86+x86_64, r-patched-linux-x86_64, r-patched-solaris-sparc, r-patched-solaris-x86, r-release-linux-x86_64, r-release-osx-x86_64-mavericks, r-release-windows-ix86+x86_64, r-oldrel-windows-ix86+x86_64

Version: 0.0-4
Check: dependencies in R code
Result: NOTE
    'library' or 'require' call to ‘rJava’ which was already attached by Depends.
     Please remove these calls from your code.
Flavors: r-devel-linux-x86_64-debian-clang, r-devel-linux-x86_64-debian-gcc, r-devel-linux-x86_64-fedora-clang, r-devel-linux-x86_64-fedora-gcc, r-devel-osx-x86_64-clang, r-devel-windows-ix86+x86_64, r-patched-linux-x86_64, r-patched-solaris-sparc, r-patched-solaris-x86, r-release-linux-x86_64, r-release-osx-x86_64-mavericks, r-release-windows-ix86+x86_64, r-oldrel-windows-ix86+x86_64