CRAN Package Check Results for Package rJython

Last updated on 2016-12-05 17:49:35.

Flavor Version Tinstall Tcheck Ttotal Status Flags
r-devel-linux-x86_64-debian-clang 0.0-4 1.47 19.14 20.61 NOTE
r-devel-linux-x86_64-debian-gcc 0.0-4 1.54 19.22 20.77 NOTE
r-devel-linux-x86_64-fedora-clang 0.0-4 55.13 NOTE --no-stop-on-test-error
r-devel-linux-x86_64-fedora-gcc 0.0-4 55.55 NOTE --no-stop-on-test-error
r-devel-macos-x86_64-clang 0.0-4 38.07 NOTE
r-devel-windows-ix86+x86_64 0.0-4 10.00 41.00 51.00 NOTE
r-patched-linux-x86_64 0.0-4 1.40 17.35 18.75 NOTE
r-patched-solaris-sparc 0.0-4 202.90 NOTE
r-patched-solaris-x86 0.0-4 44.30 NOTE
r-release-linux-x86_64 0.0-4 1.51 17.61 19.12 NOTE
r-release-osx-x86_64-mavericks 0.0-4 NOTE
r-release-windows-ix86+x86_64 0.0-4 4.00 36.00 40.00 NOTE
r-oldrel-windows-ix86+x86_64 0.0-4 5.00 37.00 42.00 NOTE

Check Details

Version: 0.0-4
Check: top-level files
Result: NOTE
    File
     LICENSE
    is not mentioned in the DESCRIPTION file.
Flavors: r-devel-linux-x86_64-debian-clang, r-devel-linux-x86_64-debian-gcc, r-devel-macos-x86_64-clang, r-devel-windows-ix86+x86_64, r-patched-linux-x86_64, r-patched-solaris-sparc, r-patched-solaris-x86, r-release-linux-x86_64, r-release-osx-x86_64-mavericks, r-release-windows-ix86+x86_64, r-oldrel-windows-ix86+x86_64

Version: 0.0-4
Check: dependencies in R code
Result: NOTE
    'library' or 'require' call to ‘rJava’ which was already attached by Depends.
     Please remove these calls from your code.
Flavors: r-devel-linux-x86_64-debian-clang, r-devel-linux-x86_64-debian-gcc, r-devel-macos-x86_64-clang, r-devel-windows-ix86+x86_64, r-patched-linux-x86_64, r-patched-solaris-sparc, r-patched-solaris-x86, r-release-linux-x86_64, r-release-osx-x86_64-mavericks, r-release-windows-ix86+x86_64, r-oldrel-windows-ix86+x86_64

Version: 0.0-4
Flags: --no-stop-on-test-error
Check: installed package size
Result: NOTE
     installed size is 8.5Mb
Flavors: r-devel-linux-x86_64-fedora-clang, r-devel-linux-x86_64-fedora-gcc

Version: 0.0-4
Flags: --no-stop-on-test-error
Check: top-level files
Result: NOTE
    File
     LICENSE
    is not mentioned in the DESCRIPTION file.
Flavors: r-devel-linux-x86_64-fedora-clang, r-devel-linux-x86_64-fedora-gcc

Version: 0.0-4
Flags: --no-stop-on-test-error
Check: dependencies in R code
Result: NOTE
    'library' or 'require' call to ‘rJava’ which was already attached by Depends.
     Please remove these calls from your code.
Flavors: r-devel-linux-x86_64-fedora-clang, r-devel-linux-x86_64-fedora-gcc

Version: 0.0-4
Check: installed package size
Result: NOTE
     installed size is 8.5Mb
Flavors: r-devel-macos-x86_64-clang, r-devel-windows-ix86+x86_64, r-patched-solaris-sparc, r-patched-solaris-x86, r-release-osx-x86_64-mavericks, r-release-windows-ix86+x86_64, r-oldrel-windows-ix86+x86_64