CRAN Package Check Results for Package rJython

Last updated on 2014-07-23 04:48:30.

Flavor Version Tinstall Tcheck Ttotal Status Flags
r-devel-linux-x86_64-debian-clang 0.0-4 2.24 22.00 24.24 NOTE
r-devel-linux-x86_64-debian-gcc 0.0-4 1.93 21.78 23.72 NOTE
r-devel-linux-x86_64-fedora-clang 0.0-4 57.84 NOTE
r-devel-linux-x86_64-fedora-gcc 0.0-4 54.97 NOTE
r-devel-osx-x86_64-clang 0.0-4 47.01 NOTE
r-devel-windows-ix86+x86_64 0.0-4 6.00 34.00 40.00 NOTE
r-patched-linux-x86_64 0.0-4 1.98 22.31 24.29 NOTE
r-patched-solaris-sparc 0.0-4 287.30 NOTE
r-patched-solaris-x86 0.0-4 68.90 NOTE
r-release-linux-ix86 0.0-4 2.65 28.65 31.30 NOTE
r-release-linux-x86_64 0.0-4 2.06 22.51 24.57 NOTE
r-release-osx-x86_64-mavericks 0.0-4 NOTE
r-release-osx-x86_64-snowleopard 0.0-4 NOTE
r-release-windows-ix86+x86_64 0.0-4 9.00 48.00 57.00 NOTE
r-oldrel-windows-ix86+x86_64 0.0-4 7.00 32.00 39.00 NOTE

Check Details

Version: 0.0-4
Check: installed package size
Result: NOTE
     installed size is 8.6Mb
Flavors: r-devel-linux-x86_64-debian-clang, r-devel-linux-x86_64-debian-gcc, r-devel-linux-x86_64-fedora-clang, r-devel-linux-x86_64-fedora-gcc, r-devel-osx-x86_64-clang, r-devel-windows-ix86+x86_64, r-patched-linux-x86_64, r-patched-solaris-sparc, r-patched-solaris-x86, r-release-linux-ix86, r-release-linux-x86_64, r-release-osx-x86_64-mavericks, r-release-osx-x86_64-snowleopard, r-release-windows-ix86+x86_64, r-oldrel-windows-ix86+x86_64

Version: 0.0-4
Check: top-level files
Result: NOTE
    File
     LICENSE
    is not mentioned in the DESCRIPTION file.
Flavors: r-devel-linux-x86_64-debian-clang, r-devel-linux-x86_64-debian-gcc, r-devel-linux-x86_64-fedora-clang, r-devel-linux-x86_64-fedora-gcc, r-devel-osx-x86_64-clang, r-devel-windows-ix86+x86_64, r-patched-linux-x86_64, r-patched-solaris-sparc, r-patched-solaris-x86, r-release-linux-ix86, r-release-linux-x86_64, r-release-osx-x86_64-mavericks, r-release-osx-x86_64-snowleopard, r-release-windows-ix86+x86_64, r-oldrel-windows-ix86+x86_64

Version: 0.0-4
Check: dependencies in R code
Result: NOTE
    'library' or 'require' call to ‘rJava’ which was already attached by Depends.
     Please remove these calls from your code.
    See the information on DESCRIPTION files in the chapter ‘Creating R
    packages’ of the ‘Writing R Extensions’ manual.
Flavors: r-devel-linux-x86_64-debian-clang, r-devel-linux-x86_64-debian-gcc, r-devel-linux-x86_64-fedora-clang, r-devel-linux-x86_64-fedora-gcc, r-devel-osx-x86_64-clang, r-devel-windows-ix86+x86_64, r-patched-linux-x86_64, r-patched-solaris-sparc, r-patched-solaris-x86, r-release-linux-ix86, r-release-linux-x86_64, r-release-osx-x86_64-mavericks, r-release-osx-x86_64-snowleopard, r-release-windows-ix86+x86_64, r-oldrel-windows-ix86+x86_64