CRAN Package Check Results for Package rJython

Last updated on 2017-11-25 09:50:00 CET.

Flavor Version Tinstall Tcheck Ttotal Status Flags
r-devel-linux-x86_64-debian-clang 0.0-4 1.87 51.66 53.53 NOTE
r-devel-linux-x86_64-debian-gcc 0.0-4 1.67 50.31 51.98 NOTE
r-devel-linux-x86_64-fedora-clang 0.0-4 52.02 NOTE
r-devel-linux-x86_64-fedora-gcc 0.0-4 50.90 NOTE
r-devel-windows-ix86+x86_64 0.0-4 8.00 44.00 52.00 NOTE
r-patched-linux-x86_64 0.0-4 2.39 51.94 54.34 NOTE
r-patched-solaris-x86 0.0-4 54.90 NOTE
r-release-linux-x86_64 0.0-4 1.86 52.62 54.49 NOTE
r-release-windows-ix86+x86_64 0.0-4 6.00 52.00 58.00 NOTE
r-release-osx-x86_64 0.0-4 NOTE
r-oldrel-windows-ix86+x86_64 0.0-4 4.00 36.00 40.00 NOTE
r-oldrel-osx-x86_64 0.0-4 NOTE

Check Details

Version: 0.0-4
Check: top-level files
Result: NOTE
    File
     LICENSE
    is not mentioned in the DESCRIPTION file.
Flavors: r-devel-linux-x86_64-debian-clang, r-devel-linux-x86_64-debian-gcc, r-devel-linux-x86_64-fedora-clang, r-devel-linux-x86_64-fedora-gcc, r-devel-windows-ix86+x86_64, r-patched-linux-x86_64, r-patched-solaris-x86, r-release-linux-x86_64, r-release-windows-ix86+x86_64, r-release-osx-x86_64, r-oldrel-windows-ix86+x86_64, r-oldrel-osx-x86_64

Version: 0.0-4
Check: dependencies in R code
Result: NOTE
    'library' or 'require' call to ‘rJava’ which was already attached by Depends.
     Please remove these calls from your code.
Flavors: r-devel-linux-x86_64-debian-clang, r-devel-linux-x86_64-debian-gcc, r-devel-linux-x86_64-fedora-clang, r-devel-linux-x86_64-fedora-gcc, r-devel-windows-ix86+x86_64, r-patched-linux-x86_64, r-patched-solaris-x86, r-release-linux-x86_64, r-release-windows-ix86+x86_64, r-release-osx-x86_64, r-oldrel-windows-ix86+x86_64, r-oldrel-osx-x86_64

Version: 0.0-4
Check: installed package size
Result: NOTE
     installed size is 8.5Mb
Flavors: r-devel-linux-x86_64-fedora-clang, r-devel-linux-x86_64-fedora-gcc, r-devel-windows-ix86+x86_64, r-patched-solaris-x86, r-release-windows-ix86+x86_64, r-release-osx-x86_64, r-oldrel-windows-ix86+x86_64, r-oldrel-osx-x86_64