CRAN Package Check Results for Package rKOMICS

Last updated on 2021-04-11 02:46:56 CEST.

Flavor Version Tinstall Tcheck Ttotal Status Flags
r-devel-linux-x86_64-debian-clang 1.0 18.13 164.91 183.04 OK
r-devel-linux-x86_64-debian-gcc 1.0 15.65 122.14 137.79 OK
r-devel-linux-x86_64-fedora-clang 1.0 222.78 NOTE
r-devel-linux-x86_64-fedora-gcc 1.0 227.78 OK
r-devel-windows-ix86+x86_64 1.0 40.00 98.00 138.00 NOTE
r-devel-windows-x86_64-gcc10-UCRT 1.0 OK
r-patched-linux-x86_64 1.0 18.65 151.11 169.76 OK
r-patched-solaris-x86 1.0 325.90 NOTE
r-release-linux-x86_64 1.0 18.73 152.54 171.27 OK
r-release-macos-x86_64 1.0 NOTE
r-release-windows-ix86+x86_64 1.0 67.00 188.00 255.00 NOTE
r-oldrel-macos-x86_64 1.0 NOTE
r-oldrel-windows-ix86+x86_64 1.0 46.00 88.00 134.00 NOTE

Check Details

Version: 1.0
Check: installed package size
Result: NOTE
     installed size is 26.7Mb
     sub-directories of 1Mb or more:
     extdata 26.3Mb
Flavors: r-devel-linux-x86_64-fedora-clang, r-devel-windows-ix86+x86_64, r-patched-solaris-x86, r-release-macos-x86_64, r-release-windows-ix86+x86_64, r-oldrel-macos-x86_64, r-oldrel-windows-ix86+x86_64