CRAN Package Check Results for Package rLTP

Last updated on 2022-10-02 11:54:24 CEST.

Flavor Version Tinstall Tcheck Ttotal Status Flags
r-devel-linux-x86_64-debian-clang 0.1.4 4.17 30.26 34.43 NOTE
r-devel-linux-x86_64-debian-gcc 0.1.4 3.27 23.60 26.87 NOTE
r-devel-linux-x86_64-fedora-clang 0.1.4 53.91 NOTE
r-devel-linux-x86_64-fedora-gcc 0.1.4 50.48 NOTE
r-devel-windows-x86_64 0.1.4 18.00 69.00 87.00 NOTE
r-patched-linux-x86_64 0.1.4 3.78 29.01 32.79 NOTE
r-release-linux-x86_64 0.1.4 3.67 28.77 32.44 NOTE
r-release-macos-arm64 0.1.4 18.00 NOTE
r-release-macos-x86_64 0.1.4 24.00 NOTE
r-release-windows-x86_64 0.1.4 11.00 56.00 67.00 NOTE
r-oldrel-macos-arm64 0.1.4 19.00 NOTE
r-oldrel-macos-x86_64 0.1.4 31.00 NOTE
r-oldrel-windows-ix86+x86_64 0.1.4 19.00 53.00 72.00 NOTE

Check Details

Version: 0.1.4
Check: LazyData
Result: NOTE
     'LazyData' is specified without a 'data' directory
Flavors: r-devel-linux-x86_64-debian-clang, r-devel-linux-x86_64-debian-gcc, r-devel-linux-x86_64-fedora-clang, r-devel-linux-x86_64-fedora-gcc, r-devel-windows-x86_64, r-patched-linux-x86_64, r-release-linux-x86_64, r-release-macos-arm64, r-release-macos-x86_64, r-release-windows-x86_64, r-oldrel-macos-arm64, r-oldrel-macos-x86_64, r-oldrel-windows-ix86+x86_64