CRAN Package Check Results for Package rLiDAR

Last updated on 2022-10-05 06:51:32 CEST.

Flavor Version Tinstall Tcheck Ttotal Status Flags
r-devel-linux-x86_64-debian-clang 0.1.5 37.96 334.08 372.04 OK
r-devel-linux-x86_64-debian-gcc 0.1.5 29.16 246.58 275.74 OK
r-devel-linux-x86_64-fedora-clang 0.1.5 457.44 NOTE
r-devel-linux-x86_64-fedora-gcc 0.1.5 437.07 NOTE
r-devel-windows-x86_64 0.1.5 34.00 320.00 354.00 OK
r-patched-linux-x86_64 0.1.5 34.13 318.11 352.24 OK
r-release-linux-x86_64 0.1.5 35.05 320.84 355.89 OK
r-release-macos-arm64 0.1.5 90.00 NOTE
r-release-macos-x86_64 0.1.5 128.00 NOTE
r-release-windows-x86_64 0.1.5 44.00 334.00 378.00 OK
r-oldrel-macos-arm64 0.1.5 49.00 NOTE
r-oldrel-macos-x86_64 0.1.5 71.00 NOTE
r-oldrel-windows-ix86+x86_64 0.1.5 78.00 323.00 401.00 OK

Check Details

Version: 0.1.5
Check: dependencies in R code
Result: NOTE
    Namespace in Imports field not imported from: ‘rgeos’
     All declared Imports should be used.
Flavors: r-devel-linux-x86_64-fedora-clang, r-devel-linux-x86_64-fedora-gcc, r-release-macos-arm64, r-release-macos-x86_64, r-oldrel-macos-arm64, r-oldrel-macos-x86_64