CRAN Package Check Results for Package rModeling

Last updated on 2020-05-25 09:58:31 CEST.

Flavor Version Tinstall Tcheck Ttotal Status Flags
r-devel-linux-x86_64-debian-clang 0.0.3 2.05 29.33 31.38 OK
r-devel-linux-x86_64-debian-gcc 0.0.3 2.03 23.93 25.96 OK
r-devel-linux-x86_64-fedora-clang 0.0.3 39.02 NOTE
r-devel-linux-x86_64-fedora-gcc 0.0.3 37.42 NOTE
r-devel-windows-ix86+x86_64 0.0.3 11.00 48.00 59.00 OK
r-patched-linux-x86_64 0.0.3 2.25 29.41 31.66 OK
r-patched-solaris-x86 0.0.3 61.40 NOTE
r-release-linux-x86_64 0.0.3 2.36 29.38 31.74 OK
r-release-osx-x86_64 0.0.3 NOTE
r-release-windows-ix86+x86_64 0.0.3 18.00 61.00 79.00 OK
r-oldrel-osx-x86_64 0.0.3 NOTE
r-oldrel-windows-ix86+x86_64 0.0.3 5.00 52.00 57.00 OK

Check Details

Version: 0.0.3
Check: dependencies in R code
Result: NOTE
    Namespace in Imports field not imported from: ‘e1071’
     All declared Imports should be used.
Flavors: r-devel-linux-x86_64-fedora-clang, r-devel-linux-x86_64-fedora-gcc, r-patched-solaris-x86, r-release-osx-x86_64, r-oldrel-osx-x86_64