CRAN Package Check Results for Package rNOMADS

Last updated on 2015-08-01 23:47:31.

Flavor Version Tinstall Tcheck Ttotal Status Flags
r-devel-linux-x86_64-debian-clang 2.1.4 1.11 17.92 19.03 NOTE
r-devel-linux-x86_64-debian-gcc 2.1.4 1.09 17.71 18.80 NOTE
r-devel-linux-x86_64-fedora-clang 2.1.4 37.29 NOTE
r-devel-linux-x86_64-fedora-gcc 2.1.4 35.54 NOTE
r-devel-osx-x86_64-clang 2.1.4 34.73 OK
r-devel-windows-ix86+x86_64 2.1.4 6.00 43.00 49.00 NOTE
r-patched-linux-x86_64 2.1.4 1.16 17.96 19.12 OK
r-patched-solaris-sparc 2.1.4 245.00 OK
r-patched-solaris-x86 2.1.4 55.50 OK
r-release-linux-x86_64 2.1.4 1.14 17.74 18.88 OK
r-release-osx-x86_64-mavericks 2.1.4 OK
r-release-windows-ix86+x86_64 2.1.4 5.00 33.00 38.00 OK
r-oldrel-windows-ix86+x86_64 2.1.4 9.00 43.00 52.00 OK

Check Details

Version: 2.1.4
Check: R code for possible problems
Result: NOTE
    ArchiveGribGrab: no visible global function definition for
     ‘download.file’
    GribGrab: no visible global function definition for ‘download.file’
    PlotWindProfile: no visible global function definition for ‘rainbow’
    PlotWindProfile: no visible global function definition for ‘plot’
    PlotWindProfile: no visible global function definition for ‘segments’
    PlotWindProfile: no visible global function definition for ‘text’
    PlotWindProfile: no visible global function definition for ‘tail’
    PlotWindProfile: no visible global function definition for ‘image’
    Undefined global functions or variables:
     download.file image plot rainbow segments tail text
    Consider adding
     importFrom("grDevices", "rainbow")
     importFrom("graphics", "image", "plot", "segments", "text")
     importFrom("utils", "download.file", "tail")
    to your NAMESPACE.
Flavors: r-devel-linux-x86_64-debian-clang, r-devel-linux-x86_64-debian-gcc, r-devel-linux-x86_64-fedora-clang, r-devel-linux-x86_64-fedora-gcc, r-devel-windows-ix86+x86_64