CRAN Package Check Results for Package rNOMADS

Last updated on 2015-05-06 05:48:01.

Flavor Version Tinstall Tcheck Ttotal Status Flags
r-devel-linux-x86_64-debian-clang 2.1.3 1.59 17.82 19.40 OK
r-devel-linux-x86_64-debian-gcc 2.1.3 1.33 17.94 19.26 OK
r-devel-linux-x86_64-fedora-clang 2.1.3 37.15 OK
r-devel-linux-x86_64-fedora-gcc 2.1.3 35.19 OK
r-devel-osx-x86_64-clang 2.1.3 36.56 OK
r-devel-windows-ix86+x86_64 2.1.3 4.00 30.00 34.00 OK
r-patched-linux-x86_64 2.1.3 1.16 17.35 18.51 OK
r-patched-solaris-sparc 2.1.3 226.30 OK
r-patched-solaris-x86 2.1.3 51.40 OK
r-release-linux-x86_64 2.1.3 1.14 18.08 19.23 OK
r-release-osx-x86_64-mavericks 2.1.3 OK
r-release-osx-x86_64-snowleopard 2.1.3 ERROR
r-release-windows-ix86+x86_64 2.1.3 6.00 28.00 34.00 OK
r-oldrel-windows-ix86+x86_64 2.1.3 8.00 54.00 62.00 OK

Check Details

Version: 2.1.3
Check: package dependencies
Result: ERROR
    Packages required but not available: ‘rvest’ ‘scrapeR’ ‘fields’ ‘XML’
    
    See section ‘The DESCRIPTION file’ in the ‘Writing R Extensions’
    manual.
Flavor: r-release-osx-x86_64-snowleopard