CRAN Package Check Results for Package rNOMADS

Last updated on 2018-02-17 21:49:38 CET.

Flavor Version Tinstall Tcheck Ttotal Status Flags
r-devel-linux-x86_64-debian-clang 2.3.9 3.52 30.41 33.93 OK
r-devel-linux-x86_64-debian-gcc 2.3.9 2.78 23.86 26.64 OK
r-devel-linux-x86_64-fedora-clang 2.3.9 39.05 OK
r-devel-linux-x86_64-fedora-gcc 2.3.9 37.80 OK
r-devel-windows-ix86+x86_64 2.3.9 5.00 42.00 47.00 OK
r-patched-linux-x86_64 2.3.9 1.78 30.01 31.79 OK
r-patched-solaris-x86 2.3.9 50.80 OK
r-release-linux-x86_64 2.3.9 1.73 30.04 31.77 OK
r-release-windows-ix86+x86_64 2.3.9 6.00 55.00 61.00 OK
r-release-osx-x86_64 2.3.9 OK
r-oldrel-windows-ix86+x86_64 2.3.7 4.00 40.00 44.00 OK
r-oldrel-osx-x86_64 2.3.8 ERROR

Check Details

Version: 2.3.8
Check: whether package can be installed
Result: ERROR
    Installation failed.
Flavor: r-oldrel-osx-x86_64