CRAN Package Check Results for Package rNOMADS

Last updated on 2015-09-04 11:47:50.

Flavor Version Tinstall Tcheck Ttotal Status Flags
r-devel-linux-x86_64-debian-clang 2.1.4 1.09 17.31 18.40 NOTE
r-devel-linux-x86_64-debian-gcc 2.1.4 1.05 17.38 18.43 NOTE
r-devel-linux-x86_64-fedora-clang 2.1.4 35.51 NOTE
r-devel-linux-x86_64-fedora-gcc 2.1.4 35.50 NOTE
r-devel-osx-x86_64-clang 2.1.4 34.15 OK
r-devel-windows-ix86+x86_64 2.1.4 5.00 31.00 36.00 NOTE
r-patched-linux-x86_64 2.1.4 1.27 18.04 19.32 OK
r-patched-solaris-sparc 2.1.4 245.00 OK
r-patched-solaris-x86 2.1.4 55.40 OK
r-release-linux-x86_64 2.1.4 1.19 17.72 18.91 OK
r-release-osx-x86_64-mavericks 2.1.4 OK
r-release-windows-ix86+x86_64 2.1.4 5.00 30.00 35.00 OK
r-oldrel-windows-ix86+x86_64 2.1.4 6.00 45.00 51.00 OK

Check Details

Version: 2.1.4
Check: R code for possible problems
Result: NOTE
    ArchiveGribGrab: no visible global function definition for
     ‘download.file’
    GribGrab: no visible global function definition for ‘download.file’
    PlotWindProfile: no visible global function definition for ‘rainbow’
    PlotWindProfile: no visible global function definition for ‘plot’
    PlotWindProfile: no visible global function definition for ‘segments’
    PlotWindProfile: no visible global function definition for ‘text’
    PlotWindProfile: no visible global function definition for ‘tail’
    PlotWindProfile: no visible global function definition for ‘image’
    Undefined global functions or variables:
     download.file image plot rainbow segments tail text
    Consider adding
     importFrom("grDevices", "rainbow")
     importFrom("graphics", "image", "plot", "segments", "text")
     importFrom("utils", "download.file", "tail")
    to your NAMESPACE.
Flavors: r-devel-linux-x86_64-debian-clang, r-devel-linux-x86_64-debian-gcc, r-devel-linux-x86_64-fedora-clang, r-devel-linux-x86_64-fedora-gcc, r-devel-windows-ix86+x86_64