CRAN Package Check Results for Package rNeighborQTL

Last updated on 2021-12-01 03:55:39 CET.

Flavor Version Tinstall Tcheck Ttotal Status Flags
r-devel-linux-x86_64-debian-clang 1.1.2 9.66 142.56 152.22 OK
r-devel-linux-x86_64-debian-gcc 1.1.2 6.97 116.17 123.14 OK
r-devel-linux-x86_64-fedora-clang 1.1.2 188.42 NOTE
r-devel-linux-x86_64-fedora-gcc 1.1.2 179.47 NOTE
r-devel-windows-x86_64-new-UL 1.1.2 17.00 186.00 203.00 OK
r-devel-windows-x86_64-new-TK 1.1.2 NOTE
r-devel-windows-x86_64-old 1.1.2 13.00 142.00 155.00 OK
r-patched-linux-x86_64 1.1.2 8.28 135.52 143.80 OK
r-patched-solaris-x86 1.1.2 163.60 NOTE
r-release-linux-x86_64 1.1.2 9.72 135.46 145.18 OK
r-release-macos-arm64 1.1.2 NOTE
r-release-macos-x86_64 1.1.2 NOTE
r-release-windows-ix86+x86_64 1.1.2 18.00 131.00 149.00 OK
r-oldrel-macos-x86_64 1.1.2 NOTE
r-oldrel-windows-ix86+x86_64 1.1.2 12.00 175.00 187.00 OK

Check Details

Version: 1.1.2
Check: dependencies in R code
Result: NOTE
    Namespace in Imports field not imported from: ‘qtl’
     All declared Imports should be used.
Flavors: r-devel-linux-x86_64-fedora-clang, r-devel-linux-x86_64-fedora-gcc, r-devel-windows-x86_64-new-TK, r-patched-solaris-x86, r-release-macos-arm64, r-release-macos-x86_64, r-oldrel-macos-x86_64