CRAN Package Check Results for Package rODE

Last updated on 2020-03-31 15:49:50 CEST.

Flavor Version Tinstall Tcheck Ttotal Status Flags
r-devel-linux-x86_64-debian-clang 0.99.6 5.28 117.49 122.77 OK
r-devel-linux-x86_64-debian-gcc 0.99.6 4.52 86.13 90.65 OK
r-devel-linux-x86_64-fedora-clang 0.99.6 137.18 NOTE
r-devel-linux-x86_64-fedora-gcc 0.99.6 135.17 NOTE
r-devel-windows-ix86+x86_64 0.99.6 14.00 117.00 131.00 OK
r-devel-windows-ix86+x86_64-gcc8 0.99.6 12.00 116.00 128.00 OK
r-patched-linux-x86_64 0.99.6 4.94 107.17 112.11 OK
r-patched-solaris-x86 0.99.6 172.70 NOTE
r-release-linux-x86_64 0.99.6 4.16 95.03 99.19 OK
r-release-windows-ix86+x86_64 0.99.6 21.00 155.00 176.00 OK
r-release-osx-x86_64 0.99.6 NOTE
r-oldrel-windows-ix86+x86_64 0.99.6 12.00 125.00 137.00 OK
r-oldrel-osx-x86_64 0.99.6 NOTE

Check Details

Version: 0.99.6
Check: dependencies in R code
Result: NOTE
    Namespace in Imports field not imported from: ‘data.table’
     All declared Imports should be used.
Flavors: r-devel-linux-x86_64-fedora-clang, r-devel-linux-x86_64-fedora-gcc, r-patched-solaris-x86, r-release-osx-x86_64, r-oldrel-osx-x86_64