Last updated on 2023-03-23 17:52:26 CET.
Flavor | Version | Tinstall | Tcheck | Ttotal | Status | Flags |
---|---|---|---|---|---|---|
r-devel-linux-x86_64-debian-clang | 0.2.1 | 306.48 | 195.43 | 501.91 | NOTE | |
r-devel-linux-x86_64-debian-gcc | 0.2.1 | 231.92 | 211.00 | 442.92 | NOTE | |
r-devel-linux-x86_64-fedora-clang | 0.2.1 | 690.74 | NOTE | |||
r-devel-linux-x86_64-fedora-gcc | 0.2.1 | 862.68 | NOTE | |||
r-patched-linux-x86_64 | 0.2.1 | 195.12 | 220.72 | 415.84 | NOTE | |
r-release-linux-x86_64 | 0.2.1 | 194.07 | 205.37 | 399.44 | NOTE | |
r-release-macos-arm64 | 0.2.1 | 146.00 | NOTE | |||
r-release-macos-x86_64 | 0.2.1 | 244.00 | NOTE | |||
r-release-windows-x86_64 | 0.2.1 | 209.00 | 309.00 | 518.00 | NOTE | |
r-oldrel-macos-arm64 | 0.2.1 | 169.00 | NOTE | |||
r-oldrel-macos-x86_64 | 0.2.1 | 230.00 | NOTE | |||
r-oldrel-windows-ix86+x86_64 | 0.2.1 | 566.00 | 310.00 | 876.00 | NOTE |
Version: 0.2.1
Check: for GNU extensions in Makefiles
Result: NOTE
GNU make is a SystemRequirements.
Flavors: r-devel-linux-x86_64-debian-clang, r-devel-linux-x86_64-debian-gcc, r-devel-linux-x86_64-fedora-clang, r-devel-linux-x86_64-fedora-gcc, r-patched-linux-x86_64, r-release-linux-x86_64, r-release-macos-arm64, r-release-macos-x86_64, r-release-windows-x86_64, r-oldrel-macos-arm64, r-oldrel-macos-x86_64, r-oldrel-windows-ix86+x86_64
Version: 0.2.1
Check: dependencies in R code
Result: NOTE
Namespace in Imports field not imported from: ‘rstantools’
All declared Imports should be used.
Flavors: r-devel-linux-x86_64-fedora-clang, r-devel-linux-x86_64-fedora-gcc
Version: 0.2.1
Check: installed package size
Result: NOTE
installed size is 55.1Mb
sub-directories of 1Mb or more:
libs 54.0Mb
Flavors: r-release-macos-arm64, r-release-macos-x86_64, r-oldrel-macos-arm64, r-oldrel-macos-x86_64, r-oldrel-windows-ix86+x86_64