Last updated on 2025-04-29 21:50:01 CEST.
Flavor | Version | Tinstall | Tcheck | Ttotal | Status | Flags |
---|---|---|---|---|---|---|
r-devel-linux-x86_64-debian-clang | 0.2.2 | 6.67 | 53.73 | 60.40 | NOTE | |
r-devel-linux-x86_64-debian-gcc | 0.2.2 | 4.60 | 38.53 | 43.13 | NOTE | |
r-devel-linux-x86_64-fedora-clang | 0.2.2 | 89.65 | OK | |||
r-devel-linux-x86_64-fedora-gcc | 0.2.2 | 92.58 | OK | |||
r-devel-windows-x86_64 | 0.2.2 | 8.00 | 73.00 | 81.00 | OK | |
r-patched-linux-x86_64 | 0.2.2 | 7.73 | 49.64 | 57.37 | OK | |
r-release-linux-x86_64 | 0.2.2 | 6.59 | 49.74 | 56.33 | OK | |
r-release-macos-arm64 | 0.2.2 | 33.00 | OK | |||
r-release-macos-x86_64 | 0.2.2 | 58.00 | OK | |||
r-release-windows-x86_64 | 0.2.2 | 9.00 | 73.00 | 82.00 | OK | |
r-oldrel-macos-arm64 | 0.2.2 | 35.00 | NOTE | |||
r-oldrel-macos-x86_64 | 0.2.2 | 85.00 | NOTE | |||
r-oldrel-windows-x86_64 | 0.2.2 | 10.00 | 82.00 | 92.00 | NOTE |
Version: 0.2.2
Check: CRAN incoming feasibility
Result: NOTE
Maintainer: ‘Adam Spannbauer <spannbaueradam@gmail.com>’
No Authors@R field in DESCRIPTION.
Please add one, modifying
Authors@R: person(given = "Adam",
family = "Spannbauer",
role = c("aut", "cre"),
email = "spannbaueradam@gmail.com")
as necessary.
Flavors: r-devel-linux-x86_64-debian-clang, r-devel-linux-x86_64-debian-gcc
Version: 0.2.2
Check: LazyData
Result: NOTE
'LazyData' is specified without a 'data' directory
Flavors: r-oldrel-macos-arm64, r-oldrel-macos-x86_64, r-oldrel-windows-x86_64