CRAN Package Check Results for Package rPanglaoDB

Last updated on 2021-12-07 12:54:16 CET.

Flavor Version Tinstall Tcheck Ttotal Status Flags
r-devel-linux-x86_64-debian-clang 0.2.1 19.51 171.07 190.58 OK
r-devel-linux-x86_64-debian-gcc 0.2.1 18.35 129.78 148.13 OK
r-devel-linux-x86_64-fedora-clang 0.2.1 231.46 OK
r-devel-linux-x86_64-fedora-gcc 0.2.1 227.84 OK
r-devel-windows-x86_64-new-UL 0.2.1 33.00 203.00 236.00 OK
r-devel-windows-x86_64-new-TK 0.2.1 OK
r-devel-windows-x86_64-old 0.2.1 50.00 144.00 194.00 OK
r-patched-linux-x86_64 0.2.1 15.35 159.76 175.11 OK
r-release-linux-x86_64 0.2.1 13.37 160.68 174.05 OK
r-release-macos-arm64 0.2.1 OK
r-release-macos-x86_64 0.2.1 OK
r-release-windows-ix86+x86_64 0.2.1 33.00 169.00 202.00 OK
r-oldrel-macos-x86_64 0.2.1 OK
r-oldrel-windows-ix86+x86_64 0.2.1 6.00 19.00 25.00 ERROR

Check Details

Version: 0.2.1
Check: whether package can be installed
Result: ERROR
    Installation failed.
Flavor: r-oldrel-windows-ix86+x86_64