CRAN Package Check Results for Package rPlant

Last updated on 2014-11-23 19:47:55.

Flavor Version Tinstall Tcheck Ttotal Status Flags
r-devel-linux-x86_64-debian-clang 2.7 2.76 33.28 36.04 NOTE
r-devel-linux-x86_64-debian-gcc 2.7 2.60 32.88 35.49 NOTE
r-devel-linux-x86_64-fedora-clang 2.7 79.30 NOTE
r-devel-linux-x86_64-fedora-gcc 2.7 73.28 NOTE
r-devel-osx-x86_64-clang 2.7 70.81 NOTE
r-devel-windows-ix86+x86_64 2.7 12.00 57.00 69.00 NOTE
r-patched-linux-x86_64 2.7 3.76 34.77 38.52 NOTE
r-patched-solaris-sparc 2.7 410.90 NOTE
r-patched-solaris-x86 2.7 99.10 NOTE
r-release-linux-ix86 2.7 3.41 41.04 44.46 NOTE
r-release-linux-x86_64 2.7 2.70 34.06 36.75 NOTE
r-release-osx-x86_64-mavericks 2.7 NOTE
r-release-osx-x86_64-snowleopard 2.7 NOTE
r-release-windows-ix86+x86_64 2.7 12.00 61.00 73.00 NOTE
r-oldrel-windows-ix86+x86_64 2.7 13.00 58.00 71.00 NOTE

Check Details

Version: 2.7
Check: dependencies in R code
Result: NOTE
    'library' or 'require' call to ‘knitcitations’ which was already attached by Depends.
     Please remove these calls from your code.
    Package in Depends field not imported from: ‘knitcitations’
     These packages need to be imported from (in the NAMESPACE file)
     for when this namespace is loaded but not attached.
    See the information on DESCRIPTION files in the chapter ‘Creating R
    packages’ of the ‘Writing R Extensions’ manual.
Flavors: r-devel-linux-x86_64-debian-clang, r-devel-linux-x86_64-debian-gcc, r-devel-linux-x86_64-fedora-clang, r-devel-linux-x86_64-fedora-gcc, r-devel-osx-x86_64-clang, r-devel-windows-ix86+x86_64, r-patched-linux-x86_64, r-patched-solaris-sparc, r-patched-solaris-x86, r-release-linux-ix86, r-release-linux-x86_64, r-release-osx-x86_64-mavericks, r-release-windows-ix86+x86_64, r-oldrel-windows-ix86+x86_64

Version: 2.7
Check: R code for possible problems
Result: NOTE
    GetCitations: no visible global function definition for ‘ref’
    GetCitations: no visible global function definition for ‘write.bibtex’
Flavors: r-devel-linux-x86_64-debian-clang, r-devel-linux-x86_64-debian-gcc, r-devel-linux-x86_64-fedora-clang, r-devel-linux-x86_64-fedora-gcc, r-devel-osx-x86_64-clang, r-devel-windows-ix86+x86_64, r-patched-linux-x86_64, r-patched-solaris-sparc, r-patched-solaris-x86, r-release-linux-ix86, r-release-linux-x86_64, r-release-windows-ix86+x86_64

Version: 2.7
Check: dependencies in R code
Result: NOTE
    ‘library’ or ‘require’ call to ‘knitcitations’ which was already attached by Depends.
     Please remove these calls from your code.
    Package in Depends field not imported from: ‘knitcitations’
     These packages need to be imported from for the case when
     this namespace is loaded but not attached.
    See the information on DESCRIPTION files in the chapter ‘Creating R
    packages’ of the ‘Writing R Extensions’ manual.
Flavor: r-release-osx-x86_64-snowleopard

Version: 2.7
Check: R code for possible problems
Result: NOTE
    GetCitations: no visible global function definition for 'ref'
Flavor: r-oldrel-windows-ix86+x86_64