CRAN Package Check Results for Package rPlant

Last updated on 2017-03-29 11:49:52.

Flavor Version Tinstall Tcheck Ttotal Status Flags
r-devel-linux-x86_64-debian-clang 2.16 3.46 25.46 28.93 WARN
r-devel-linux-x86_64-debian-gcc 2.16 1.40 25.62 27.02 WARN
r-devel-linux-x86_64-fedora-clang 2.16 31.79 WARN --no-stop-on-test-error
r-devel-linux-x86_64-fedora-gcc 2.16 44.47 WARN --no-stop-on-test-error
r-devel-macos-x86_64-clang 2.16 38.22 WARN --no-stop-on-test-error
r-devel-windows-ix86+x86_64 2.16 5.00 78.00 83.00 WARN
r-patched-linux-x86_64 2.16 1.40 25.54 26.94 WARN
r-patched-solaris-sparc 2.16 290.70 WARN
r-patched-solaris-x86 2.16 66.10 WARN
r-release-linux-x86_64 2.16 1.52 23.83 25.35 OK
r-release-osx-x86_64-mavericks 2.16 OK
r-release-windows-ix86+x86_64 2.16 8.00 96.00 104.00 OK
r-oldrel-windows-ix86+x86_64 2.16 5.00 61.00 66.00 OK

Check Details

Version: 2.16
Check: files in ‘vignettes’
Result: WARN
    Files in the 'vignettes' directory but no files in 'inst/doc':
     ‘TNRSVignette.pdf’, ‘rPlantVignette.pdf’
    Package has no Sweave vignette sources and no VignetteBuilder field.
Flavors: r-devel-linux-x86_64-debian-clang, r-devel-linux-x86_64-debian-gcc, r-devel-windows-ix86+x86_64, r-patched-linux-x86_64, r-patched-solaris-sparc, r-patched-solaris-x86

Version: 2.16
Flags: --no-stop-on-test-error
Check: files in ‘vignettes’
Result: WARN
    Files in the 'vignettes' directory but no files in 'inst/doc':
     ‘TNRSVignette.pdf’, ‘rPlantVignette.pdf’
    Package has no Sweave vignette sources and no VignetteBuilder field.
Flavors: r-devel-linux-x86_64-fedora-clang, r-devel-linux-x86_64-fedora-gcc, r-devel-macos-x86_64-clang