CRAN Package Check Results for Package rPlant

Last updated on 2014-09-03 05:47:52.

Flavor Version Tinstall Tcheck Ttotal Status Flags
r-devel-linux-x86_64-debian-clang 2.7 2.57 31.76 34.33 NOTE
r-devel-linux-x86_64-debian-gcc 2.7 3.62 30.93 34.55 NOTE
r-devel-linux-x86_64-fedora-clang 2.7 77.41 NOTE
r-devel-linux-x86_64-fedora-gcc 2.7 69.48 NOTE
r-devel-osx-x86_64-clang 2.7 64.48 NOTE
r-devel-windows-ix86+x86_64 2.7 11.00 55.00 66.00 NOTE
r-patched-linux-x86_64 2.7 3.36 33.78 37.14 NOTE
r-patched-solaris-sparc 2.7 427.40 NOTE
r-patched-solaris-x86 2.7 95.10 NOTE
r-release-linux-ix86 2.7 3.31 42.69 46.00 NOTE
r-release-linux-x86_64 2.7 2.69 33.98 36.67 NOTE
r-release-osx-x86_64-mavericks 2.7 NOTE
r-release-osx-x86_64-snowleopard 2.7 NOTE
r-release-windows-ix86+x86_64 2.7 10.00 58.00 68.00 NOTE
r-oldrel-windows-ix86+x86_64 2.7 12.00 58.00 70.00 NOTE

Check Details

Version: 2.7
Check: dependencies in R code
Result: NOTE
    'library' or 'require' call to ‘knitcitations’ which was already attached by Depends.
     Please remove these calls from your code.
    Package in Depends field not imported from: ‘knitcitations’
     These packages need to be imported from (in the NAMESPACE file)
     for when this namespace is loaded but not attached.
    See the information on DESCRIPTION files in the chapter ‘Creating R
    packages’ of the ‘Writing R Extensions’ manual.
Flavors: r-devel-linux-x86_64-debian-clang, r-devel-linux-x86_64-debian-gcc, r-devel-linux-x86_64-fedora-clang, r-devel-linux-x86_64-fedora-gcc, r-devel-osx-x86_64-clang, r-devel-windows-ix86+x86_64, r-patched-linux-x86_64, r-patched-solaris-sparc, r-patched-solaris-x86, r-release-linux-ix86, r-release-linux-x86_64, r-release-osx-x86_64-mavericks, r-release-windows-ix86+x86_64, r-oldrel-windows-ix86+x86_64

Version: 2.7
Check: R code for possible problems
Result: NOTE
    GetCitations: no visible global function definition for ‘ref’
    GetCitations: no visible global function definition for ‘write.bibtex’
Flavors: r-devel-linux-x86_64-debian-clang, r-devel-linux-x86_64-debian-gcc, r-devel-linux-x86_64-fedora-clang, r-devel-linux-x86_64-fedora-gcc, r-devel-osx-x86_64-clang, r-devel-windows-ix86+x86_64

Version: 2.7
Check: R code for possible problems
Result: NOTE
    GetCitations: no visible global function definition for ‘ref’
Flavors: r-patched-linux-x86_64, r-patched-solaris-sparc, r-patched-solaris-x86, r-release-linux-ix86, r-release-linux-x86_64, r-release-windows-ix86+x86_64, r-oldrel-windows-ix86+x86_64

Version: 2.7
Check: dependencies in R code
Result: NOTE
    ‘library’ or ‘require’ call to ‘knitcitations’ which was already attached by Depends.
     Please remove these calls from your code.
    Package in Depends field not imported from: ‘knitcitations’
     These packages need to be imported from for the case when
     this namespace is loaded but not attached.
    See the information on DESCRIPTION files in the chapter ‘Creating R
    packages’ of the ‘Writing R Extensions’ manual.
Flavor: r-release-osx-x86_64-snowleopard