CRAN Package Check Results for Package rPlant

Last updated on 2016-12-07 16:47:24.

Flavor Version Tinstall Tcheck Ttotal Status Flags
r-devel-linux-x86_64-debian-clang 2.16 1.46 25.96 27.42 WARN
r-devel-linux-x86_64-debian-gcc 2.16 1.43 25.56 26.98 WARN
r-devel-linux-x86_64-fedora-clang 2.16 48.40 WARN --no-stop-on-test-error
r-devel-linux-x86_64-fedora-gcc 2.16 47.27 WARN --no-stop-on-test-error
r-devel-macos-x86_64-clang 2.16 39.73 WARN
r-devel-windows-ix86+x86_64 2.16 7.00 63.00 70.00 WARN
r-patched-linux-x86_64 2.16 1.32 23.78 25.10 OK
r-patched-solaris-sparc 2.16 285.70 OK
r-patched-solaris-x86 2.16 63.00 OK
r-release-linux-x86_64 2.16 1.32 23.84 25.16 OK
r-release-osx-x86_64-mavericks 2.16 OK
r-release-windows-ix86+x86_64 2.16 6.00 67.00 73.00 OK
r-oldrel-windows-ix86+x86_64 2.16 7.00 47.00 54.00 OK

Check Details

Version: 2.16
Check: files in ‘vignettes’
Result: WARN
    Files in the 'vignettes' directory but no files in 'inst/doc':
     ‘TNRSVignette.pdf’, ‘rPlantVignette.pdf’
    Package has no Sweave vignette sources and no VignetteBuilder field.
Flavors: r-devel-linux-x86_64-debian-clang, r-devel-linux-x86_64-debian-gcc, r-devel-macos-x86_64-clang, r-devel-windows-ix86+x86_64

Version: 2.16
Flags: --no-stop-on-test-error
Check: files in ‘vignettes’
Result: WARN
    Files in the 'vignettes' directory but no files in 'inst/doc':
     ‘TNRSVignette.pdf’, ‘rPlantVignette.pdf’
    Package has no Sweave vignette sources and no VignetteBuilder field.
Flavors: r-devel-linux-x86_64-fedora-clang, r-devel-linux-x86_64-fedora-gcc