CRAN Package Check Results for Package rPlant

Last updated on 2017-02-21 23:51:08.

Flavor Version Tinstall Tcheck Ttotal Status Flags
r-devel-linux-x86_64-debian-clang 2.16 1.46 27.14 28.60 WARN
r-devel-linux-x86_64-debian-gcc 2.16 1.40 25.35 26.75 WARN
r-devel-linux-x86_64-fedora-clang 2.16 39.69 WARN --no-stop-on-test-error
r-devel-linux-x86_64-fedora-gcc 2.16 44.96 WARN --no-stop-on-test-error
r-devel-macos-x86_64-clang 2.16 38.84 WARN --no-stop-on-test-error
r-devel-windows-ix86+x86_64 2.16 9.00 99.00 108.00 WARN
r-patched-linux-x86_64 2.16 1.51 23.63 25.14 OK
r-patched-solaris-sparc 2.16 279.70 OK
r-patched-solaris-x86 2.16 61.50 OK
r-release-linux-x86_64 2.16 1.49 23.70 25.18 OK
r-release-osx-x86_64-mavericks 2.16 OK
r-release-windows-ix86+x86_64 2.16 12.00 66.00 78.00 OK
r-oldrel-windows-ix86+x86_64 2.16 7.00 63.00 70.00 OK

Check Details

Version: 2.16
Check: files in ‘vignettes’
Result: WARN
    Files in the 'vignettes' directory but no files in 'inst/doc':
     ‘TNRSVignette.pdf’, ‘rPlantVignette.pdf’
    Package has no Sweave vignette sources and no VignetteBuilder field.
Flavors: r-devel-linux-x86_64-debian-clang, r-devel-linux-x86_64-debian-gcc, r-devel-windows-ix86+x86_64

Version: 2.16
Flags: --no-stop-on-test-error
Check: files in ‘vignettes’
Result: WARN
    Files in the 'vignettes' directory but no files in 'inst/doc':
     ‘TNRSVignette.pdf’, ‘rPlantVignette.pdf’
    Package has no Sweave vignette sources and no VignetteBuilder field.
Flavors: r-devel-linux-x86_64-fedora-clang, r-devel-linux-x86_64-fedora-gcc, r-devel-macos-x86_64-clang