CRAN Package Check Results for Package rPlant

Last updated on 2016-09-28 23:49:34.

Flavor Version Tinstall Tcheck Ttotal Status Flags
r-devel-linux-x86_64-debian-clang 2.16 1.29 23.65 24.94 WARN
r-devel-linux-x86_64-debian-gcc 2.16 1.31 23.78 25.09 WARN
r-devel-linux-x86_64-fedora-clang 2.16 42.76 WARN
r-devel-linux-x86_64-fedora-gcc 2.16 40.78 WARN
r-devel-macos-x86_64-clang 2.16 35.16 WARN
r-devel-windows-ix86+x86_64 2.16 9.00 55.00 64.00 WARN
r-patched-linux-x86_64 2.16 1.43 24.20 25.63 OK
r-patched-solaris-sparc 2.16 285.70 OK
r-patched-solaris-x86 2.16 62.50 OK
r-release-linux-x86_64 2.16 1.59 23.99 25.58 OK
r-release-osx-x86_64-mavericks 2.16 OK
r-release-windows-ix86+x86_64 2.16 8.00 46.00 54.00 OK
r-oldrel-windows-ix86+x86_64 2.16 8.00 42.00 50.00 OK

Check Details

Version: 2.16
Check: files in ‘vignettes’
Result: WARN
    Files in the 'vignettes' directory but no files in 'inst/doc':
     ‘TNRSVignette.pdf’, ‘rPlantVignette.pdf’
    Package has no Sweave vignette sources and no VignetteBuilder field.
Flavors: r-devel-linux-x86_64-debian-clang, r-devel-linux-x86_64-debian-gcc, r-devel-linux-x86_64-fedora-clang, r-devel-linux-x86_64-fedora-gcc, r-devel-macos-x86_64-clang, r-devel-windows-ix86+x86_64