CRAN Package Check Results for Package rPlant

Last updated on 2015-09-03 12:49:56.

Flavor Version Tinstall Tcheck Ttotal Status Flags
r-devel-linux-x86_64-debian-clang 2.7 1.81 22.50 24.32 NOTE
r-devel-linux-x86_64-debian-gcc 2.7 1.82 22.02 23.84 NOTE
r-devel-linux-x86_64-fedora-clang 2.7 50.23 NOTE
r-devel-linux-x86_64-fedora-gcc 2.7 48.03 NOTE
r-devel-osx-x86_64-clang 2.7 43.92 NOTE
r-devel-windows-ix86+x86_64 2.7 9.00 43.00 52.00 NOTE
r-patched-linux-x86_64 2.7 2.10 23.65 25.74 NOTE
r-patched-solaris-sparc 2.7 332.60 NOTE
r-patched-solaris-x86 2.7 76.70 NOTE
r-release-linux-x86_64 2.7 2.12 24.60 26.71 NOTE
r-release-osx-x86_64-mavericks 2.7 NOTE
r-release-windows-ix86+x86_64 2.7 8.00 71.00 79.00 NOTE
r-oldrel-windows-ix86+x86_64 2.7 18.00 95.00 113.00 NOTE

Check Details

Version: 2.7
Check: DESCRIPTION meta-information
Result: NOTE
    Malformed Description field: should contain one or more complete sentences.
Flavors: r-devel-linux-x86_64-debian-clang, r-devel-linux-x86_64-debian-gcc, r-devel-linux-x86_64-fedora-clang, r-devel-linux-x86_64-fedora-gcc, r-devel-osx-x86_64-clang, r-devel-windows-ix86+x86_64, r-patched-linux-x86_64, r-patched-solaris-sparc, r-patched-solaris-x86, r-release-linux-x86_64, r-release-osx-x86_64-mavericks, r-release-windows-ix86+x86_64

Version: 2.7
Check: dependencies in R code
Result: NOTE
    'library' or 'require' call to ‘knitcitations’ which was already attached by Depends.
     Please remove these calls from your code.
    Package in Depends field not imported from: ‘knitcitations’
     These packages need to be imported from (in the NAMESPACE file)
     for when this namespace is loaded but not attached.
Flavors: r-devel-linux-x86_64-debian-clang, r-devel-linux-x86_64-debian-gcc, r-devel-linux-x86_64-fedora-clang, r-devel-linux-x86_64-fedora-gcc, r-devel-osx-x86_64-clang, r-devel-windows-ix86+x86_64, r-patched-linux-x86_64, r-patched-solaris-sparc, r-patched-solaris-x86, r-release-linux-x86_64, r-release-osx-x86_64-mavericks, r-release-windows-ix86+x86_64, r-oldrel-windows-ix86+x86_64

Version: 2.7
Check: R code for possible problems
Result: NOTE
    GetCitations: no visible global function definition for ‘ref’
    GetCitations: no visible global function definition for ‘bibentry’
    GetCitations: no visible global function definition for ‘person’
    GetCitations: no visible global function definition for ‘write.bibtex’
    GetPhylotasticToken: no visible binding for global variable ‘URLencode’
    ResolveNames: no visible binding for global variable ‘URLencode’
    RetrieveJob: no visible global function definition for ‘capture.output’
    RunRAxMLdna: no visible global function definition for ‘runif’
    Undefined global functions or variables:
     URLencode bibentry capture.output person ref runif write.bibtex
    Consider adding
     importFrom("stats", "runif")
     importFrom("utils", "URLencode", "bibentry", "capture.output",
     "person")
    to your NAMESPACE.
Flavors: r-devel-linux-x86_64-debian-clang, r-devel-linux-x86_64-debian-gcc, r-devel-linux-x86_64-fedora-clang, r-devel-linux-x86_64-fedora-gcc, r-devel-windows-ix86+x86_64

Version: 2.7
Check: R code for possible problems
Result: NOTE
    GetCitations: no visible global function definition for ‘ref’
    GetCitations: no visible global function definition for ‘write.bibtex’
    Undefined global functions or variables:
     ref write.bibtex
Flavor: r-devel-osx-x86_64-clang

Version: 2.7
Check: R code for possible problems
Result: NOTE
    GetCitations: no visible global function definition for ‘ref’
    GetCitations: no visible global function definition for ‘write.bibtex’
Flavors: r-patched-linux-x86_64, r-patched-solaris-sparc, r-patched-solaris-x86, r-release-linux-x86_64, r-release-osx-x86_64-mavericks, r-release-windows-ix86+x86_64, r-oldrel-windows-ix86+x86_64