CRAN Package Check Results for Package rPlant

Last updated on 2015-05-25 23:47:35.

Flavor Version Tinstall Tcheck Ttotal Status Flags
r-devel-linux-x86_64-debian-clang 2.7 2.18 25.00 27.18 NOTE
r-devel-linux-x86_64-debian-gcc 2.7 1.96 24.56 26.51 NOTE
r-devel-linux-x86_64-fedora-clang 2.7 53.15 NOTE
r-devel-linux-x86_64-fedora-gcc 2.7 51.15 NOTE
r-devel-osx-x86_64-clang 2.7 49.49 NOTE
r-devel-windows-ix86+x86_64 2.7 6.00 40.00 46.00 NOTE
r-patched-linux-x86_64 2.7 2.57 23.68 26.26 NOTE
r-patched-solaris-sparc 2.7 325.40 NOTE
r-patched-solaris-x86 2.7 76.90 NOTE
r-release-linux-x86_64 2.7 1.95 23.47 25.42 NOTE
r-release-osx-x86_64-mavericks 2.7 NOTE
r-release-osx-x86_64-snowleopard 2.7 ERROR
r-release-windows-ix86+x86_64 2.7 7.00 37.00 44.00 NOTE
r-oldrel-windows-ix86+x86_64 2.7 13.00 64.00 77.00 NOTE

Check Details

Version: 2.7
Check: DESCRIPTION meta-information
Result: NOTE
    Malformed Description field: should contain one or more complete sentences.
Flavors: r-devel-linux-x86_64-debian-clang, r-devel-linux-x86_64-debian-gcc, r-devel-linux-x86_64-fedora-clang, r-devel-linux-x86_64-fedora-gcc, r-devel-osx-x86_64-clang, r-devel-windows-ix86+x86_64, r-patched-linux-x86_64, r-patched-solaris-sparc, r-patched-solaris-x86, r-release-linux-x86_64, r-release-osx-x86_64-mavericks, r-release-windows-ix86+x86_64

Version: 2.7
Check: dependencies in R code
Result: NOTE
    'library' or 'require' call to ‘knitcitations’ which was already attached by Depends.
     Please remove these calls from your code.
    Package in Depends field not imported from: ‘knitcitations’
     These packages need to be imported from (in the NAMESPACE file)
     for when this namespace is loaded but not attached.
Flavors: r-devel-linux-x86_64-debian-clang, r-devel-linux-x86_64-debian-gcc, r-devel-linux-x86_64-fedora-clang, r-devel-linux-x86_64-fedora-gcc, r-devel-osx-x86_64-clang, r-devel-windows-ix86+x86_64, r-patched-linux-x86_64, r-patched-solaris-sparc, r-patched-solaris-x86, r-release-linux-x86_64, r-release-osx-x86_64-mavericks, r-release-windows-ix86+x86_64, r-oldrel-windows-ix86+x86_64

Version: 2.7
Check: R code for possible problems
Result: NOTE
    GetCitations: no visible global function definition for ‘ref’
    GetCitations: no visible global function definition for ‘write.bibtex’
Flavors: r-devel-linux-x86_64-debian-clang, r-devel-linux-x86_64-debian-gcc, r-devel-linux-x86_64-fedora-clang, r-devel-linux-x86_64-fedora-gcc, r-devel-osx-x86_64-clang, r-devel-windows-ix86+x86_64, r-patched-linux-x86_64, r-patched-solaris-sparc, r-patched-solaris-x86, r-release-linux-x86_64, r-release-osx-x86_64-mavericks, r-release-windows-ix86+x86_64, r-oldrel-windows-ix86+x86_64

Version: 2.7
Check: package dependencies
Result: ERROR
    Package required but not available: ‘knitcitations’
    
    See section ‘The DESCRIPTION file’ in the ‘Writing R Extensions’
    manual.
Flavor: r-release-osx-x86_64-snowleopard