CRAN Package Check Results for Package rPlant

Last updated on 2014-04-21 05:48:22.

Flavor Version Tinstall Tcheck Ttotal Status Flags
r-devel-linux-x86_64-debian-clang 2.7 2.03 26.73 28.76 NOTE
r-devel-linux-x86_64-debian-gcc 2.7 2.18 26.68 28.86 NOTE
r-devel-linux-x86_64-fedora-clang 2.7 57.74 NOTE
r-devel-linux-x86_64-fedora-gcc 2.7 54.79 NOTE
r-devel-macosx-x86_64-clang 2.7 57.20 NOTE
r-devel-macosx-x86_64-gcc 2.7 ERROR
r-devel-windows-ix86+x86_64 2.7 8.00 41.00 49.00 NOTE
r-patched-linux-x86_64 2.7 2.18 26.16 28.34 NOTE
r-patched-solaris-sparc 2.7 315.10 NOTE
r-patched-solaris-x86 2.7 75.80 NOTE
r-release-linux-ix86 NOTE
r-release-linux-x86_64 2.7 2.02 26.75 28.77 NOTE
r-release-macosx-x86_64 2.7 NOTE
r-release-windows-ix86+x86_64 2.7 10.00 43.00 53.00 NOTE
r-oldrel-windows-ix86+x86_64 2.7 9.00 43.00 52.00 NOTE

Check Details

Version: 2.7
Check: dependencies in R code
Result: NOTE
    'library' or 'require' call to ‘knitcitations’ which was already attached by Depends.
     Please remove these calls from your code.
    Package in Depends field not imported from: ‘knitcitations’
     These packages need to be imported from (in the NAMESPACE file)
     for when this namespace is loaded but not attached.
    See the information on DESCRIPTION files in the chapter ‘Creating R
    packages’ of the ‘Writing R Extensions’ manual.
Flavors: r-devel-linux-x86_64-debian-clang, r-devel-linux-x86_64-debian-gcc, r-devel-linux-x86_64-fedora-clang, r-devel-linux-x86_64-fedora-gcc, r-devel-macosx-x86_64-clang, r-devel-windows-ix86+x86_64, r-patched-linux-x86_64, r-patched-solaris-sparc, r-patched-solaris-x86, r-release-linux-ix86, r-release-linux-x86_64, r-release-windows-ix86+x86_64, r-oldrel-windows-ix86+x86_64

Version: 2.7
Check: package dependencies
Result: ERROR
    Package required but not available: ‘knitcitations’
    
    See the information on DESCRIPTION files in the chapter ‘Creating R
    packages’ of the ‘Writing R Extensions’ manual.
Flavor: r-devel-macosx-x86_64-gcc

Version: 2.7
Check: dependencies in R code
Result: NOTE
    ‘library’ or ‘require’ call to ‘knitcitations’ which was already attached by Depends.
     Please remove these calls from your code.
    Package in Depends field not imported from: ‘knitcitations’
     These packages need to be imported from for the case when
     this namespace is loaded but not attached.
    See the information on DESCRIPTION files in the chapter ‘Creating R
    packages’ of the ‘Writing R Extensions’ manual.
Flavor: r-release-macosx-x86_64