CRAN Package Check Results for Package rPython

Last updated on 2017-03-23 23:51:07.

Flavor Version Tinstall Tcheck Ttotal Status Flags
r-devel-linux-x86_64-debian-clang 0.0-6 2.09 12.45 14.54 NOTE
r-devel-linux-x86_64-debian-gcc 0.0-6 1.65 11.95 13.60 NOTE
r-devel-linux-x86_64-fedora-clang 0.0-6 23.88 NOTE --no-stop-on-test-error
r-devel-linux-x86_64-fedora-gcc 0.0-6 22.39 NOTE --no-stop-on-test-error
r-devel-macos-x86_64-clang 0.0-6 22.53 NOTE --no-stop-on-test-error
r-patched-linux-x86_64 0.0-6 1.77 10.19 11.96 OK
r-patched-solaris-sparc 0.0-6 143.90 OK
r-patched-solaris-x86 0.0-6 35.20 OK
r-release-linux-x86_64 0.0-6 1.88 10.31 12.19 OK
r-release-osx-x86_64-mavericks 0.0-6 OK

Check Details

Version: 0.0-6
Check: compiled code
Result: NOTE
    File ‘rPython/libs/rPython.so’:
     Found no calls to: ‘R_registerRoutines’, ‘R_useDynamicSymbols’
    
    It is good practice to register native routines and to disable symbol
    search.
    
    See ‘Writing portable packages’ in the ‘Writing R Extensions’ manual.
Flavors: r-devel-linux-x86_64-debian-clang, r-devel-linux-x86_64-debian-gcc

Version: 0.0-6
Flags: --no-stop-on-test-error
Check: compiled code
Result: NOTE
    File ‘rPython/libs/rPython.so’:
     Found no calls to: ‘R_registerRoutines’, ‘R_useDynamicSymbols’
    
    It is good practice to register native routines and to disable symbol
    search.
    
    See ‘Writing portable packages’ in the ‘Writing R Extensions’ manual.
Flavors: r-devel-linux-x86_64-fedora-clang, r-devel-linux-x86_64-fedora-gcc, r-devel-macos-x86_64-clang