CRAN Package Check Results for Package rPython

Last updated on 2015-07-07 06:46:50.

Flavor Version Tinstall Tcheck Ttotal Status Flags
r-devel-linux-x86_64-debian-clang 0.0-5 1.53 10.31 11.84 NOTE
r-devel-linux-x86_64-debian-gcc 0.0-5 1.48 10.28 11.76 NOTE
r-devel-linux-x86_64-fedora-clang 0.0-5 21.58 NOTE
r-devel-linux-x86_64-fedora-gcc 0.0-5 20.26 NOTE
r-devel-osx-x86_64-clang 0.0-5 24.55 NOTE
r-patched-linux-x86_64 0.0-5 1.50 10.07 11.58 NOTE
r-patched-solaris-sparc 0.0-5 186.80 NOTE
r-patched-solaris-x86 0.0-5 35.80 NOTE
r-release-linux-x86_64 0.0-5 1.41 10.19 11.60 NOTE
r-release-osx-x86_64-mavericks 0.0-5 NOTE

Check Details

Version: 0.0-5
Check: DESCRIPTION meta-information
Result: NOTE
    Malformed Description field: should contain one or more complete sentences.
Flavors: r-devel-linux-x86_64-debian-clang, r-devel-linux-x86_64-debian-gcc, r-devel-linux-x86_64-fedora-clang, r-devel-linux-x86_64-fedora-gcc, r-devel-osx-x86_64-clang, r-patched-linux-x86_64, r-patched-solaris-sparc, r-patched-solaris-x86, r-release-linux-x86_64, r-release-osx-x86_64-mavericks