CRAN Package Check Results for Package rPython

Last updated on 2015-03-30 03:49:23.

Flavor Version Tinstall Tcheck Ttotal Status Flags
r-devel-linux-x86_64-debian-clang 0.0-5 1.64 10.38 12.02 NOTE
r-devel-linux-x86_64-debian-gcc 0.0-5 1.59 10.38 11.97 NOTE
r-devel-linux-x86_64-fedora-clang 0.0-5 22.49 NOTE
r-devel-linux-x86_64-fedora-gcc 0.0-5 22.75 NOTE
r-devel-osx-x86_64-clang 0.0-5 32.65 NOTE
r-prerel-linux-x86_64 0.0-5 1.66 10.36 12.01 NOTE
r-prerel-solaris-sparc 0.0-5 180.70 NOTE
r-prerel-solaris-x86 0.0-5 39.70 NOTE
r-release-linux-x86_64 0.0-5 1.60 11.63 13.23 OK
r-release-osx-x86_64-mavericks 0.0-5 OK
r-release-osx-x86_64-snowleopard 0.0-5 OK

Check Details

Version: 0.0-5
Check: DESCRIPTION meta-information
Result: NOTE
    Malformed Description field: should contain one or more complete sentences.
Flavors: r-devel-linux-x86_64-debian-clang, r-devel-linux-x86_64-debian-gcc, r-devel-linux-x86_64-fedora-clang, r-devel-linux-x86_64-fedora-gcc, r-devel-osx-x86_64-clang, r-prerel-linux-x86_64, r-prerel-solaris-sparc, r-prerel-solaris-x86