CRAN Package Check Results for Package rPython

Last updated on 2018-02-21 01:47:52 CET.

Flavor Version Tinstall Tcheck Ttotal Status Flags
r-devel-linux-x86_64-debian-clang 0.0-6 2.61 18.96 21.57 NOTE
r-devel-linux-x86_64-debian-gcc 0.0-6 1.89 14.93 16.82 NOTE
r-devel-linux-x86_64-fedora-clang 0.0-6 24.74 NOTE
r-devel-linux-x86_64-fedora-gcc 0.0-6 23.80 NOTE
r-patched-linux-x86_64 0.0-6 1.88 17.91 19.79 NOTE
r-patched-solaris-x86 0.0-6 38.10 OK
r-release-linux-x86_64 0.0-6 2.01 17.89 19.90 NOTE
r-release-osx-x86_64 0.0-6 OK
r-oldrel-osx-x86_64 0.0-6 OK

Check Details

Version: 0.0-6
Check: compiled code
Result: NOTE
    File ‘rPython/libs/rPython.so’:
     Found no calls to: ‘R_registerRoutines’, ‘R_useDynamicSymbols’
    
    It is good practice to register native routines and to disable symbol
    search.
    
    See ‘Writing portable packages’ in the ‘Writing R Extensions’ manual.
Flavors: r-devel-linux-x86_64-debian-clang, r-devel-linux-x86_64-debian-gcc, r-devel-linux-x86_64-fedora-clang, r-devel-linux-x86_64-fedora-gcc, r-patched-linux-x86_64, r-release-linux-x86_64