CRAN Package Check Results for Package rPython

Last updated on 2015-05-05 11:48:15.

Flavor Version Tinstall Tcheck Ttotal Status Flags
r-devel-linux-x86_64-debian-clang 0.0-5 1.70 10.68 12.37 NOTE
r-devel-linux-x86_64-debian-gcc 0.0-5 1.59 10.46 12.05 NOTE
r-devel-linux-x86_64-fedora-clang 0.0-5 23.33 NOTE
r-devel-linux-x86_64-fedora-gcc 0.0-5 21.04 NOTE
r-devel-osx-x86_64-clang 0.0-5 29.36 NOTE
r-patched-linux-x86_64 0.0-5 1.66 10.38 12.04 NOTE
r-patched-solaris-sparc 0.0-5 180.70 NOTE
r-patched-solaris-x86 0.0-5 36.60 NOTE
r-release-linux-x86_64 0.0-5 1.52 10.51 12.03 NOTE
r-release-osx-x86_64-mavericks 0.0-5 NOTE
r-release-osx-x86_64-snowleopard 0.0-5 NOTE

Check Details

Version: 0.0-5
Check: DESCRIPTION meta-information
Result: NOTE
    Malformed Description field: should contain one or more complete sentences.
Flavors: r-devel-linux-x86_64-debian-clang, r-devel-linux-x86_64-debian-gcc, r-devel-linux-x86_64-fedora-clang, r-devel-linux-x86_64-fedora-gcc, r-devel-osx-x86_64-clang, r-patched-linux-x86_64, r-patched-solaris-sparc, r-patched-solaris-x86, r-release-linux-x86_64, r-release-osx-x86_64-mavericks, r-release-osx-x86_64-snowleopard