CRAN Package Check Results for Package rPython

Last updated on 2017-04-28 23:52:42.

Flavor Version Tinstall Tcheck Ttotal Status Flags
r-devel-linux-x86_64-debian-clang 0.0-6 2.07 12.22 14.29 NOTE
r-devel-linux-x86_64-debian-gcc 0.0-6 1.58 12.55 14.13 NOTE
r-devel-linux-x86_64-fedora-clang 0.0-6 24.73 NOTE --no-stop-on-test-error
r-devel-linux-x86_64-fedora-gcc 0.0-6 22.17 NOTE --no-stop-on-test-error
r-patched-linux-x86_64 0.0-6 1.64 12.45 14.09 NOTE
r-patched-solaris-sparc 0.0-6 143.90 OK
r-patched-solaris-x86 0.0-6 36.70 OK
r-release-linux-x86_64 0.0-6 1.61 12.72 14.33 NOTE
r-release-osx-x86_64 0.0-6 OK
r-oldrel-osx-x86_64 0.0-6 OK

Check Details

Version: 0.0-6
Check: compiled code
Result: NOTE
    File ‘rPython/libs/rPython.so’:
     Found no calls to: ‘R_registerRoutines’, ‘R_useDynamicSymbols’
    
    It is good practice to register native routines and to disable symbol
    search.
    
    See ‘Writing portable packages’ in the ‘Writing R Extensions’ manual.
Flavors: r-devel-linux-x86_64-debian-clang, r-devel-linux-x86_64-debian-gcc, r-patched-linux-x86_64, r-release-linux-x86_64

Version: 0.0-6
Flags: --no-stop-on-test-error
Check: compiled code
Result: NOTE
    File ‘rPython/libs/rPython.so’:
     Found no calls to: ‘R_registerRoutines’, ‘R_useDynamicSymbols’
    
    It is good practice to register native routines and to disable symbol
    search.
    
    See ‘Writing portable packages’ in the ‘Writing R Extensions’ manual.
Flavors: r-devel-linux-x86_64-fedora-clang, r-devel-linux-x86_64-fedora-gcc