CRAN Package Check Results for Package rPython

Last updated on 2014-07-26 11:52:27.

Flavor Version Tinstall Tcheck Ttotal Status Flags
r-devel-linux-x86_64-debian-clang 0.0-4 1.57 10.66 12.23 NOTE
r-devel-linux-x86_64-debian-gcc 0.0-4 1.62 10.31 11.94 NOTE
r-devel-linux-x86_64-fedora-clang 0.0-4 23.68 NOTE
r-devel-linux-x86_64-fedora-gcc 0.0-4 22.16 NOTE
r-devel-osx-x86_64-clang 0.0-4 29.85 NOTE
r-patched-linux-x86_64 0.0-4 1.52 10.48 12.00 NOTE
r-patched-solaris-sparc 0.0-4 163.60 NOTE
r-patched-solaris-x86 0.0-4 40.50 NOTE
r-release-linux-ix86 0.0-4 2.88 16.72 19.60 NOTE
r-release-linux-x86_64 0.0-4 1.56 10.63 12.19 NOTE
r-release-osx-x86_64-mavericks 0.0-4 NOTE
r-release-osx-x86_64-snowleopard 0.0-4 OK

Check Details

Version: 0.0-4
Check: dependencies in R code
Result: NOTE
    Package in Depends field not imported from: ‘RJSONIO’
     These packages need to be imported from (in the NAMESPACE file)
     for when this namespace is loaded but not attached.
    See the information on DESCRIPTION files in the chapter ‘Creating R
    packages’ of the ‘Writing R Extensions’ manual.
Flavors: r-devel-linux-x86_64-debian-clang, r-devel-linux-x86_64-debian-gcc, r-devel-linux-x86_64-fedora-clang, r-devel-linux-x86_64-fedora-gcc, r-devel-osx-x86_64-clang, r-patched-linux-x86_64, r-patched-solaris-sparc, r-patched-solaris-x86, r-release-linux-ix86, r-release-linux-x86_64, r-release-osx-x86_64-mavericks