CRAN Package Check Results for Package rPython

Last updated on 2017-08-18 04:47:07.

Flavor Version Tinstall Tcheck Ttotal Status Flags
r-devel-linux-x86_64-debian-clang 0.0-6 2.21 12.73 14.94 NOTE
r-devel-linux-x86_64-debian-gcc 0.0-6 1.82 12.51 14.33 NOTE
r-devel-linux-x86_64-fedora-clang 0.0-6 23.47 NOTE
r-devel-linux-x86_64-fedora-gcc 0.0-6 23.10 NOTE
r-patched-linux-x86_64 0.0-6 2.11 12.53 14.65 NOTE
r-patched-solaris-x86 0.0-6 37.10 OK
r-release-linux-x86_64 0.0-6 1.86 12.63 14.49 NOTE
r-release-osx-x86_64 0.0-6 OK
r-oldrel-osx-x86_64 0.0-6 OK

Check Details

Version: 0.0-6
Check: compiled code
Result: NOTE
    File ‘rPython/libs/rPython.so’:
     Found no calls to: ‘R_registerRoutines’, ‘R_useDynamicSymbols’
    
    It is good practice to register native routines and to disable symbol
    search.
    
    See ‘Writing portable packages’ in the ‘Writing R Extensions’ manual.
Flavors: r-devel-linux-x86_64-debian-clang, r-devel-linux-x86_64-debian-gcc, r-devel-linux-x86_64-fedora-clang, r-devel-linux-x86_64-fedora-gcc, r-patched-linux-x86_64, r-release-linux-x86_64