CRAN Package Check Results for Package rPython

Last updated on 2017-12-14 14:48:59 CET.

Flavor Version Tinstall Tcheck Ttotal Status Flags
r-devel-linux-x86_64-debian-clang 0.0-6 1.58 13.66 15.24 FAIL
r-devel-linux-x86_64-debian-gcc 0.0-6 1.59 11.84 13.43 FAIL
r-devel-linux-x86_64-fedora-clang 0.0-6 24.23 NOTE
r-devel-linux-x86_64-fedora-gcc 0.0-6 23.40 NOTE
r-patched-linux-x86_64 0.0-6 1.49 17.68 19.17 NOTE
r-patched-solaris-x86 0.0-6 37.50 OK
r-release-linux-x86_64 0.0-6 1.56 17.27 18.83 NOTE
r-release-osx-x86_64 0.0-6 OK
r-oldrel-osx-x86_64 0.0-6 OK

Check Details

Version: 0.0-6
Check: pragmas in C/C++ headers and code
Result: FAIL
    
Flavors: r-devel-linux-x86_64-debian-clang, r-devel-linux-x86_64-debian-gcc

Version: 0.0-6
Check: compiled code
Result: NOTE
    File ‘rPython/libs/rPython.so’:
     Found no calls to: ‘R_registerRoutines’, ‘R_useDynamicSymbols’
    
    It is good practice to register native routines and to disable symbol
    search.
    
    See ‘Writing portable packages’ in the ‘Writing R Extensions’ manual.
Flavors: r-devel-linux-x86_64-fedora-clang, r-devel-linux-x86_64-fedora-gcc, r-patched-linux-x86_64, r-release-linux-x86_64