CRAN Package Check Results for Package rPython

Last updated on 2015-09-05 12:49:38.

Flavor Version Tinstall Tcheck Ttotal Status Flags
r-devel-linux-x86_64-debian-clang 0.0-5 1.73 9.76 11.49 NOTE
r-devel-linux-x86_64-debian-gcc 0.0-5 1.37 9.86 11.22 NOTE
r-devel-linux-x86_64-fedora-clang 0.0-5 21.02 NOTE
r-devel-linux-x86_64-fedora-gcc 0.0-5 20.33 NOTE
r-devel-osx-x86_64-clang 0.0-5 24.03 NOTE
r-patched-linux-x86_64 0.0-5 1.51 10.33 11.84 NOTE
r-patched-solaris-sparc 0.0-5 174.50 NOTE
r-patched-solaris-x86 0.0-5 36.10 NOTE
r-release-linux-x86_64 0.0-5 1.55 10.35 11.90 NOTE
r-release-osx-x86_64-mavericks 0.0-5 NOTE

Check Details

Version: 0.0-5
Check: DESCRIPTION meta-information
Result: NOTE
    Malformed Description field: should contain one or more complete sentences.
Flavors: r-devel-linux-x86_64-debian-clang, r-devel-linux-x86_64-debian-gcc, r-devel-linux-x86_64-fedora-clang, r-devel-linux-x86_64-fedora-gcc, r-devel-osx-x86_64-clang, r-patched-linux-x86_64, r-patched-solaris-sparc, r-patched-solaris-x86, r-release-linux-x86_64, r-release-osx-x86_64-mavericks