CRAN Package Check Results for Package rPython

Last updated on 2014-04-24 23:48:12.

Flavor Version Tinstall Tcheck Ttotal Status Flags
r-devel-linux-x86_64-debian-clang 0.0-4 1.65 11.05 12.70 NOTE
r-devel-linux-x86_64-debian-gcc 0.0-4 1.52 11.24 12.76 NOTE
r-devel-linux-x86_64-fedora-clang 0.0-4 23.56 NOTE
r-devel-linux-x86_64-fedora-gcc 0.0-4 23.02 NOTE
r-devel-osx-x86_64-clang 0.0-4 29.52 NOTE
r-devel-osx-x86_64-gcc 0.0-4 NOTE
r-patched-linux-x86_64 0.0-4 1.50 10.96 12.46 NOTE
r-patched-solaris-sparc 0.0-4 163.60 NOTE
r-patched-solaris-x86 0.0-4 40.70 NOTE
r-release-linux-ix86 0.0-4 5.00 25.00 30.00 NOTE
r-release-linux-x86_64 0.0-4 1.70 11.16 12.86 NOTE
r-release-osx-x86_64-mavericks 0.0-4 NOTE
r-release-osx-x86_64-snowleopard 0.0-4 OK

Check Details

Version: 0.0-4
Check: dependencies in R code
Result: NOTE
    Package in Depends field not imported from: ‘RJSONIO’
     These packages need to be imported from (in the NAMESPACE file)
     for when this namespace is loaded but not attached.
    See the information on DESCRIPTION files in the chapter ‘Creating R
    packages’ of the ‘Writing R Extensions’ manual.
Flavors: r-devel-linux-x86_64-debian-clang, r-devel-linux-x86_64-debian-gcc, r-devel-linux-x86_64-fedora-clang, r-devel-linux-x86_64-fedora-gcc, r-devel-osx-x86_64-clang, r-devel-osx-x86_64-gcc, r-patched-linux-x86_64, r-patched-solaris-sparc, r-patched-solaris-x86, r-release-linux-ix86, r-release-linux-x86_64, r-release-osx-x86_64-mavericks