CRAN Package Check Results for Package rPython

Last updated on 2017-10-17 01:48:14.

Flavor Version Tinstall Tcheck Ttotal Status Flags
r-devel-linux-x86_64-debian-clang 0.0-6 2.01 13.33 15.34 NOTE
r-devel-linux-x86_64-debian-gcc 0.0-6 3.38 14.36 17.74 NOTE
r-devel-linux-x86_64-fedora-clang 0.0-6 25.36 NOTE
r-devel-linux-x86_64-fedora-gcc 0.0-6 22.72 NOTE
r-patched-linux-x86_64 0.0-6 2.32 12.71 15.03 NOTE
r-patched-solaris-x86 0.0-6 38.40 OK
r-release-linux-x86_64 0.0-6 1.97 12.51 14.47 NOTE
r-release-osx-x86_64 0.0-6 OK
r-oldrel-osx-x86_64 0.0-6 OK

Check Details

Version: 0.0-6
Check: compiled code
Result: NOTE
    File ‘rPython/libs/rPython.so’:
     Found no calls to: ‘R_registerRoutines’, ‘R_useDynamicSymbols’
    
    It is good practice to register native routines and to disable symbol
    search.
    
    See ‘Writing portable packages’ in the ‘Writing R Extensions’ manual.
Flavors: r-devel-linux-x86_64-debian-clang, r-devel-linux-x86_64-debian-gcc, r-devel-linux-x86_64-fedora-clang, r-devel-linux-x86_64-fedora-gcc, r-patched-linux-x86_64, r-release-linux-x86_64