CRAN Package Check Results for Package rPython

Last updated on 2018-04-24 04:49:10 CEST.

Flavor Version Tinstall Tcheck Ttotal Status Flags
r-devel-linux-x86_64-debian-clang 0.0-6 2.63 17.08 19.71 NOTE
r-devel-linux-x86_64-debian-gcc 0.0-6 1.81 15.12 16.93 NOTE
r-devel-linux-x86_64-fedora-clang 0.0-6 25.60 NOTE
r-devel-linux-x86_64-fedora-gcc 0.0-6 24.11 NOTE
r-devel-osx-x86_64 0.0-6 OK
r-patched-linux-x86_64 0.0-6 2.31 18.35 20.66 NOTE
r-patched-solaris-x86 0.0-6 43.40 OK
r-release-linux-x86_64 0.0-6 2.13 18.25 20.38 NOTE
r-release-osx-x86_64 0.0-6 OK

Check Details

Version: 0.0-6
Check: compiled code
Result: NOTE
    File ‘rPython/libs/rPython.so’:
     Found no calls to: ‘R_registerRoutines’, ‘R_useDynamicSymbols’
    
    It is good practice to register native routines and to disable symbol
    search.
    
    See ‘Writing portable packages’ in the ‘Writing R Extensions’ manual.
Flavors: r-devel-linux-x86_64-debian-clang, r-devel-linux-x86_64-debian-gcc, r-devel-linux-x86_64-fedora-clang, r-devel-linux-x86_64-fedora-gcc, r-patched-linux-x86_64, r-release-linux-x86_64