CRAN Package Check Results for Package rSFA

Last updated on 2017-04-24 12:47:58.

Flavor Version Tinstall Tcheck Ttotal Status Flags
r-devel-linux-x86_64-debian-clang 1.04 0.92 15.10 16.02 NOTE
r-devel-linux-x86_64-debian-gcc 1.04 0.91 14.67 15.57 NOTE
r-devel-linux-x86_64-fedora-clang 1.04 27.73 NOTE --no-stop-on-test-error
r-devel-linux-x86_64-fedora-gcc 1.04 25.11 NOTE --no-stop-on-test-error
r-devel-windows-ix86+x86_64 1.04 5.00 31.00 36.00 NOTE
r-patched-linux-x86_64 1.04 0.82 15.01 15.83 NOTE
r-patched-solaris-sparc 1.04 155.70 NOTE
r-patched-solaris-x86 1.04 36.60 NOTE
r-release-linux-x86_64 1.04 0.86 14.99 15.85 NOTE
r-release-windows-ix86+x86_64 1.04 4.00 31.00 35.00 NOTE
r-release-osx-x86_64 1.04 NOTE
r-oldrel-windows-ix86+x86_64 1.04 4.00 32.00 36.00 NOTE
r-oldrel-osx-x86_64 1.04 NOTE

Check Details

Version: 1.04
Check: R code for possible problems
Result: NOTE
    addNoisyCopies: no visible global function definition for ‘rnorm’
    eta: no visible global function definition for ‘var’
    gaussClassifier: no visible global function definition for ‘runif’
    getSigma: no visible global function definition for ‘sd’
    getSigma: no visible binding for global variable ‘sd’
    sfaClassify: no visible global function definition for ‘rainbow’
    sfaClassify: no visible global function definition for ‘par’
    sfaClassify: no visible global function definition for ‘plot’
    sfaClassify: no visible global function definition for ‘points’
    sfaClassify: no visible global function definition for ‘lines’
    Undefined global functions or variables:
     lines par plot points rainbow rnorm runif sd var
    Consider adding
     importFrom("grDevices", "rainbow")
     importFrom("graphics", "lines", "par", "plot", "points")
     importFrom("stats", "rnorm", "runif", "sd", "var")
    to your NAMESPACE file.
Flavors: r-devel-linux-x86_64-debian-clang, r-devel-linux-x86_64-debian-gcc, r-devel-windows-ix86+x86_64, r-patched-linux-x86_64, r-patched-solaris-sparc, r-patched-solaris-x86, r-release-linux-x86_64, r-release-windows-ix86+x86_64, r-release-osx-x86_64, r-oldrel-windows-ix86+x86_64, r-oldrel-osx-x86_64

Version: 1.04
Flags: --no-stop-on-test-error
Check: R code for possible problems
Result: NOTE
    addNoisyCopies: no visible global function definition for ‘rnorm’
    eta: no visible global function definition for ‘var’
    gaussClassifier: no visible global function definition for ‘runif’
    getSigma: no visible global function definition for ‘sd’
    getSigma: no visible binding for global variable ‘sd’
    sfaClassify: no visible global function definition for ‘rainbow’
    sfaClassify: no visible global function definition for ‘par’
    sfaClassify: no visible global function definition for ‘plot’
    sfaClassify: no visible global function definition for ‘points’
    sfaClassify: no visible global function definition for ‘lines’
    Undefined global functions or variables:
     lines par plot points rainbow rnorm runif sd var
    Consider adding
     importFrom("grDevices", "rainbow")
     importFrom("graphics", "lines", "par", "plot", "points")
     importFrom("stats", "rnorm", "runif", "sd", "var")
    to your NAMESPACE file.
Flavors: r-devel-linux-x86_64-fedora-clang, r-devel-linux-x86_64-fedora-gcc