CRAN Package Check Results for Package rSFA

Last updated on 2016-02-05 21:47:55.

Flavor Version Tinstall Tcheck Ttotal Status Flags
r-devel-linux-x86_64-debian-gcc 1.04 0.82 11.67 12.49 NOTE
r-devel-linux-x86_64-fedora-clang 1.04 22.59 NOTE
r-devel-linux-x86_64-fedora-gcc 1.04 21.41 NOTE
r-devel-osx-x86_64-clang 1.04 26.71 OK
r-devel-windows-ix86+x86_64 1.04 5.00 30.00 35.00 NOTE
r-patched-linux-x86_64 1.04 0.88 12.60 13.49 OK
r-patched-solaris-sparc 1.04 144.10 OK
r-patched-solaris-x86 1.04 31.50 OK
r-release-linux-x86_64 1.04 0.86 12.75 13.61 OK
r-release-osx-x86_64-mavericks 1.04 OK
r-release-windows-ix86+x86_64 1.04 6.00 23.00 29.00 OK
r-oldrel-windows-ix86+x86_64 1.04 6.00 26.00 32.00 OK

Check Details

Version: 1.04
Check: R code for possible problems
Result: NOTE
    addNoisyCopies: no visible global function definition for ‘rnorm’
    eta: no visible global function definition for ‘var’
    gaussClassifier: no visible global function definition for ‘runif’
    getSigma: no visible global function definition for ‘sd’
    getSigma: no visible binding for global variable ‘sd’
    sfaClassify: no visible global function definition for ‘rainbow’
    sfaClassify: no visible global function definition for ‘par’
    sfaClassify: no visible global function definition for ‘plot’
    sfaClassify: no visible global function definition for ‘points’
    sfaClassify: no visible global function definition for ‘lines’
    Undefined global functions or variables:
     lines par plot points rainbow rnorm runif sd var
    Consider adding
     importFrom("grDevices", "rainbow")
     importFrom("graphics", "lines", "par", "plot", "points")
     importFrom("stats", "rnorm", "runif", "sd", "var")
    to your NAMESPACE.
Flavors: r-devel-linux-x86_64-debian-gcc, r-devel-linux-x86_64-fedora-clang, r-devel-linux-x86_64-fedora-gcc, r-devel-windows-ix86+x86_64