CRAN Package Check Results for Package rSFA

Last updated on 2019-04-26 13:47:51 CEST.

Flavor Version Tinstall Tcheck Ttotal Status Flags
r-devel-linux-x86_64-debian-clang 1.04 2.84 24.05 26.89 NOTE
r-devel-linux-x86_64-debian-gcc 1.04 2.66 19.25 21.91 NOTE
r-devel-linux-x86_64-fedora-clang 1.04 32.61 NOTE
r-devel-linux-x86_64-fedora-gcc 1.04 30.42 NOTE
r-devel-windows-ix86+x86_64 1.04 9.00 50.00 59.00 NOTE
r-patched-linux-x86_64 1.04 3.02 24.19 27.21 NOTE
r-patched-solaris-x86 1.04 45.60 NOTE
r-release-linux-x86_64 1.04 1.73 22.37 24.10 NOTE
r-release-windows-ix86+x86_64 1.04 6.00 36.00 42.00 NOTE
r-release-osx-x86_64 1.04 NOTE
r-oldrel-windows-ix86+x86_64 1.04 4.00 33.00 37.00 NOTE
r-oldrel-osx-x86_64 1.04 NOTE

Check Details

Version: 1.04
Check: R code for possible problems
Result: NOTE
    addNoisyCopies: no visible global function definition for 'rnorm'
    eta: no visible global function definition for 'var'
    gaussClassifier: no visible global function definition for 'runif'
    getSigma: no visible global function definition for 'sd'
    getSigma: no visible binding for global variable 'sd'
    sfaClassify: no visible global function definition for 'rainbow'
    sfaClassify: no visible global function definition for 'par'
    sfaClassify: no visible global function definition for 'plot'
    sfaClassify: no visible global function definition for 'points'
    sfaClassify: no visible global function definition for 'lines'
    Undefined global functions or variables:
     lines par plot points rainbow rnorm runif sd var
    Consider adding
     importFrom("grDevices", "rainbow")
     importFrom("graphics", "lines", "par", "plot", "points")
     importFrom("stats", "rnorm", "runif", "sd", "var")
    to your NAMESPACE file.
Flavors: r-devel-linux-x86_64-debian-clang, r-devel-linux-x86_64-debian-gcc, r-devel-linux-x86_64-fedora-clang, r-devel-linux-x86_64-fedora-gcc, r-devel-windows-ix86+x86_64, r-patched-linux-x86_64, r-patched-solaris-x86, r-release-linux-x86_64, r-release-windows-ix86+x86_64, r-release-osx-x86_64, r-oldrel-windows-ix86+x86_64, r-oldrel-osx-x86_64