CRAN Package Check Results for Package rSFA

Last updated on 2016-05-26 21:49:40.

Flavor Version Tinstall Tcheck Ttotal Status Flags
r-devel-linux-x86_64-debian-gcc 1.04 0.84 12.91 13.75 NOTE
r-devel-linux-x86_64-fedora-clang 1.04 23.13 NOTE
r-devel-linux-x86_64-fedora-gcc 1.04 21.42 NOTE
r-devel-osx-x86_64-clang 1.04 27.15 NOTE
r-devel-windows-ix86+x86_64 1.04 4.00 32.00 36.00 NOTE
r-patched-linux-x86_64 1.04 0.81 12.97 13.77 NOTE
r-patched-solaris-sparc 1.04 145.90 NOTE
r-patched-solaris-x86 1.04 32.30 NOTE
r-release-linux-x86_64 1.04 0.75 12.62 13.37 NOTE
r-release-osx-x86_64-mavericks 1.04 NOTE
r-release-windows-ix86+x86_64 1.04 7.00 29.00 36.00 NOTE
r-oldrel-windows-ix86+x86_64 1.04 3.00 40.00 43.00 OK

Check Details

Version: 1.04
Check: R code for possible problems
Result: NOTE
    addNoisyCopies: no visible global function definition for ‘rnorm’
    eta: no visible global function definition for ‘var’
    gaussClassifier: no visible global function definition for ‘runif’
    getSigma: no visible global function definition for ‘sd’
    getSigma: no visible binding for global variable ‘sd’
    sfaClassify: no visible global function definition for ‘rainbow’
    sfaClassify: no visible global function definition for ‘par’
    sfaClassify: no visible global function definition for ‘plot’
    sfaClassify: no visible global function definition for ‘points’
    sfaClassify: no visible global function definition for ‘lines’
    Undefined global functions or variables:
     lines par plot points rainbow rnorm runif sd var
    Consider adding
     importFrom("grDevices", "rainbow")
     importFrom("graphics", "lines", "par", "plot", "points")
     importFrom("stats", "rnorm", "runif", "sd", "var")
    to your NAMESPACE file.
Flavors: r-devel-linux-x86_64-debian-gcc, r-devel-linux-x86_64-fedora-clang, r-devel-linux-x86_64-fedora-gcc, r-devel-osx-x86_64-clang, r-devel-windows-ix86+x86_64, r-patched-linux-x86_64, r-patched-solaris-sparc, r-patched-solaris-x86, r-release-linux-x86_64, r-release-osx-x86_64-mavericks, r-release-windows-ix86+x86_64