CRAN Package Check Results for Package rSFA

Last updated on 2017-01-18 12:55:00.

Flavor Version Tinstall Tcheck Ttotal Status Flags
r-devel-linux-x86_64-debian-clang 1.04 0.80 14.46 15.26 NOTE
r-devel-linux-x86_64-debian-gcc 1.04 0.86 14.64 15.49 NOTE
r-devel-linux-x86_64-fedora-clang 1.04 26.33 NOTE --no-stop-on-test-error
r-devel-linux-x86_64-fedora-gcc 1.04 26.26 NOTE --no-stop-on-test-error
r-devel-macos-x86_64-clang 1.04 23.07 NOTE --no-stop-on-test-error
r-devel-windows-ix86+x86_64 1.04 5.00 31.00 36.00 NOTE
r-patched-linux-x86_64 1.04 0.87 13.03 13.90 NOTE
r-patched-solaris-sparc 1.04 146.80 NOTE
r-patched-solaris-x86 1.04 32.00 NOTE
r-release-linux-x86_64 1.04 0.99 12.57 13.56 NOTE
r-release-osx-x86_64-mavericks 1.04 NOTE
r-release-windows-ix86+x86_64 1.04 3.00 38.00 41.00 NOTE
r-oldrel-windows-ix86+x86_64 1.04 5.00 40.00 45.00 OK

Check Details

Version: 1.04
Check: R code for possible problems
Result: NOTE
    addNoisyCopies: no visible global function definition for ‘rnorm’
    eta: no visible global function definition for ‘var’
    gaussClassifier: no visible global function definition for ‘runif’
    getSigma: no visible global function definition for ‘sd’
    getSigma: no visible binding for global variable ‘sd’
    sfaClassify: no visible global function definition for ‘rainbow’
    sfaClassify: no visible global function definition for ‘par’
    sfaClassify: no visible global function definition for ‘plot’
    sfaClassify: no visible global function definition for ‘points’
    sfaClassify: no visible global function definition for ‘lines’
    Undefined global functions or variables:
     lines par plot points rainbow rnorm runif sd var
    Consider adding
     importFrom("grDevices", "rainbow")
     importFrom("graphics", "lines", "par", "plot", "points")
     importFrom("stats", "rnorm", "runif", "sd", "var")
    to your NAMESPACE file.
Flavors: r-devel-linux-x86_64-debian-clang, r-devel-linux-x86_64-debian-gcc, r-devel-windows-ix86+x86_64, r-patched-linux-x86_64, r-patched-solaris-sparc, r-patched-solaris-x86, r-release-linux-x86_64, r-release-osx-x86_64-mavericks, r-release-windows-ix86+x86_64

Version: 1.04
Flags: --no-stop-on-test-error
Check: R code for possible problems
Result: NOTE
    addNoisyCopies: no visible global function definition for ‘rnorm’
    eta: no visible global function definition for ‘var’
    gaussClassifier: no visible global function definition for ‘runif’
    getSigma: no visible global function definition for ‘sd’
    getSigma: no visible binding for global variable ‘sd’
    sfaClassify: no visible global function definition for ‘rainbow’
    sfaClassify: no visible global function definition for ‘par’
    sfaClassify: no visible global function definition for ‘plot’
    sfaClassify: no visible global function definition for ‘points’
    sfaClassify: no visible global function definition for ‘lines’
    Undefined global functions or variables:
     lines par plot points rainbow rnorm runif sd var
    Consider adding
     importFrom("grDevices", "rainbow")
     importFrom("graphics", "lines", "par", "plot", "points")
     importFrom("stats", "rnorm", "runif", "sd", "var")
    to your NAMESPACE file.
Flavors: r-devel-linux-x86_64-fedora-clang, r-devel-linux-x86_64-fedora-gcc, r-devel-macos-x86_64-clang