CRAN Package Check Results for Package rSFA

Last updated on 2018-02-22 16:48:01 CET.

Flavor Version Tinstall Tcheck Ttotal Status Flags
r-devel-linux-x86_64-debian-clang 1.04 1.96 20.59 22.55 NOTE
r-devel-linux-x86_64-debian-gcc 1.04 1.92 17.77 19.69 NOTE
r-devel-linux-x86_64-fedora-clang 1.04 29.25 NOTE
r-devel-linux-x86_64-fedora-gcc 1.04 27.79 NOTE
r-devel-windows-ix86+x86_64 1.04 7.00 33.00 40.00 NOTE
r-patched-linux-x86_64 1.04 1.02 22.31 23.33 NOTE
r-patched-solaris-x86 1.04 36.50 NOTE
r-release-linux-x86_64 1.04 1.04 21.93 22.97 NOTE
r-release-windows-ix86+x86_64 1.04 6.00 40.00 46.00 NOTE
r-release-osx-x86_64 1.04 NOTE
r-oldrel-windows-ix86+x86_64 1.04 4.00 41.00 45.00 NOTE
r-oldrel-osx-x86_64 1.04 NOTE

Check Details

Version: 1.04
Check: R code for possible problems
Result: NOTE
    addNoisyCopies: no visible global function definition for ‘rnorm’
    eta: no visible global function definition for ‘var’
    gaussClassifier: no visible global function definition for ‘runif’
    getSigma: no visible global function definition for ‘sd’
    getSigma: no visible binding for global variable ‘sd’
    sfaClassify: no visible global function definition for ‘rainbow’
    sfaClassify: no visible global function definition for ‘par’
    sfaClassify: no visible global function definition for ‘plot’
    sfaClassify: no visible global function definition for ‘points’
    sfaClassify: no visible global function definition for ‘lines’
    Undefined global functions or variables:
     lines par plot points rainbow rnorm runif sd var
    Consider adding
     importFrom("grDevices", "rainbow")
     importFrom("graphics", "lines", "par", "plot", "points")
     importFrom("stats", "rnorm", "runif", "sd", "var")
    to your NAMESPACE file.
Flavors: r-devel-linux-x86_64-debian-clang, r-devel-linux-x86_64-debian-gcc, r-devel-linux-x86_64-fedora-clang, r-devel-linux-x86_64-fedora-gcc, r-devel-windows-ix86+x86_64, r-patched-linux-x86_64, r-patched-solaris-x86, r-release-linux-x86_64, r-release-windows-ix86+x86_64, r-release-osx-x86_64, r-oldrel-windows-ix86+x86_64, r-oldrel-osx-x86_64