CRAN Package Check Results for Package rSFA

Last updated on 2015-09-04 23:56:26.

Flavor Version Tinstall Tcheck Ttotal Status Flags
r-devel-linux-x86_64-debian-clang 1.04 0.81 12.97 13.78 NOTE
r-devel-linux-x86_64-debian-gcc 1.04 1.11 12.14 13.25 NOTE
r-devel-linux-x86_64-fedora-clang 1.04 24.48 NOTE
r-devel-linux-x86_64-fedora-gcc 1.04 22.81 NOTE
r-devel-osx-x86_64-clang 1.04 24.55 OK
r-devel-windows-ix86+x86_64 1.04 3.00 26.00 29.00 NOTE
r-patched-linux-x86_64 1.04 0.82 12.65 13.46 OK
r-patched-solaris-sparc 1.04 157.10 OK
r-patched-solaris-x86 1.04 36.00 OK
r-release-linux-x86_64 1.04 0.82 12.76 13.58 OK
r-release-osx-x86_64-mavericks 1.04 OK
r-release-windows-ix86+x86_64 1.04 5.00 38.00 43.00 OK
r-oldrel-windows-ix86+x86_64 1.04 6.00 27.00 33.00 OK

Check Details

Version: 1.04
Check: R code for possible problems
Result: NOTE
    addNoisyCopies: no visible global function definition for ‘rnorm’
    eta: no visible global function definition for ‘var’
    gaussClassifier: no visible global function definition for ‘runif’
    getSigma: no visible global function definition for ‘sd’
    getSigma: no visible binding for global variable ‘sd’
    sfaClassify: no visible global function definition for ‘rainbow’
    sfaClassify: no visible global function definition for ‘par’
    sfaClassify: no visible global function definition for ‘plot’
    sfaClassify: no visible global function definition for ‘points’
    sfaClassify: no visible global function definition for ‘lines’
    Undefined global functions or variables:
     lines par plot points rainbow rnorm runif sd var
    Consider adding
     importFrom("grDevices", "rainbow")
     importFrom("graphics", "lines", "par", "plot", "points")
     importFrom("stats", "rnorm", "runif", "sd", "var")
    to your NAMESPACE.
Flavors: r-devel-linux-x86_64-debian-clang, r-devel-linux-x86_64-debian-gcc, r-devel-linux-x86_64-fedora-clang, r-devel-linux-x86_64-fedora-gcc, r-devel-windows-ix86+x86_64