CRAN Package Check Results for Package rSFA

Last updated on 2015-07-31 23:48:01.

Flavor Version Tinstall Tcheck Ttotal Status Flags
r-devel-linux-x86_64-debian-clang 1.04 0.80 12.79 13.59 NOTE
r-devel-linux-x86_64-debian-gcc 1.04 1.13 12.15 13.28 NOTE
r-devel-linux-x86_64-fedora-clang 1.04 25.67 NOTE
r-devel-linux-x86_64-fedora-gcc 1.04 24.20 NOTE
r-devel-osx-x86_64-clang 1.04 24.61 OK
r-devel-windows-ix86+x86_64 1.04 5.00 26.00 31.00 NOTE
r-patched-linux-x86_64 1.04 0.79 12.42 13.20 OK
r-patched-solaris-sparc 1.04 157.10 OK
r-patched-solaris-x86 1.04 37.00 OK
r-release-linux-x86_64 1.04 0.83 12.41 13.24 OK
r-release-osx-x86_64-mavericks 1.04 OK
r-release-windows-ix86+x86_64 1.04 5.00 30.00 35.00 OK
r-oldrel-windows-ix86+x86_64 1.04 4.00 35.00 39.00 OK

Check Details

Version: 1.04
Check: R code for possible problems
Result: NOTE
    addNoisyCopies: no visible global function definition for ‘rnorm’
    eta: no visible global function definition for ‘var’
    gaussClassifier: no visible global function definition for ‘runif’
    getSigma: no visible global function definition for ‘sd’
    getSigma: no visible binding for global variable ‘sd’
    sfaClassify: no visible global function definition for ‘rainbow’
    sfaClassify: no visible global function definition for ‘par’
    sfaClassify: no visible global function definition for ‘plot’
    sfaClassify: no visible global function definition for ‘points’
    sfaClassify: no visible global function definition for ‘lines’
    Undefined global functions or variables:
     lines par plot points rainbow rnorm runif sd var
    Consider adding
     importFrom("grDevices", "rainbow")
     importFrom("graphics", "lines", "par", "plot", "points")
     importFrom("stats", "rnorm", "runif", "sd", "var")
    to your NAMESPACE.
Flavors: r-devel-linux-x86_64-debian-clang, r-devel-linux-x86_64-debian-gcc, r-devel-linux-x86_64-fedora-clang, r-devel-linux-x86_64-fedora-gcc, r-devel-windows-ix86+x86_64