CRAN Package Check Results for Package rSFA

Last updated on 2017-09-21 18:47:32.

Flavor Version Tinstall Tcheck Ttotal Status Flags
r-devel-linux-x86_64-debian-clang 1.04 0.82 15.49 16.31 NOTE
r-devel-linux-x86_64-debian-gcc 1.04 0.81 14.95 15.76 NOTE
r-devel-linux-x86_64-fedora-clang 1.04 26.51 NOTE
r-devel-linux-x86_64-fedora-gcc 1.04 25.48 NOTE
r-devel-windows-ix86+x86_64 1.04 3.00 32.00 35.00 NOTE
r-patched-linux-x86_64 1.04 0.91 15.12 16.03 NOTE
r-patched-solaris-x86 1.04 37.20 NOTE
r-release-linux-x86_64 1.04 0.88 15.03 15.91 NOTE
r-release-windows-ix86+x86_64 1.04 3.00 33.00 36.00 NOTE
r-release-osx-x86_64 1.04 NOTE
r-oldrel-windows-ix86+x86_64 1.04 3.00 30.00 33.00 NOTE
r-oldrel-osx-x86_64 1.04 NOTE

Check Details

Version: 1.04
Check: R code for possible problems
Result: NOTE
    addNoisyCopies: no visible global function definition for ‘rnorm’
    eta: no visible global function definition for ‘var’
    gaussClassifier: no visible global function definition for ‘runif’
    getSigma: no visible global function definition for ‘sd’
    getSigma: no visible binding for global variable ‘sd’
    sfaClassify: no visible global function definition for ‘rainbow’
    sfaClassify: no visible global function definition for ‘par’
    sfaClassify: no visible global function definition for ‘plot’
    sfaClassify: no visible global function definition for ‘points’
    sfaClassify: no visible global function definition for ‘lines’
    Undefined global functions or variables:
     lines par plot points rainbow rnorm runif sd var
    Consider adding
     importFrom("grDevices", "rainbow")
     importFrom("graphics", "lines", "par", "plot", "points")
     importFrom("stats", "rnorm", "runif", "sd", "var")
    to your NAMESPACE file.
Flavors: r-devel-linux-x86_64-debian-clang, r-devel-linux-x86_64-debian-gcc, r-devel-linux-x86_64-fedora-clang, r-devel-linux-x86_64-fedora-gcc, r-devel-windows-ix86+x86_64, r-patched-linux-x86_64, r-patched-solaris-x86, r-release-linux-x86_64, r-release-windows-ix86+x86_64, r-release-osx-x86_64, r-oldrel-windows-ix86+x86_64, r-oldrel-osx-x86_64