CRAN Package Check Results for Package rSPDE

Last updated on 2021-12-05 20:48:48 CET.

Flavor Version Tinstall Tcheck Ttotal Status Flags
r-devel-linux-x86_64-debian-clang 0.6.3 7.77 82.93 90.70 NOTE
r-devel-linux-x86_64-debian-gcc 0.6.3 6.11 65.17 71.28 NOTE
r-devel-linux-x86_64-fedora-clang 0.6.3 110.27 OK
r-devel-linux-x86_64-fedora-gcc 0.6.3 99.96 OK
r-devel-windows-x86_64-new-UL 0.6.3 15.00 129.00 144.00 NOTE
r-devel-windows-x86_64-new-TK 0.6.3 NOTE
r-devel-windows-x86_64-old 0.6.3 11.00 75.00 86.00 OK
r-patched-linux-x86_64 0.6.3 8.05 70.89 78.94 NOTE
r-release-linux-x86_64 0.6.3 6.31 79.59 85.90 NOTE
r-release-macos-arm64 0.6.3 NOTE
r-release-macos-x86_64 0.6.3 NOTE
r-release-windows-ix86+x86_64 0.6.3 17.00 99.00 116.00 OK
r-oldrel-macos-x86_64 0.6.3 NOTE
r-oldrel-windows-ix86+x86_64 0.6.3 17.00 99.00 116.00 OK

Check Details

Version: 0.6.3
Check: package dependencies
Result: NOTE
    Package suggested but not available for checking: 'INLA'
Flavors: r-devel-linux-x86_64-debian-clang, r-devel-linux-x86_64-debian-gcc, r-devel-windows-x86_64-new-UL, r-devel-windows-x86_64-new-TK, r-patched-linux-x86_64, r-release-linux-x86_64, r-release-macos-arm64, r-release-macos-x86_64, r-oldrel-macos-x86_64