CRAN Package Check Results for Package rSpectral

Last updated on 2023-03-21 07:54:21 CET.

Flavor Version Tinstall Tcheck Ttotal Status Flags
r-devel-linux-x86_64-debian-clang 1.0.0.10 NOTE
r-devel-linux-x86_64-debian-gcc 1.0.0.10 76.74 41.06 117.80 NOTE
r-devel-linux-x86_64-fedora-clang 1.0.0.10 236.56 NOTE
r-devel-linux-x86_64-fedora-gcc 1.0.0.10 195.65 NOTE
r-patched-linux-x86_64 1.0.0.10 88.45 52.25 140.70 OK
r-release-linux-x86_64 1.0.0.10 88.21 51.09 139.30 OK
r-release-macos-arm64 1.0.0.10 50.00 OK
r-release-macos-x86_64 1.0.0.10 70.00 OK
r-release-windows-x86_64 1.0.0.10 90.00 118.00 208.00 OK
r-oldrel-macos-arm64 1.0.0.10 47.00 OK
r-oldrel-macos-x86_64 1.0.0.10 80.00 OK
r-oldrel-windows-ix86+x86_64 1.0.0.10 213.00 117.00 330.00 OK

Check Details

Version: 1.0.0.10
Check: C++ specification
Result: NOTE
     Specified C++11: please drop specification unless essential
Flavors: r-devel-linux-x86_64-debian-clang, r-devel-linux-x86_64-debian-gcc, r-devel-linux-x86_64-fedora-clang, r-devel-linux-x86_64-fedora-gcc