CRAN Package Check Results for Package rWind

Last updated on 2024-04-13 11:49:51 CEST.

Flavor Version Tinstall Tcheck Ttotal Status Flags
r-devel-linux-x86_64-debian-clang 1.1.7 44.60 399.03 443.63 NOTE
r-devel-linux-x86_64-debian-gcc 1.1.7 28.31 277.77 306.08 NOTE
r-devel-linux-x86_64-fedora-clang 1.1.7 509.08 NOTE
r-devel-linux-x86_64-fedora-gcc 1.1.7 520.11 NOTE
r-devel-windows-x86_64 1.1.7 27.00 229.00 256.00 NOTE
r-patched-linux-x86_64 1.1.7 41.17 377.84 419.01 NOTE
r-release-linux-x86_64 1.1.7 33.35 373.78 407.13 OK
r-release-macos-arm64 1.1.7 145.00 OK
r-release-macos-x86_64 1.1.7 239.00 OK
r-release-windows-x86_64 1.1.7 42.00 311.00 353.00 OK
r-oldrel-macos-arm64 1.1.7 121.00 OK
r-oldrel-windows-x86_64 1.1.7 41.00 302.00 343.00 OK

Check Details

Version: 1.1.7
Check: Rd \usage sections
Result: NOTE Documented arguments not in \usage in Rd file 'wind.fit_int.Rd': ‘X’ Functions with \usage entries need to have the appropriate \alias entries, and all their arguments documented. The \usage entries must correspond to syntactically valid R code. See chapter ‘Writing R documentation files’ in the ‘Writing R Extensions’ manual. Flavors: r-devel-linux-x86_64-debian-clang, r-devel-linux-x86_64-debian-gcc, r-devel-linux-x86_64-fedora-clang, r-devel-linux-x86_64-fedora-gcc, r-devel-windows-x86_64, r-patched-linux-x86_64