CRAN Package Check Results for Package rabi

Last updated on 2021-04-11 23:47:09 CEST.

Flavor Version Tinstall Tcheck Ttotal Status Flags
r-devel-linux-x86_64-debian-clang 1.0.2 3.41 49.98 53.39 NOTE
r-devel-linux-x86_64-debian-gcc 1.0.2 3.02 50.09 53.11 NOTE
r-devel-linux-x86_64-fedora-clang 1.0.2 70.76 NOTE
r-devel-linux-x86_64-fedora-gcc 1.0.2 55.90 NOTE
r-devel-windows-ix86+x86_64 1.0.2 10.00 57.00 67.00 NOTE
r-devel-windows-x86_64-gcc10-UCRT 1.0.2 NOTE
r-patched-linux-x86_64 1.0.2 3.25 46.39 49.64 OK
r-patched-solaris-x86 1.0.2 89.00 OK
r-release-linux-x86_64 1.0.2 3.43 45.19 48.62 OK
r-release-macos-x86_64 1.0.2 OK
r-release-windows-ix86+x86_64 1.0.2 8.00 64.00 72.00 OK
r-oldrel-macos-x86_64 1.0.2 OK
r-oldrel-windows-ix86+x86_64 1.0.2 8.00 44.00 52.00 OK

Check Details

Version: 1.0.2
Check: LazyData
Result: NOTE
     'LazyData' is specified without a 'data' directory
Flavors: r-devel-linux-x86_64-debian-clang, r-devel-linux-x86_64-debian-gcc, r-devel-linux-x86_64-fedora-clang, r-devel-linux-x86_64-fedora-gcc, r-devel-windows-ix86+x86_64, r-devel-windows-x86_64-gcc10-UCRT