CRAN Package Check Results for Package race

Last updated on 2017-12-18 05:48:11 CET.

Flavor Version Tinstall Tcheck Ttotal Status Flags
r-devel-linux-x86_64-debian-clang 0.1.59 0.64 20.02 20.66 NOTE
r-devel-linux-x86_64-debian-gcc NOTE
r-devel-linux-x86_64-fedora-clang 0.1.59 25.72 NOTE
r-devel-linux-x86_64-fedora-gcc 0.1.59 25.19 NOTE
r-devel-windows-ix86+x86_64 0.1.59 3.00 34.00 37.00 NOTE
r-patched-linux-x86_64 0.1.59 0.71 20.63 21.34 NOTE
r-patched-solaris-x86 0.1.59 34.60 NOTE
r-release-linux-x86_64 0.1.59 0.76 20.40 21.16 NOTE
r-release-windows-ix86+x86_64 0.1.59 3.00 42.00 45.00 NOTE
r-release-osx-x86_64 0.1.59 NOTE
r-oldrel-windows-ix86+x86_64 0.1.59 3.00 38.00 41.00 NOTE
r-oldrel-osx-x86_64 0.1.59 NOTE

Check Details

Version: 0.1.59
Check: package dependencies
Result: NOTE
    Package suggested but not available for checking: ‘rpvm’
Flavors: r-devel-linux-x86_64-debian-clang, r-devel-linux-x86_64-debian-gcc, r-devel-linux-x86_64-fedora-clang, r-devel-linux-x86_64-fedora-gcc, r-devel-windows-ix86+x86_64, r-patched-linux-x86_64, r-patched-solaris-x86, r-release-linux-x86_64, r-release-windows-ix86+x86_64, r-release-osx-x86_64, r-oldrel-windows-ix86+x86_64, r-oldrel-osx-x86_64

Version: 0.1.59
Check: dependencies in R code
Result: NOTE
    'library' or 'require' call to ‘rpvm’ in package code.
     Please use :: or requireNamespace() instead.
     See section 'Suggested packages' in the 'Writing R Extensions' manual.
Flavors: r-devel-linux-x86_64-debian-clang, r-devel-linux-x86_64-debian-gcc, r-devel-linux-x86_64-fedora-clang, r-devel-linux-x86_64-fedora-gcc, r-devel-windows-ix86+x86_64, r-patched-linux-x86_64, r-patched-solaris-x86, r-release-linux-x86_64, r-release-windows-ix86+x86_64, r-release-osx-x86_64, r-oldrel-windows-ix86+x86_64, r-oldrel-osx-x86_64

Version: 0.1.59
Check: R code for possible problems
Result: NOTE
    race : killSlaves.exit: no visible global function definition for
     ‘.PVM.initsend’
    race : killSlaves.exit: no visible global function definition for
     ‘.PVM.send’
    race : killSlaves.exit: no visible global function definition for
     ‘.PVM.exit’
    race: no visible global function definition for ‘.PVM.mytid’
    race: no visible global function definition for ‘.PVM.spawn’
    race: no visible global function definition for ‘.PVM.initsend’
    race: no visible global function definition for ‘.PVM.pkstrvec’
    race: no visible global function definition for ‘.PVM.send’
    race: no visible global function definition for ‘.PVM.recv’
    race: no visible global function definition for ‘.PVM.bufinfo’
    race: no visible global function definition for ‘.PVM.upkstrvec’
    race : job.start: no visible global function definition for
     ‘.PVM.initsend’
    race : job.start: no visible global function definition for
     ‘.PVM.pkint’
    race : job.start: no visible global function definition for ‘.PVM.send’
    race : job.wait: no visible global function definition for ‘.PVM.recv’
    race : job.wait: no visible global function definition for
     ‘.PVM.bufinfo’
    race : job.wait: no visible global function definition for
     ‘.PVM.upkint’
    race : job.wait: no visible global function definition for
     ‘.PVM.upkdblvec’
    race : aux2.friedman: no visible global function definition for
     ‘pchisq’
    race : aux2.friedman: no visible global function definition for ‘qt’
    race : aux.friedman: no visible global function definition for
     ‘wilcox.test’
    race : aux.ttest: no visible global function definition for ‘t.test’
    race : aux.ttest: no visible global function definition for ‘p.adjust’
    Undefined global functions or variables:
     .PVM.bufinfo .PVM.exit .PVM.initsend .PVM.mytid .PVM.pkint
     .PVM.pkstrvec .PVM.recv .PVM.send .PVM.spawn .PVM.upkdblvec
     .PVM.upkint .PVM.upkstrvec p.adjust pchisq qt t.test wilcox.test
    Consider adding
     importFrom("stats", "p.adjust", "pchisq", "qt", "t.test",
     "wilcox.test")
    to your NAMESPACE file.
Flavors: r-devel-linux-x86_64-debian-clang, r-devel-linux-x86_64-debian-gcc, r-devel-linux-x86_64-fedora-clang, r-devel-linux-x86_64-fedora-gcc, r-devel-windows-ix86+x86_64, r-patched-linux-x86_64, r-patched-solaris-x86, r-release-linux-x86_64, r-release-windows-ix86+x86_64, r-release-osx-x86_64, r-oldrel-windows-ix86+x86_64, r-oldrel-osx-x86_64