CRAN Package Check Results for Package radiant.model

Last updated on 2022-12-01 14:52:21 CET.

Flavor Version Tinstall Tcheck Ttotal Status Flags
r-devel-linux-x86_64-debian-clang 1.4.8 26.34 254.98 281.32 OK
r-devel-linux-x86_64-debian-gcc 1.4.8 23.81 201.54 225.35 OK
r-devel-linux-x86_64-fedora-clang 1.4.8 346.64 NOTE
r-devel-linux-x86_64-fedora-gcc 1.4.8 338.93 OK
r-devel-windows-x86_64 1.4.8 119.00 304.00 423.00 OK
r-patched-linux-x86_64 1.4.8 38.13 229.53 267.66 OK
r-release-linux-x86_64 1.4.8 29.28 238.12 267.40 OK
r-release-macos-arm64 1.4.8 64.00 OK
r-release-macos-x86_64 1.4.8 111.00 OK
r-release-windows-x86_64 1.4.8 53.00 288.00 341.00 OK
r-oldrel-macos-arm64 1.4.8 62.00 OK
r-oldrel-macos-x86_64 1.4.8 112.00 OK
r-oldrel-windows-ix86+x86_64 1.4.8 61.00 280.00 341.00 OK

Check Details

Version: 1.4.8
Check: package dependencies
Result: NOTE
    Imports includes 27 non-default packages.
    Importing from so many packages makes the package vulnerable to any of
    them becoming unavailable. Move as many as possible to Suggests and
    use conditionally.
Flavor: r-devel-linux-x86_64-fedora-clang