CRAN Package Check Results for Package rafalib

Last updated on 2023-06-05 14:56:55 CEST.

Flavor Version Tinstall Tcheck Ttotal Status Flags
r-devel-linux-x86_64-debian-clang 1.0.0 2.68 23.93 26.61 NOTE
r-devel-linux-x86_64-debian-gcc 1.0.0 1.99 18.88 20.87 NOTE
r-devel-linux-x86_64-fedora-clang 1.0.0 33.73 NOTE
r-devel-linux-x86_64-fedora-gcc 1.0.0 31.65 NOTE
r-devel-windows-x86_64 1.0.0 4.00 45.00 49.00 NOTE
r-patched-linux-x86_64 1.0.0 2.46 23.60 26.06 NOTE
r-release-linux-x86_64 1.0.0 2.00 23.67 25.67 NOTE
r-release-macos-arm64 1.0.0 17.00 NOTE
r-release-macos-x86_64 1.0.0 22.00 NOTE
r-release-windows-x86_64 1.0.0 4.00 48.00 52.00 NOTE
r-oldrel-macos-arm64 1.0.0 18.00 NOTE
r-oldrel-macos-x86_64 1.0.0 21.00 NOTE
r-oldrel-windows-x86_64 1.0.0 9.00 49.00 58.00 NOTE

Check Details

Version: 1.0.0
Check: LazyData
Result: NOTE
     'LazyData' is specified without a 'data' directory
Flavors: r-devel-linux-x86_64-debian-clang, r-devel-linux-x86_64-debian-gcc, r-devel-linux-x86_64-fedora-clang, r-devel-linux-x86_64-fedora-gcc, r-devel-windows-x86_64, r-patched-linux-x86_64, r-release-linux-x86_64, r-release-macos-arm64, r-release-macos-x86_64, r-release-windows-x86_64, r-oldrel-macos-arm64, r-oldrel-macos-x86_64, r-oldrel-windows-x86_64