CRAN Package Check Results for Package ragg

Last updated on 2020-08-10 04:47:42 CEST.

Flavor Version Tinstall Tcheck Ttotal Status Flags
r-devel-linux-x86_64-debian-clang 0.3.1 50.12 28.72 78.84 OK
r-devel-linux-x86_64-debian-gcc 0.3.1 41.04 22.16 63.20 OK
r-devel-linux-x86_64-fedora-clang 0.3.1 116.54 NOTE
r-devel-linux-x86_64-fedora-gcc 0.3.1 102.49 OK
r-devel-windows-ix86+x86_64 0.3.1 135.00 103.00 238.00 NOTE
r-patched-linux-x86_64 0.3.1 45.48 28.27 73.75 OK
r-patched-solaris-x86 0.3.1 127.20 OK
r-release-linux-x86_64 0.3.1 43.29 28.14 71.43 OK
r-release-macos-x86_64 0.3.1 NOTE
r-release-windows-ix86+x86_64 0.3.1 131.00 102.00 233.00 NOTE
r-oldrel-macos-x86_64 0.3.1 NOTE
r-oldrel-windows-ix86+x86_64 0.3.1 99.00 95.00 194.00 NOTE

Check Details

Version: 0.3.1
Check: installed package size
Result: NOTE
     installed size is 6.0Mb
     sub-directories of 1Mb or more:
     libs 5.7Mb
Flavors: r-devel-linux-x86_64-fedora-clang, r-devel-windows-ix86+x86_64, r-release-macos-x86_64, r-release-windows-ix86+x86_64, r-oldrel-macos-x86_64, r-oldrel-windows-ix86+x86_64