CRAN Package Check Results for Package ragg

Last updated on 2020-01-26 03:48:30 CET.

Flavor Version Tinstall Tcheck Ttotal Status Flags
r-devel-linux-x86_64-debian-clang 0.1.3 40.87 19.32 60.19 OK
r-devel-linux-x86_64-debian-gcc 0.1.3 33.06 15.67 48.73 OK
r-devel-linux-x86_64-fedora-clang 0.1.3 89.54 NOTE
r-devel-linux-x86_64-fedora-gcc 0.1.3 88.50 NOTE
r-devel-windows-ix86+x86_64 0.1.3 122.00 88.00 210.00 NOTE
r-devel-windows-ix86+x86_64-gcc8 0.1.3 118.00 59.00 177.00 NOTE
r-patched-linux-x86_64 0.1.3 33.52 18.23 51.75 OK
r-patched-solaris-x86 0.1.3 102.80 OK
r-release-linux-x86_64 0.1.3 34.72 18.12 52.84 OK
r-release-windows-ix86+x86_64 0.1.3 93.00 58.00 151.00 NOTE
r-release-osx-x86_64 0.1.3 NOTE
r-oldrel-windows-ix86+x86_64 0.1.3 89.00 58.00 147.00 NOTE
r-oldrel-osx-x86_64 0.1.3 NOTE

Check Details

Version: 0.1.3
Check: installed package size
Result: NOTE
     installed size is 5.2Mb
     sub-directories of 1Mb or more:
     libs 4.9Mb
Flavors: r-devel-linux-x86_64-fedora-clang, r-devel-windows-ix86+x86_64, r-devel-windows-ix86+x86_64-gcc8, r-release-windows-ix86+x86_64, r-release-osx-x86_64, r-oldrel-windows-ix86+x86_64, r-oldrel-osx-x86_64

Version: 0.1.3
Check: top-level files
Result: NOTE
     possible bashism in configure line 30 ($(OS|MACH)TYPE):
     elif [[ "$OSTYPE" == "darwin"* ]]; then
     possible bashism in configure line 30 (alternative test command ([[ foo ]] should be [ foo ])):
     elif [[ "$OSTYPE" == "darwin"* ]]; then
     possible bashism in configure line 30 (should be 'b = a'):
     elif [[ "$OSTYPE" == "darwin"* ]]; then
     possible bashism in configure line 35 (should be '.', not 'source'):
     source tools/autobrew
Flavors: r-devel-linux-x86_64-fedora-clang, r-devel-linux-x86_64-fedora-gcc