CRAN Package Check Results for Package rags2ridges

Last updated on 2017-09-21 05:48:52.

Flavor Version Tinstall Tcheck Ttotal Status Flags
r-devel-linux-x86_64-debian-clang 2.2 26.82 107.14 133.96 OK
r-devel-linux-x86_64-debian-gcc 2.2 27.90 102.77 130.68 OK
r-devel-linux-x86_64-fedora-clang 2.2 274.32 NOTE
r-devel-linux-x86_64-fedora-gcc 2.2 272.67 NOTE
r-devel-windows-ix86+x86_64 2.2 70.00 386.00 456.00 OK
r-patched-linux-x86_64 2.2 27.64 107.64 135.28 OK
r-patched-solaris-x86 2.2 331.80 OK
r-release-linux-x86_64 2.2 27.84 108.35 136.20 OK
r-release-windows-ix86+x86_64 2.2 81.00 273.00 354.00 OK
r-release-osx-x86_64 2.2 ERROR
r-oldrel-windows-ix86+x86_64 2.2 73.00 213.00 286.00 OK
r-oldrel-osx-x86_64 2.2 NOTE

Check Details

Version: 2.2
Check: installed package size
Result: NOTE
     installed size is 5.0Mb
     sub-directories of 1Mb or more:
     libs 3.5Mb
Flavors: r-devel-linux-x86_64-fedora-clang, r-devel-linux-x86_64-fedora-gcc, r-oldrel-osx-x86_64

Version: 2.2
Check: package dependencies
Result: ERROR
    Packages required but not available: ‘gRbase’ ‘RBGL’ ‘graph’
    
    Package suggested but not available for checking: ‘KEGGgraph’
    
    See section ‘The DESCRIPTION file’ in the ‘Writing R Extensions’
    manual.
Flavor: r-release-osx-x86_64