CRAN Package Check Results for Package rags2ridges

Last updated on 2018-06-23 00:46:37 CEST.

Flavor Version Tinstall Tcheck Ttotal Status Flags
r-devel-linux-x86_64-debian-clang 2.2 43.59 185.56 229.15 OK
r-devel-linux-x86_64-debian-gcc 2.2 37.89 142.67 180.56 OK
r-devel-linux-x86_64-fedora-clang 2.2 284.27 OK
r-devel-linux-x86_64-fedora-gcc 2.2 267.61 OK
r-devel-windows-ix86+x86_64 2.2 74.00 268.00 342.00 OK
r-patched-linux-x86_64 2.2 43.35 168.76 212.11 OK
r-patched-solaris-x86 2.2 328.80 OK
r-release-linux-x86_64 2.2 44.91 166.10 211.01 OK
r-release-windows-ix86+x86_64 2.2 85.00 252.00 337.00 OK
r-release-osx-x86_64 2.2 NOTE
r-oldrel-windows-ix86+x86_64 2.2 101.00 250.00 351.00 OK
r-oldrel-osx-x86_64 2.2 NOTE

Check Details

Version: 2.2
Check: installed package size
Result: NOTE
     installed size is 5.9Mb
     sub-directories of 1Mb or more:
     R 1.0Mb
     libs 4.2Mb
Flavors: r-release-osx-x86_64, r-oldrel-osx-x86_64

Version: 2.2
Check: package dependencies
Result: NOTE
    Package suggested but not available for checking: ‘KEGGgraph’
Flavor: r-oldrel-osx-x86_64