CRAN Package Check Results for Package rags2ridges

Last updated on 2015-08-31 23:49:45.

Flavor Version Tinstall Tcheck Ttotal Status Flags
r-devel-linux-x86_64-debian-clang 1.4 3.32 52.11 55.43 NOTE
r-devel-linux-x86_64-debian-gcc 1.4 3.22 49.58 52.81 NOTE
r-devel-linux-x86_64-fedora-clang 1.4 114.44 NOTE
r-devel-linux-x86_64-fedora-gcc 1.4 105.83 NOTE
r-devel-osx-x86_64-clang 1.4 89.06 OK
r-devel-windows-ix86+x86_64 1.4 20.00 93.00 113.00 NOTE
r-patched-linux-x86_64 1.4 3.58 52.96 56.54 OK
r-patched-solaris-sparc 1.4 737.30 OK
r-patched-solaris-x86 1.4 170.70 OK
r-release-linux-x86_64 1.4 3.79 55.37 59.16 OK
r-release-osx-x86_64-mavericks 1.4 OK
r-release-windows-ix86+x86_64 1.4 16.00 133.00 149.00 OK
r-oldrel-windows-ix86+x86_64 1.4 30.00 197.00 227.00 OK

Check Details

Version: 1.4
Check: R code for possible problems
Result: NOTE
    GGMblockTest: no visible global function definition for ‘hist’
    GGMblockTest: no visible global function definition for ‘lines’
    GGMblockTest: no visible global function definition for ‘text’
    GGMblockTest: no visible global function definition for ‘quantile’
    GGMpathStats: no visible global function definition for ‘plot’
    Ugraph: no visible global function definition for ‘plot’
    conditionNumberPlot: no visible global function definition for ‘par’
    conditionNumberPlot: no visible global function definition for ‘plot’
    conditionNumberPlot: no visible global function definition for ‘axis’
    conditionNumberPlot: no visible global function definition for ‘mtext’
    conditionNumberPlot: no visible global function definition for ‘legend’
    conditionNumberPlot: no visible global function definition for ‘abline’
    evaluateSfit: no visible global function definition for ‘pdf’
    evaluateSfit: no visible global function definition for ‘setEPS’
    evaluateSfit: no visible global function definition for ‘postscript’
    evaluateSfit: no visible global function definition for ‘par’
    evaluateSfit: no visible global function definition for ‘qqplot’
    evaluateSfit: no visible global function definition for ‘lines’
    evaluateSfit: no visible global function definition for ‘dev.off’
    fullMontyS: no visible global function definition for ‘pdf’
    fullMontyS: no visible global function definition for ‘setEPS’
    fullMontyS: no visible global function definition for ‘postscript’
    fullMontyS: no visible global function definition for ‘dev.off’
    fullMontyS: no visible global function definition for ‘capture.output’
    optPenalty.LOOCV: no visible global function definition for ‘plot’
    optPenalty.LOOCV: no visible global function definition for ‘axis’
    optPenalty.LOOCV: no visible global function definition for ‘abline’
    optPenalty.LOOCV: no visible global function definition for ‘legend’
    optPenalty.aLOOCV: no visible global function definition for ‘plot’
    optPenalty.aLOOCV: no visible global function definition for ‘axis’
    optPenalty.aLOOCV: no visible global function definition for ‘abline’
    optPenalty.aLOOCV: no visible global function definition for ‘legend’
    ridgePathS: no visible global function definition for ‘plot’
    ridgePathS: no visible global function definition for ‘lines’
    ridgePathS: no visible global function definition for ‘axis’
    ridgePathS: no visible global function definition for ‘abline’
    Undefined global functions or variables:
     abline axis capture.output dev.off hist legend lines mtext par pdf
     plot postscript qqplot quantile setEPS text
    Consider adding
     importFrom("grDevices", "dev.off", "pdf", "postscript", "setEPS")
     importFrom("graphics", "abline", "axis", "hist", "legend", "lines",
     "mtext", "par", "plot", "text")
     importFrom("stats", "qqplot", "quantile")
     importFrom("utils", "capture.output")
    to your NAMESPACE.
Flavors: r-devel-linux-x86_64-debian-clang, r-devel-linux-x86_64-debian-gcc, r-devel-linux-x86_64-fedora-clang, r-devel-linux-x86_64-fedora-gcc, r-devel-windows-ix86+x86_64