CRAN Package Check Results for Package rags2ridges

Last updated on 2017-02-25 23:48:00.

Flavor Version Tinstall Tcheck Ttotal Status Flags
r-devel-linux-x86_64-debian-clang 2.1.1 19.69 83.94 103.63 NOTE
r-devel-linux-x86_64-debian-gcc 2.1.1 21.08 80.01 101.09 NOTE
r-devel-linux-x86_64-fedora-clang 2.1.1 230.98 NOTE --no-stop-on-test-error
r-devel-linux-x86_64-fedora-gcc 2.1.1 209.78 NOTE --no-stop-on-test-error
r-devel-macos-x86_64-clang 2.1.1 159.20 NOTE --no-stop-on-test-error
r-devel-windows-ix86+x86_64 2.1.1 89.00 278.00 367.00 OK
r-patched-linux-x86_64 2.1.1 18.31 71.68 89.99 OK
r-patched-solaris-sparc 2.1.1 1096.70 OK
r-patched-solaris-x86 2.1.1 224.10 OK
r-release-linux-x86_64 2.1.1 18.80 73.26 92.06 OK
r-release-osx-x86_64-mavericks 2.1.1 OK
r-release-windows-ix86+x86_64 2.1.1 86.00 173.00 259.00 OK
r-oldrel-windows-ix86+x86_64 2.1.1 84.00 250.00 334.00 OK

Check Details

Version: 2.1.1
Check: compiled code
Result: NOTE
    File ‘rags2ridges/libs/rags2ridges.so’:
     Found no calls to: ‘R_registerRoutines’, ‘R_useDynamicSymbols’
    
    It is good practice to register native routines and to disable symbol
    search.
    
    See ‘Writing portable packages’ in the ‘Writing R Extensions’ manual.
Flavors: r-devel-linux-x86_64-debian-clang, r-devel-linux-x86_64-debian-gcc

Version: 2.1.1
Flags: --no-stop-on-test-error
Check: compiled code
Result: NOTE
    File ‘rags2ridges/libs/rags2ridges.so’:
     Found no calls to: ‘R_registerRoutines’, ‘R_useDynamicSymbols’
    
    It is good practice to register native routines and to disable symbol
    search.
    
    See ‘Writing portable packages’ in the ‘Writing R Extensions’ manual.
Flavors: r-devel-linux-x86_64-fedora-clang, r-devel-linux-x86_64-fedora-gcc, r-devel-macos-x86_64-clang