CRAN Package Check Results for Package rags2ridges

Last updated on 2016-02-09 06:49:57.

Flavor Version Tinstall Tcheck Ttotal Status Flags
r-devel-linux-x86_64-debian-gcc 2.0 16.97 64.19 81.16 OK
r-devel-linux-x86_64-fedora-clang 2.0 171.45 OK
r-devel-linux-x86_64-fedora-gcc 2.0 160.75 OK
r-devel-osx-x86_64-clang 2.0 158.97 OK
r-devel-windows-ix86+x86_64 2.0 76.00 160.00 236.00 OK
r-patched-linux-x86_64 2.0 17.60 69.57 87.17 OK
r-patched-solaris-sparc 2.0 1025.70 NOTE
r-patched-solaris-x86 2.0 216.00 OK
r-release-linux-x86_64 2.0 18.15 68.90 87.05 OK
r-release-osx-x86_64-mavericks 2.0 NOTE
r-release-windows-ix86+x86_64 2.0 73.00 161.00 234.00 OK
r-oldrel-windows-ix86+x86_64 2.0 81.00 251.00 332.00 OK

Check Details

Version: 2.0
Check: package dependencies
Result: NOTE
    Package suggested but not available for checking: ‘KEGGgraph’
Flavors: r-patched-solaris-sparc, r-release-osx-x86_64-mavericks