CRAN Package Check Results for Package rags2ridges

Last updated on 2017-07-24 05:50:36.

Flavor Version Tinstall Tcheck Ttotal Status Flags
r-devel-linux-x86_64-debian-clang 2.2 26.96 118.16 145.12 OK
r-devel-linux-x86_64-debian-gcc 2.2 27.23 113.61 140.84 OK
r-devel-linux-x86_64-fedora-clang 2.2 284.62 OK
r-devel-linux-x86_64-fedora-gcc 2.2 269.91 NOTE
r-devel-windows-ix86+x86_64 2.2 97.00 273.00 370.00 OK
r-patched-linux-x86_64 2.2 27.48 116.14 143.63 OK
r-patched-solaris-x86 2.2 329.60 OK
r-release-linux-x86_64 2.2 27.50 118.24 145.74 OK
r-release-windows-ix86+x86_64 2.2 82.00 361.00 443.00 OK
r-release-osx-x86_64 2.2 ERROR
r-oldrel-windows-ix86+x86_64 2.2 74.00 230.00 304.00 OK
r-oldrel-osx-x86_64 2.2 NOTE

Check Details

Version: 2.2
Check: installed package size
Result: NOTE
     installed size is 5.4Mb
     sub-directories of 1Mb or more:
     libs 3.9Mb
Flavors: r-devel-linux-x86_64-fedora-gcc, r-oldrel-osx-x86_64

Version: 2.2
Check: package dependencies
Result: ERROR
    Packages required but not available: ‘gRbase’ ‘RBGL’ ‘graph’
    
    Package suggested but not available for checking: ‘KEGGgraph’
    
    See section ‘The DESCRIPTION file’ in the ‘Writing R Extensions’
    manual.
Flavor: r-release-osx-x86_64