CRAN Package Check Results for Package rags2ridges

Last updated on 2017-05-25 07:48:47.

Flavor Version Tinstall Tcheck Ttotal Status Flags
r-devel-linux-x86_64-debian-clang 2.2 26.82 106.00 132.82 OK
r-devel-linux-x86_64-debian-gcc 2.2 27.50 105.72 133.22 OK
r-devel-linux-x86_64-fedora-clang 2.2 273.60 OK --no-stop-on-test-error
r-devel-linux-x86_64-fedora-gcc 2.2 270.19 NOTE --no-stop-on-test-error
r-devel-windows-ix86+x86_64 2.2 74.00 259.00 333.00 OK
r-patched-linux-x86_64 2.2 24.52 104.81 129.34 OK
r-patched-solaris-sparc 2.2 1472.70 OK
r-patched-solaris-x86 2.2 321.50 OK --no-stop-on-test-error
r-release-linux-x86_64 2.2 23.86 105.30 129.16 OK
r-release-windows-ix86+x86_64 2.2 72.00 243.00 315.00 OK
r-release-osx-x86_64 2.2 ERROR
r-oldrel-windows-ix86+x86_64 2.2 97.00 298.00 395.00 OK
r-oldrel-osx-x86_64 2.2 NOTE

Check Details

Version: 2.2
Flags: --no-stop-on-test-error
Check: installed package size
Result: NOTE
     installed size is 5.4Mb
     sub-directories of 1Mb or more:
     libs 3.9Mb
Flavor: r-devel-linux-x86_64-fedora-gcc

Version: 2.2
Check: package dependencies
Result: ERROR
    Packages required but not available: ‘gRbase’ ‘RBGL’ ‘graph’
    
    Package suggested but not available for checking: ‘KEGGgraph’
    
    See section ‘The DESCRIPTION file’ in the ‘Writing R Extensions’
    manual.
Flavor: r-release-osx-x86_64

Version: 2.2
Check: installed package size
Result: NOTE
     installed size is 5.1Mb
     sub-directories of 1Mb or more:
     libs 3.6Mb
Flavor: r-oldrel-osx-x86_64