CRAN Package Check Results for Package rags2ridges

Last updated on 2014-10-23 17:47:49.

Flavor Version Tinstall Tcheck Ttotal Status Flags
r-devel-linux-x86_64-debian-clang 1.3 5.27 66.25 71.52 NOTE
r-devel-linux-x86_64-debian-gcc 1.3 5.13 68.18 73.31 NOTE
r-devel-linux-x86_64-fedora-clang 1.3 167.79 NOTE
r-devel-linux-x86_64-fedora-gcc 1.3 153.43 NOTE
r-devel-osx-x86_64-clang 1.3 120.15 NOTE
r-devel-windows-ix86+x86_64 1.3 19.00 109.00 128.00 NOTE
r-patched-linux-x86_64 1.3 5.35 69.58 74.93 NOTE
r-patched-solaris-sparc 1.3 898.50 NOTE
r-patched-solaris-x86 1.3 218.50 NOTE
r-release-linux-ix86 1.3 6.35 83.19 89.54 OK
r-release-linux-x86_64 1.3 5.50 70.47 75.97 OK
r-release-osx-x86_64-mavericks 1.3 OK
r-release-osx-x86_64-snowleopard 1.3 OK
r-release-windows-ix86+x86_64 1.3 16.00 115.00 131.00 OK
r-oldrel-windows-ix86+x86_64 1.3 22.00 110.00 132.00 OK

Check Details

Version: 1.3
Check: R code for possible problems
Result: NOTE
    Ugraph: no visible binding for global variable ‘layout.circle’
    Ugraph: no visible global function definition for ‘E<-’
Flavors: r-devel-linux-x86_64-debian-clang, r-devel-linux-x86_64-debian-gcc, r-devel-linux-x86_64-fedora-clang, r-devel-linux-x86_64-fedora-gcc, r-devel-osx-x86_64-clang, r-devel-windows-ix86+x86_64, r-patched-linux-x86_64, r-patched-solaris-sparc, r-patched-solaris-x86