CRAN Package Check Results for Package rags2ridges

Last updated on 2015-07-08 06:48:09.

Flavor Version Tinstall Tcheck Ttotal Status Flags
r-devel-linux-x86_64-debian-clang 1.4 3.66 53.08 56.74 NOTE
r-devel-linux-x86_64-debian-gcc 1.4 3.90 51.97 55.87 NOTE
r-devel-linux-x86_64-fedora-clang 1.4 117.76 NOTE
r-devel-linux-x86_64-fedora-gcc 1.4 109.63 NOTE
r-devel-osx-x86_64-clang 1.4 90.84 OK
r-devel-windows-ix86+x86_64 1.4 11.00 81.00 92.00 NOTE
r-patched-linux-x86_64 1.4 3.44 54.03 57.47 OK
r-patched-solaris-sparc 1.4 707.40 OK
r-patched-solaris-x86 1.4 167.40 OK
r-release-linux-x86_64 1.4 3.44 52.47 55.90 OK
r-release-osx-x86_64-mavericks 1.4 OK
r-release-windows-ix86+x86_64 1.4 15.00 83.00 98.00 OK
r-oldrel-windows-ix86+x86_64 1.4 21.00 128.00 149.00 OK

Check Details

Version: 1.4
Check: R code for possible problems
Result: NOTE
    GGMblockTest: no visible global function definition for ‘hist’
    GGMblockTest: no visible global function definition for ‘lines’
    GGMblockTest: no visible global function definition for ‘text’
    GGMblockTest: no visible global function definition for ‘quantile’
    GGMpathStats: no visible global function definition for ‘plot’
    Ugraph: no visible global function definition for ‘plot’
    conditionNumberPlot: no visible global function definition for ‘par’
    conditionNumberPlot: no visible global function definition for ‘plot’
    conditionNumberPlot: no visible global function definition for ‘axis’
    conditionNumberPlot: no visible global function definition for ‘mtext’
    conditionNumberPlot: no visible global function definition for ‘legend’
    conditionNumberPlot: no visible global function definition for ‘abline’
    evaluateSfit: no visible global function definition for ‘pdf’
    evaluateSfit: no visible global function definition for ‘setEPS’
    evaluateSfit: no visible global function definition for ‘postscript’
    evaluateSfit: no visible global function definition for ‘par’
    evaluateSfit: no visible global function definition for ‘qqplot’
    evaluateSfit: no visible global function definition for ‘lines’
    evaluateSfit: no visible global function definition for ‘dev.off’
    fullMontyS: no visible global function definition for ‘pdf’
    fullMontyS: no visible global function definition for ‘setEPS’
    fullMontyS: no visible global function definition for ‘postscript’
    fullMontyS: no visible global function definition for ‘dev.off’
    fullMontyS: no visible global function definition for ‘capture.output’
    optPenalty.LOOCV: no visible global function definition for ‘plot’
    optPenalty.LOOCV: no visible global function definition for ‘axis’
    optPenalty.LOOCV: no visible global function definition for ‘abline’
    optPenalty.LOOCV: no visible global function definition for ‘legend’
    optPenalty.aLOOCV: no visible global function definition for ‘plot’
    optPenalty.aLOOCV: no visible global function definition for ‘axis’
    optPenalty.aLOOCV: no visible global function definition for ‘abline’
    optPenalty.aLOOCV: no visible global function definition for ‘legend’
    ridgePathS: no visible global function definition for ‘plot’
    ridgePathS: no visible global function definition for ‘lines’
    ridgePathS: no visible global function definition for ‘axis’
    ridgePathS: no visible global function definition for ‘abline’
    Undefined global functions or variables:
     abline axis capture.output dev.off hist legend lines mtext par pdf
     plot postscript qqplot quantile setEPS text
Flavors: r-devel-linux-x86_64-debian-clang, r-devel-linux-x86_64-debian-gcc, r-devel-linux-x86_64-fedora-clang, r-devel-linux-x86_64-fedora-gcc, r-devel-windows-ix86+x86_64