CRAN Package Check Results for Package rags2ridges

Last updated on 2018-04-21 23:48:31 CEST.

Flavor Version Tinstall Tcheck Ttotal Status Flags
r-devel-linux-x86_64-debian-clang 2.2 52.46 171.24 223.70 OK
r-devel-linux-x86_64-debian-gcc 2.2 39.81 133.85 173.66 OK
r-devel-linux-x86_64-fedora-clang 2.2 274.02 NOTE
r-devel-linux-x86_64-fedora-gcc 2.2 259.17 NOTE
r-devel-windows-ix86+x86_64 2.2 118.00 246.00 364.00 OK
r-devel-osx-x86_64 2.2 NOTE
r-patched-linux-x86_64 2.2 42.49 165.83 208.32 OK
r-patched-solaris-x86 2.2 335.70 OK
r-release-linux-x86_64 2.2 40.69 175.01 215.70 OK
r-release-windows-ix86+x86_64 2.2 75.00 353.00 428.00 OK
r-release-osx-x86_64 2.2 NOTE
r-oldrel-windows-ix86+x86_64 2.2 105.00 241.00 346.00 OK

Check Details

Version: 2.2
Check: installed package size
Result: NOTE
     installed size is 5.5Mb
     sub-directories of 1Mb or more:
     R 1.0Mb
     libs 3.7Mb
Flavors: r-devel-linux-x86_64-fedora-clang, r-devel-linux-x86_64-fedora-gcc, r-devel-osx-x86_64, r-release-osx-x86_64

Version: 2.2
Check: package dependencies
Result: NOTE
    Package suggested but not available for checking: ‘KEGGgraph’
Flavor: r-release-osx-x86_64