CRAN Package Check Results for Package rags2ridges

Last updated on 2017-11-25 04:49:30 CET.

Flavor Version Tinstall Tcheck Ttotal Status Flags
r-devel-linux-x86_64-debian-clang 2.2 35.34 227.50 262.84 OK
r-devel-linux-x86_64-debian-gcc 2.2 31.14 198.00 229.14 OK
r-devel-linux-x86_64-fedora-clang 2.2 250.80 NOTE
r-devel-linux-x86_64-fedora-gcc 2.2 247.50 NOTE
r-devel-windows-ix86+x86_64 2.2 80.00 312.00 392.00 OK
r-patched-linux-x86_64 2.2 36.61 243.42 280.02 OK
r-patched-solaris-x86 2.2 340.30 OK
r-release-linux-x86_64 2.2 37.13 239.38 276.51 OK
r-release-windows-ix86+x86_64 2.2 80.00 248.00 328.00 OK
r-release-osx-x86_64 2.2 NOTE
r-oldrel-windows-ix86+x86_64 2.2 76.00 245.00 321.00 OK
r-oldrel-osx-x86_64 2.2 NOTE

Check Details

Version: 2.2
Check: installed package size
Result: NOTE
     installed size is 5.0Mb
     sub-directories of 1Mb or more:
     libs 3.5Mb
Flavors: r-devel-linux-x86_64-fedora-clang, r-devel-linux-x86_64-fedora-gcc, r-release-osx-x86_64, r-oldrel-osx-x86_64

Version: 2.2
Check: package dependencies
Result: NOTE
    Package suggested but not available for checking: ‘KEGGgraph’
Flavor: r-release-osx-x86_64