CRAN Package Check Results for Package rags2ridges

Last updated on 2016-06-27 14:47:47.

Flavor Version Tinstall Tcheck Ttotal Status Flags
r-devel-linux-x86_64-debian-gcc 2.0 22.33 70.00 92.33 OK
r-devel-linux-x86_64-fedora-clang 2.0 202.01 OK
r-devel-linux-x86_64-fedora-gcc 2.0 169.20 OK
r-devel-osx-x86_64-clang 2.0 140.87 OK
r-devel-windows-ix86+x86_64 2.0 59.00 170.00 229.00 OK
r-patched-linux-x86_64 2.0 18.29 69.89 88.18 OK
r-patched-solaris-sparc 2.0 1029.80 NOTE
r-patched-solaris-x86 2.0 218.20 NOTE
r-release-linux-x86_64 2.0 17.52 68.15 85.67 OK
r-release-osx-x86_64-mavericks 2.0 OK
r-release-windows-ix86+x86_64 2.0 56.00 155.00 211.00 OK
r-oldrel-windows-ix86+x86_64 2.0 56.00 183.00 239.00 OK

Check Details

Version: 2.0
Check: installed package size
Result: NOTE
     installed size is 6.5Mb
     sub-directories of 1Mb or more:
     libs 5.4Mb
Flavors: r-patched-solaris-sparc, r-patched-solaris-x86