CRAN Package Check Results for Package rags2ridges

Last updated on 2016-05-05 03:48:59.

Flavor Version Tinstall Tcheck Ttotal Status Flags
r-devel-linux-x86_64-debian-gcc 2.0 17.83 71.59 89.42 OK
r-devel-linux-x86_64-fedora-clang 2.0 184.91 OK
r-devel-linux-x86_64-fedora-gcc 2.0 168.34 OK
r-devel-osx-x86_64-clang 2.0 183.21 OK
r-devel-windows-ix86+x86_64 2.0 57.00 232.00 289.00 OK
r-patched-linux-x86_64 2.0 17.65 69.32 86.98 OK
r-patched-solaris-sparc 2.0 932.30 OK
r-patched-solaris-x86 2.0 215.70 OK
r-release-linux-x86_64 2.0 18.27 68.84 87.12 OK
r-release-osx-x86_64-mavericks 2.0 NOTE
r-release-windows-ix86+x86_64 2.0 57.00 232.00 289.00 OK
r-oldrel-windows-ix86+x86_64 2.0 79.00 239.00 318.00 OK

Check Details

Version: 2.0
Check: package dependencies
Result: NOTE
    Package suggested but not available for checking: ‘KEGGgraph’
Flavor: r-release-osx-x86_64-mavericks