CRAN Package Check Results for Package rags2ridges

Last updated on 2017-03-23 03:48:09.

Flavor Version Tinstall Tcheck Ttotal Status Flags
r-devel-linux-x86_64-debian-clang 2.1.1 20.75 83.87 104.61 NOTE
r-devel-linux-x86_64-debian-gcc 2.1.1 21.33 79.15 100.49 NOTE
r-devel-linux-x86_64-fedora-clang 2.1.1 219.28 NOTE --no-stop-on-test-error
r-devel-linux-x86_64-fedora-gcc 2.1.1 210.81 NOTE --no-stop-on-test-error
r-devel-macos-x86_64-clang 2.1.1 157.33 NOTE --no-stop-on-test-error
r-devel-windows-ix86+x86_64 2.1.1 58.00 182.00 240.00 ERROR
r-patched-linux-x86_64 2.1.1 18.13 71.90 90.03 OK
r-patched-solaris-sparc 2.1.1 1195.90 OK
r-patched-solaris-x86 2.1.1 255.50 OK
r-release-linux-x86_64 2.1.1 18.50 73.11 91.60 OK
r-release-osx-x86_64-mavericks 2.1.1 OK
r-release-windows-ix86+x86_64 2.1.1 85.00 237.00 322.00 OK
r-oldrel-windows-ix86+x86_64 2.1.1 79.00 254.00 333.00 OK

Check Details

Version: 2.1.1
Check: compiled code
Result: NOTE
    File ‘rags2ridges/libs/rags2ridges.so’:
     Found no calls to: ‘R_registerRoutines’, ‘R_useDynamicSymbols’
    
    It is good practice to register native routines and to disable symbol
    search.
    
    See ‘Writing portable packages’ in the ‘Writing R Extensions’ manual.
Flavors: r-devel-linux-x86_64-debian-clang, r-devel-linux-x86_64-debian-gcc

Version: 2.1.1
Flags: --no-stop-on-test-error
Check: compiled code
Result: NOTE
    File ‘rags2ridges/libs/rags2ridges.so’:
     Found no calls to: ‘R_registerRoutines’, ‘R_useDynamicSymbols’
    
    It is good practice to register native routines and to disable symbol
    search.
    
    See ‘Writing portable packages’ in the ‘Writing R Extensions’ manual.
Flavors: r-devel-linux-x86_64-fedora-clang, r-devel-linux-x86_64-fedora-gcc, r-devel-macos-x86_64-clang

Version: 2.1.1
Check: running examples for arch ‘i386’
Result: ERROR
    Running examples in 'rags2ridges-Ex.R' failed
    The error most likely occurred in:
    
    > ### Name: GGMnetworkStats
    > ### Title: Gaussian graphical model network statistics
    > ### Aliases: GGMnetworkStats
    >
    > ### ** Examples
    >
    > ## Obtain some (high-dimensional) data
    > p = 25
    > n = 10
    > set.seed(333)
    > X = matrix(rnorm(n*p), nrow = n, ncol = p)
    > colnames(X)[1:25] = letters[1:25]
    > Cx <- covML(X)
    >
    > ## Obtain sparsified partial correlation matrix
    > Pridge <- ridgeP(Cx, 10, type = "Alt")
    > PCsparse <- sparsify(Pridge , threshold = "localFDR")$sparseParCor
    Step 1... determine cutoff point
    Step 2... estimate parameters of null distribution and eta0
    Step 3... compute p-values and estimate empirical PDF/CDF
    Step 4... compute q-values and local fdr
    Step 5... prepare for plotting
    
    - Retained elements: 11
    - Corresponding to 3.67 % of possible edges
    
    >
    > ## Represent the graph and calculate GGM network statistics
    > Ugraph(PCsparse, "fancy")
    > GGMnetworkStats(PCsparse)
    At line 212 of file dseupd.f
    Fortran runtime error: Actual string length is shorter than the declared one for dummy argument 'howmny' (-2/1)
Flavor: r-devel-windows-ix86+x86_64