CRAN Package Check Results for Package rags2ridges

Last updated on 2014-08-30 17:47:13.

Flavor Version Tinstall Tcheck Ttotal Status Flags
r-devel-linux-x86_64-debian-clang 1.3 4.88 64.31 69.19 NOTE
r-devel-linux-x86_64-debian-gcc 1.3 4.98 62.78 67.76 NOTE
r-devel-linux-x86_64-fedora-clang 1.3 167.34 NOTE
r-devel-linux-x86_64-fedora-gcc 1.3 154.02 NOTE
r-devel-osx-x86_64-clang 1.3 119.86 NOTE
r-devel-windows-ix86+x86_64 1.3 22.00 94.00 116.00 NOTE
r-patched-linux-x86_64 1.3 5.07 66.76 71.83 OK
r-patched-solaris-sparc 1.3 830.50 OK
r-patched-solaris-x86 1.3 215.20 OK
r-release-linux-ix86 1.3 6.03 82.99 89.02 OK
r-release-linux-x86_64 1.3 5.26 67.71 72.96 OK
r-release-osx-x86_64-mavericks 1.3 OK
r-release-osx-x86_64-snowleopard 1.3 OK
r-release-windows-ix86+x86_64 1.3 18.00 104.00 122.00 OK
r-oldrel-windows-ix86+x86_64 1.3 18.00 105.00 123.00 OK

Check Details

Version: 1.3
Check: R code for possible problems
Result: NOTE
    Ugraph: no visible binding for global variable ‘layout.circle’
    Ugraph: no visible global function definition for ‘E<-’
Flavors: r-devel-linux-x86_64-debian-clang, r-devel-linux-x86_64-debian-gcc, r-devel-linux-x86_64-fedora-clang, r-devel-linux-x86_64-fedora-gcc, r-devel-osx-x86_64-clang, r-devel-windows-ix86+x86_64