CRAN Package Check Results for Package rags2ridges

Last updated on 2014-09-19 00:47:03.

Flavor Version Tinstall Tcheck Ttotal Status Flags
r-devel-linux-x86_64-debian-clang 1.3 5.03 66.58 71.61 NOTE
r-devel-linux-x86_64-debian-gcc 1.3 5.25 64.54 69.79 NOTE
r-devel-linux-x86_64-fedora-clang 1.3 168.43 NOTE
r-devel-linux-x86_64-fedora-gcc 1.3 150.44 NOTE
r-devel-osx-x86_64-clang 1.3 115.93 NOTE
r-devel-windows-ix86+x86_64 1.3 17.00 101.00 118.00 NOTE
r-patched-linux-x86_64 1.3 5.30 74.14 79.44 OK
r-patched-solaris-sparc 1.3 830.50 OK
r-patched-solaris-x86 1.3 219.60 OK
r-release-linux-ix86 1.3 6.29 86.22 92.51 OK
r-release-linux-x86_64 1.3 5.58 71.54 77.12 OK
r-release-osx-x86_64-mavericks 1.3 OK
r-release-osx-x86_64-snowleopard 1.3 OK
r-release-windows-ix86+x86_64 1.3 18.00 106.00 124.00 OK
r-oldrel-windows-ix86+x86_64 1.3 17.00 120.00 137.00 OK

Check Details

Version: 1.3
Check: R code for possible problems
Result: NOTE
    Ugraph: no visible binding for global variable ‘layout.circle’
    Ugraph: no visible global function definition for ‘E<-’
Flavors: r-devel-linux-x86_64-debian-clang, r-devel-linux-x86_64-debian-gcc, r-devel-linux-x86_64-fedora-clang, r-devel-linux-x86_64-fedora-gcc, r-devel-osx-x86_64-clang, r-devel-windows-ix86+x86_64