CRAN Package Check Results for Package rags2ridges

Last updated on 2017-04-23 15:48:40.

Flavor Version Tinstall Tcheck Ttotal Status Flags
r-devel-linux-x86_64-debian-clang 2.2 26.70 107.21 133.92 OK
r-devel-linux-x86_64-debian-gcc 2.2 26.94 105.52 132.46 OK
r-devel-linux-x86_64-fedora-clang 2.2 282.65 OK --no-stop-on-test-error
r-devel-linux-x86_64-fedora-gcc 2.2 269.94 NOTE --no-stop-on-test-error
r-devel-windows-ix86+x86_64 2.2 103.00 353.00 456.00 OK
r-patched-linux-x86_64 2.2 23.04 102.64 125.68 OK
r-patched-solaris-sparc 2.2 1472.70 OK
r-patched-solaris-x86 2.2 318.50 OK
r-release-linux-x86_64 2.2 23.39 105.37 128.76 OK
r-release-windows-ix86+x86_64 2.2 79.00 271.00 350.00 OK
r-release-osx-x86_64 2.2 ERROR
r-oldrel-windows-ix86+x86_64 2.2 70.00 212.00 282.00 OK
r-oldrel-osx-x86_64 2.2 NOTE

Check Details

Version: 2.2
Flags: --no-stop-on-test-error
Check: installed package size
Result: NOTE
     installed size is 5.3Mb
     sub-directories of 1Mb or more:
     libs 3.8Mb
Flavor: r-devel-linux-x86_64-fedora-gcc

Version: 2.2
Check: package dependencies
Result: ERROR
    Packages required but not available: ‘gRbase’ ‘RBGL’ ‘graph’
    
    Package suggested but not available for checking: ‘KEGGgraph’
    
    See section ‘The DESCRIPTION file’ in the ‘Writing R Extensions’
    manual.
Flavor: r-release-osx-x86_64

Version: 2.2
Check: installed package size
Result: NOTE
     installed size is 5.1Mb
     sub-directories of 1Mb or more:
     libs 3.6Mb
Flavor: r-oldrel-osx-x86_64