CRAN Package Check Results for Package rags2ridges

Last updated on 2015-05-25 03:47:48.

Flavor Version Tinstall Tcheck Ttotal Status Flags
r-devel-linux-x86_64-debian-clang 1.4 3.62 53.42 57.05 OK
r-devel-linux-x86_64-debian-gcc 1.4 3.53 51.96 55.48 OK
r-devel-linux-x86_64-fedora-clang 1.4 118.70 OK
r-devel-linux-x86_64-fedora-gcc 1.4 112.04 OK
r-devel-osx-x86_64-clang 1.4 85.92 OK
r-devel-windows-ix86+x86_64 1.4 11.00 83.00 94.00 OK
r-patched-linux-x86_64 1.4 3.39 51.82 55.20 OK
r-patched-solaris-sparc 1.4 707.40 OK
r-patched-solaris-x86 1.4 164.90 OK
r-release-linux-x86_64 1.4 4.12 55.58 59.70 OK
r-release-osx-x86_64-mavericks 1.4 OK
r-release-osx-x86_64-snowleopard 1.4 ERROR
r-release-windows-ix86+x86_64 1.4 13.00 82.00 95.00 OK
r-oldrel-windows-ix86+x86_64 1.4 22.00 127.00 149.00 OK

Check Details

Version: 1.4
Check: package dependencies
Result: ERROR
    Packages required but not available: ‘igraph’ ‘ggplot2’ ‘Hmisc’
    
    See section ‘The DESCRIPTION file’ in the ‘Writing R Extensions’
    manual.
Flavor: r-release-osx-x86_64-snowleopard