CRAN Package Check Results for Package rags2ridges

Last updated on 2014-11-27 23:48:46.

Flavor Version Tinstall Tcheck Ttotal Status Flags
r-devel-linux-x86_64-debian-clang 1.4 5.30 67.87 73.17 OK
r-devel-linux-x86_64-debian-gcc 1.3 5.34 64.68 70.02 NOTE
r-devel-linux-x86_64-fedora-clang 1.4 126.13 OK
r-devel-linux-x86_64-fedora-gcc 1.4 134.16 OK
r-devel-osx-x86_64-clang 1.4 128.63 OK
r-devel-windows-ix86+x86_64 1.4 16.00 93.00 109.00 OK
r-patched-linux-x86_64 1.3 5.20 69.62 74.82 NOTE
r-patched-solaris-sparc 1.4 871.40 OK
r-patched-solaris-x86 1.4 176.30 OK
r-release-linux-ix86 1.3 6.01 81.93 87.94 NOTE
r-release-linux-x86_64 1.3 5.28 69.88 75.16 NOTE
r-release-osx-x86_64-mavericks 1.3 OK
r-release-osx-x86_64-snowleopard 1.3 OK
r-release-windows-ix86+x86_64 1.3 20.00 114.00 134.00 NOTE
r-oldrel-windows-ix86+x86_64 1.3 17.00 110.00 127.00 OK

Check Details

Version: 1.3
Check: R code for possible problems
Result: NOTE
    Ugraph: no visible binding for global variable ‘layout.circle’
    Ugraph: no visible global function definition for ‘E<-’
Flavors: r-devel-linux-x86_64-debian-gcc, r-patched-linux-x86_64, r-release-linux-ix86, r-release-linux-x86_64, r-release-windows-ix86+x86_64