CRAN Package Check Results for Package rags2ridges

Last updated on 2018-02-23 22:48:11 CET.

Flavor Version Tinstall Tcheck Ttotal Status Flags
r-devel-linux-x86_64-debian-clang 2.2 44.02 169.81 213.83 OK
r-devel-linux-x86_64-debian-gcc 2.2 38.24 130.96 169.20 OK
r-devel-linux-x86_64-fedora-clang 2.2 268.36 NOTE
r-devel-linux-x86_64-fedora-gcc 2.2 255.84 NOTE
r-devel-windows-ix86+x86_64 2.2 104.00 327.00 431.00 OK
r-patched-linux-x86_64 2.2 38.59 174.74 213.33 OK
r-patched-solaris-x86 2.2 331.20 OK
r-release-linux-x86_64 2.2 36.57 175.14 211.71 OK
r-release-windows-ix86+x86_64 2.2 110.00 354.00 464.00 OK
r-release-osx-x86_64 2.2 NOTE
r-oldrel-windows-ix86+x86_64 2.2 78.00 234.00 312.00 OK
r-oldrel-osx-x86_64 2.2 NOTE

Check Details

Version: 2.2
Check: package dependencies
Result: NOTE
    Package suggested but not available for checking: ‘KEGGgraph’
Flavors: r-devel-linux-x86_64-fedora-clang, r-devel-linux-x86_64-fedora-gcc, r-release-osx-x86_64

Version: 2.2
Check: installed package size
Result: NOTE
     installed size is 5.4Mb
     sub-directories of 1Mb or more:
     R 1.0Mb
     libs 3.7Mb
Flavors: r-devel-linux-x86_64-fedora-clang, r-devel-linux-x86_64-fedora-gcc, r-release-osx-x86_64, r-oldrel-osx-x86_64