Last updated on 2023-12-02 11:49:37 CET.
Flavor | Version | Tinstall | Tcheck | Ttotal | Status | Flags |
---|---|---|---|---|---|---|
r-devel-linux-x86_64-debian-clang | 3.7 | 11.36 | 131.44 | 142.80 | OK | |
r-devel-linux-x86_64-debian-gcc | 3.7 | 10.42 | 99.30 | 109.72 | OK | |
r-devel-linux-x86_64-fedora-clang | 3.7 | 177.47 | OK | |||
r-devel-linux-x86_64-fedora-gcc | 3.7 | 186.28 | OK | |||
r-devel-windows-x86_64 | 3.7 | 11.00 | 141.00 | 152.00 | OK | |
r-patched-linux-x86_64 | 3.7 | 9.55 | 125.87 | 135.42 | OK | |
r-release-linux-x86_64 | 3.7 | 12.12 | 127.46 | 139.58 | OK | |
r-release-macos-arm64 | 3.7 | 92.00 | OK | |||
r-release-macos-x86_64 | 3.7 | 125.00 | NOTE | |||
r-release-windows-x86_64 | 3.7 | 16.00 | 160.00 | 176.00 | OK | |
r-oldrel-macos-arm64 | 3.7 | 87.00 | OK | |||
r-oldrel-macos-x86_64 | 3.7 | 102.00 | OK | |||
r-oldrel-windows-x86_64 | 3.7 | 15.00 | 170.00 | 185.00 | OK |
Version: 3.7
Check: re-building of vignette outputs
Result: NOTE
Error(s) in re-building vignettes:
--- re-building ‘rainbow.Rnw’ using Sweave
Loading required package: MASS
Loading required package: pcaPP
Warning in fts(x, notchlow) :
Please assign column name for the data matrix.
Warning in fts(x, notchupper) :
Please assign column name for the data matrix.
Warning in fts(x, centercurve) :
Please assign column name for the data matrix.
Warning in fts(x, centercurve) :
Please assign column name for the data matrix.
Warning in fts(object$x, svdr[, , i]) :
Please assign column name for the data matrix.
Warning in fts(object$x, svdr[, , i]) :
Please assign column name for the data matrix.
Warning in fts(object$x, svdr[, , i]) :
Please assign column name for the data matrix.
Warning in fts(object$x, svdrecon) :
Please assign column name for the data matrix.
Error: processing vignette 'rainbow.Rnw' failed with diagnostics:
Running 'texi2dvi' on 'rainbow.tex' failed.
LaTeX errors:
! LaTeX Error: File `animate.sty' not found.
Type X to quit or <RETURN> to proceed,
or enter new name. (Default extension: sty)
! Emergency stop.
<read *>
l.9 \usepackage
[utf8]{inputenc}^^M
! ==> Fatal error occurred, no output PDF file produced!
--- failed re-building ‘rainbow.Rnw’
SUMMARY: processing the following file failed:
‘rainbow.Rnw’
Error: Vignette re-building failed.
Execution halted
Flavor: r-release-macos-x86_64