CRAN Package Check Results for Package raincpc

Last updated on 2019-06-17 10:48:25 CEST.

Flavor Version Tinstall Tcheck Ttotal Status Flags
r-devel-linux-x86_64-debian-clang 0.4 1.90 32.34 34.24 NOTE
r-devel-linux-x86_64-debian-gcc 0.4 1.64 26.24 27.88 NOTE
r-devel-linux-x86_64-fedora-clang 0.4 41.97 NOTE
r-devel-linux-x86_64-fedora-gcc 0.4 40.72 NOTE
r-devel-windows-ix86+x86_64 0.4 8.00 130.00 138.00 NOTE
r-patched-linux-x86_64 0.4 2.04 32.15 34.19 NOTE
r-patched-solaris-x86 0.4 73.80 NOTE
r-release-linux-x86_64 0.4 1.92 32.57 34.49 NOTE
r-release-windows-ix86+x86_64 0.4 5.00 140.00 145.00 NOTE
r-release-osx-x86_64 0.4 NOTE
r-oldrel-windows-ix86+x86_64 0.4 3.00 99.00 102.00 NOTE
r-oldrel-osx-x86_64 0.4 NOTE

Check Details

Version: 0.4
Check: R code for possible problems
Result: NOTE
    cpc_get_rawdata: no visible global function definition for
     'download.file'
    Undefined global functions or variables:
     download.file
    Consider adding
     importFrom("utils", "download.file")
    to your NAMESPACE file.
Flavors: r-devel-linux-x86_64-debian-clang, r-devel-linux-x86_64-debian-gcc, r-devel-linux-x86_64-fedora-clang, r-devel-linux-x86_64-fedora-gcc, r-devel-windows-ix86+x86_64, r-patched-linux-x86_64, r-patched-solaris-x86, r-release-linux-x86_64, r-release-windows-ix86+x86_64, r-release-osx-x86_64, r-oldrel-windows-ix86+x86_64, r-oldrel-osx-x86_64