CRAN Package Check Results for Package raincpc

Last updated on 2019-08-26 11:48:53 CEST.

Flavor Version Tinstall Tcheck Ttotal Status Flags
r-devel-linux-x86_64-debian-clang 0.4 2.11 36.69 38.80 NOTE
r-devel-linux-x86_64-debian-gcc 0.4 1.90 28.77 30.67 NOTE
r-devel-linux-x86_64-fedora-clang 0.4 46.85 NOTE
r-devel-linux-x86_64-fedora-gcc 0.4 46.41 NOTE
r-devel-windows-ix86+x86_64 0.4 10.00 76.00 86.00 NOTE
r-patched-linux-x86_64 0.4 1.96 36.34 38.30 NOTE
r-patched-solaris-x86 0.4 77.90 NOTE
r-release-linux-x86_64 0.4 2.01 35.70 37.71 NOTE
r-release-windows-ix86+x86_64 0.4 9.00 92.00 101.00 NOTE
r-release-osx-x86_64 0.4 NOTE
r-oldrel-windows-ix86+x86_64 0.4 4.00 130.00 134.00 NOTE
r-oldrel-osx-x86_64 0.4 NOTE

Check Details

Version: 0.4
Check: R code for possible problems
Result: NOTE
    cpc_get_rawdata: no visible global function definition for
     'download.file'
    Undefined global functions or variables:
     download.file
    Consider adding
     importFrom("utils", "download.file")
    to your NAMESPACE file.
Flavors: r-devel-linux-x86_64-debian-clang, r-devel-linux-x86_64-debian-gcc, r-devel-linux-x86_64-fedora-clang, r-devel-linux-x86_64-fedora-gcc, r-devel-windows-ix86+x86_64, r-patched-linux-x86_64, r-patched-solaris-x86, r-release-linux-x86_64, r-release-windows-ix86+x86_64, r-release-osx-x86_64, r-oldrel-windows-ix86+x86_64, r-oldrel-osx-x86_64