CRAN Package Check Results for Package rakeR

Last updated on 2022-06-25 20:50:25 CEST.

Flavor Version Tinstall Tcheck Ttotal Status Flags
r-devel-linux-x86_64-debian-clang 0.2.1 1.94 34.69 36.63 NOTE
r-devel-linux-x86_64-debian-gcc 0.2.1 1.81 26.73 28.54 NOTE
r-devel-linux-x86_64-fedora-clang 0.2.1 54.85 NOTE
r-devel-linux-x86_64-fedora-gcc 0.2.1 53.52 NOTE
r-devel-windows-x86_64 0.2.1 11.00 63.00 74.00 NOTE
r-patched-linux-x86_64 0.2.1 1.65 33.81 35.46 NOTE
r-release-linux-x86_64 0.2.1 2.34 33.63 35.97 NOTE
r-release-macos-arm64 0.2.1 19.00 NOTE
r-release-macos-x86_64 0.2.1 27.00 NOTE
r-release-windows-x86_64 0.2.1 13.00 74.00 87.00 NOTE
r-oldrel-macos-arm64 0.2.1 22.00 NOTE
r-oldrel-macos-x86_64 0.2.1 31.00 NOTE
r-oldrel-windows-ix86+x86_64 0.2.1 5.00 55.00 60.00 NOTE

Check Details

Version: 0.2.1
Check: LazyData
Result: NOTE
     'LazyData' is specified without a 'data' directory
Flavors: r-devel-linux-x86_64-debian-clang, r-devel-linux-x86_64-debian-gcc, r-devel-linux-x86_64-fedora-clang, r-devel-linux-x86_64-fedora-gcc, r-devel-windows-x86_64, r-patched-linux-x86_64, r-release-linux-x86_64, r-release-macos-arm64, r-release-macos-x86_64, r-release-windows-x86_64, r-oldrel-macos-arm64, r-oldrel-macos-x86_64, r-oldrel-windows-ix86+x86_64