CRAN Package Check Results for Package ramps

Last updated on 2015-09-05 06:48:22.

Flavor Version Tinstall Tcheck Ttotal Status Flags
r-devel-linux-x86_64-debian-clang 0.6-13 3.59 46.40 50.00 NOTE
r-devel-linux-x86_64-debian-gcc 0.6-13 3.50 45.17 48.67 NOTE
r-devel-linux-x86_64-fedora-clang 0.6-13 105.09 NOTE
r-devel-linux-x86_64-fedora-gcc 0.6-13 97.15 NOTE
r-devel-osx-x86_64-clang 0.6-13 82.56 OK
r-devel-windows-ix86+x86_64 0.6-13 15.00 92.00 107.00 NOTE
r-patched-linux-x86_64 0.6-13 3.80 49.06 52.86 OK
r-patched-solaris-sparc 0.6-13 681.50 OK
r-patched-solaris-x86 0.6-13 148.10 OK
r-release-linux-x86_64 0.6-13 3.94 48.65 52.58 OK
r-release-osx-x86_64-mavericks 0.6-13 OK
r-release-windows-ix86+x86_64 0.6-13 16.00 174.00 190.00 OK
r-oldrel-windows-ix86+x86_64 0.6-13 16.00 171.00 187.00 OK

Check Details

Version: 0.6-13
Check: R code for possible problems
Result: NOTE
    Initialize.corRStruct: no visible global function definition for
     ‘formula’
    corMatrix.corRExpwr2Dt: no visible global function definition for
     ‘coef’
    corMatrix.corRSpatial: no visible global function definition for ‘coef’
    corMatrix.corRSpatioTemporal: no visible global function definition for
     ‘coef’
    dist2: no visible global function definition for ‘as.dist’
    genUSStateSites: no visible global function definition for ‘runif’
    georamps: no visible global function definition for ‘reformulate’
    georamps: no visible binding for global variable ‘na.pass’
    georamps: no visible global function definition for ‘na.omit’
    georamps: no visible global function definition for ‘model.weights’
    georamps: no visible global function definition for ‘model.frame’
    georamps: no visible global function definition for ‘model.response’
    georamps: no visible global function definition for ‘model.matrix’
    georamps: no visible global function definition for ‘terms’
    georamps: no visible global function definition for ‘.getXlevels’
    getCovariate.corRExpwr2Dt: no visible global function definition for
     ‘formula’
    getCovariate.corRExpwr2Dt: no visible global function definition for
     ‘terms’
    getCovariate.corRExpwr2Dt: no visible global function definition for
     ‘model.matrix’
    getCovariate.corRExpwr2Dt: no visible global function definition for
     ‘model.frame’
    getCovariate.corRSpatial: no visible global function definition for
     ‘formula’
    getCovariate.corRSpatial: no visible global function definition for
     ‘terms’
    getCovariate.corRSpatial: no visible global function definition for
     ‘model.matrix’
    getCovariate.corRSpatial: no visible global function definition for
     ‘model.frame’
    getCovariate.corRSpatioTemporal: no visible global function definition
     for ‘formula’
    getCovariate.corRSpatioTemporal: no visible global function definition
     for ‘terms’
    getCovariate.corRSpatioTemporal: no visible global function definition
     for ‘model.matrix’
    getCovariate.corRSpatioTemporal: no visible global function definition
     for ‘model.frame’
    mpdbeta: no visible global function definition for ‘coef’
    mpdbeta2: no visible global function definition for ‘coef’
    mpdbetaz: no visible global function definition for ‘coef’
    mpdbetaz2: no visible global function definition for ‘coef’
    param: no visible global function definition for ‘rgamma’
    param: no visible global function definition for ‘rnorm’
    param: no visible global function definition for ‘runif’
    plot.default: no visible global function definition for ‘trans3d’
    plot.default: no visible global function definition for ‘lines’
    plot.default: no visible global function definition for ‘points’
    predict.ramps: no visible global function definition for
     ‘delete.response’
    predict.ramps: no visible global function definition for ‘reformulate’
    predict.ramps: no visible global function definition for ‘model.frame’
    predict.ramps: no visible global function definition for ‘terms’
    predict.ramps: no visible global function definition for ‘model.matrix’
    predict.ramps: no visible global function definition for ‘rnorm’
    print.corRStruct: no visible global function definition for ‘coef’
    ramps.control : <anonymous>: no visible global function definition for
     ‘dunif’
    ramps.engine: no visible global function definition for ‘rgamma’
    ramps.engine: no visible global function definition for ‘rnorm’
    rdirichlet: no visible global function definition for ‘rgamma’
    rmvnorm2: no visible global function definition for ‘rnorm’
    sliceSimplex: no visible global function definition for ‘rexp’
    sliceSimplex: no visible global function definition for ‘runif’
    Undefined global functions or variables:
     .getXlevels as.dist coef delete.response dunif formula lines
     model.frame model.matrix model.response model.weights na.omit na.pass
     points reformulate rexp rgamma rnorm runif terms trans3d
    Consider adding
     importFrom("grDevices", "trans3d")
     importFrom("graphics", "lines", "points")
     importFrom("stats", ".getXlevels", "as.dist", "coef",
     "delete.response", "dunif", "formula", "model.frame",
     "model.matrix", "model.response", "model.weights",
     "na.omit", "na.pass", "reformulate", "rexp", "rgamma",
     "rnorm", "runif", "terms")
    to your NAMESPACE.
Flavors: r-devel-linux-x86_64-debian-clang, r-devel-linux-x86_64-debian-gcc, r-devel-linux-x86_64-fedora-clang, r-devel-linux-x86_64-fedora-gcc, r-devel-windows-ix86+x86_64