CRAN Package Check Results for Package ramps

Last updated on 2014-04-23 12:48:25.

Flavor Version Tinstall Tcheck Ttotal Status Flags
r-devel-linux-x86_64-debian-clang 0.6-12 5.07 63.08 68.16 OK
r-devel-linux-x86_64-debian-gcc 0.6-12 5.05 61.85 66.90 OK
r-devel-linux-x86_64-fedora-clang 0.6-12 153.43 OK
r-devel-linux-x86_64-fedora-gcc 0.6-12 146.60 OK
r-devel-osx-x86_64-clang 0.6-12 121.53 OK
r-devel-osx-x86_64-gcc 0.6-12 ERROR
r-devel-windows-ix86+x86_64 0.6-12 13.00 92.00 105.00 OK
r-patched-linux-x86_64 0.6-12 5.08 62.92 67.99 OK
r-patched-solaris-sparc 0.6-12 823.60 OK
r-patched-solaris-x86 0.6-12 191.70 OK
r-release-linux-ix86 0.6-12 8.00 97.00 105.00 OK
r-release-linux-x86_64 0.6-12 5.07 62.18 67.24 OK
r-release-osx-x86_64-mavericks 0.6-12 WARN
r-release-osx-x86_64-snowleopard 0.6-12 OK
r-release-windows-ix86+x86_64 0.6-12 13.00 92.00 105.00 OK
r-oldrel-windows-ix86+x86_64 0.6-12 12.00 97.00 109.00 OK

Check Details

Version: 0.6-12
Check: package dependencies
Result: ERROR
    Package required but not available: ‘fields’
    
    See the information on DESCRIPTION files in the chapter ‘Creating R
    packages’ of the ‘Writing R Extensions’ manual.
Flavor: r-devel-osx-x86_64-gcc

Version: 0.6-12
Check: PDF version of manual
Result: WARNING
    LaTeX errors when creating PDF version.
    This typically indicates Rd problems.
    LaTeX errors found:
    ! LaTeX Error: File `upquote.sty' not found.
    
    Type X to quit or <RETURN> to proceed,
    or enter new name. (Default extension: sty)
    
    214f88e3/Rd2.tex:8: ==> Fatal error occurred, no output PDF file produced!
Flavor: r-release-osx-x86_64-mavericks