CRAN Package Check Results for Package ramps

Last updated on 2015-04-28 06:46:43.

Flavor Version Tinstall Tcheck Ttotal Status Flags
r-devel-linux-x86_64-debian-clang 0.6-13 3.99 48.74 52.74 OK
r-devel-linux-x86_64-debian-gcc 0.6-13 3.82 47.56 51.39 OK
r-devel-linux-x86_64-fedora-clang 0.6-13 112.82 OK
r-devel-linux-x86_64-fedora-gcc 0.6-13 105.15 OK
r-devel-osx-x86_64-clang 0.6-13 82.22 OK
r-devel-windows-ix86+x86_64 0.6-13 11.00 89.00 100.00 OK
r-patched-linux-x86_64 0.6-13 3.76 48.18 51.94 OK
r-patched-solaris-sparc 0.6-13 671.10 OK
r-patched-solaris-x86 0.6-13 147.90 OK
r-release-linux-x86_64 0.6-13 3.96 48.09 52.05 OK
r-release-osx-x86_64-mavericks 0.6-13 OK
r-release-osx-x86_64-snowleopard 0.6-13 ERROR
r-release-windows-ix86+x86_64 0.6-13 15.00 141.00 156.00 OK
r-oldrel-windows-ix86+x86_64 0.6-13 15.00 100.00 115.00 OK

Check Details

Version: 0.6-13
Check: package dependencies
Result: ERROR
    Package required but not available: ‘fields’
    
    See section ‘The DESCRIPTION file’ in the ‘Writing R Extensions’
    manual.
Flavor: r-release-osx-x86_64-snowleopard