CRAN Package Check Results for Package ramps

Last updated on 2015-05-23 11:51:30.

Flavor Version Tinstall Tcheck Ttotal Status Flags
r-devel-linux-x86_64-debian-clang 0.6-13 3.81 50.05 53.86 OK
r-devel-linux-x86_64-debian-gcc 0.6-13 3.68 47.28 50.96 OK
r-devel-linux-x86_64-fedora-clang 0.6-13 111.39 OK
r-devel-linux-x86_64-fedora-gcc 0.6-13 105.31 OK
r-devel-osx-x86_64-clang 0.6-13 81.79 OK
r-devel-windows-ix86+x86_64 0.6-13 10.00 81.00 91.00 OK
r-patched-linux-x86_64 0.6-13 3.83 48.53 52.36 OK
r-patched-solaris-sparc 0.6-13 676.00 OK
r-patched-solaris-x86 0.6-13 147.60 OK
r-release-linux-x86_64 0.6-13 3.64 49.23 52.86 OK
r-release-osx-x86_64-mavericks 0.6-13 OK
r-release-osx-x86_64-snowleopard 0.6-13 ERROR
r-release-windows-ix86+x86_64 0.6-13 11.00 95.00 106.00 OK
r-oldrel-windows-ix86+x86_64 0.6-13 14.00 94.00 108.00 OK

Check Details

Version: 0.6-13
Check: package dependencies
Result: ERROR
    Package required but not available: ‘fields’
    
    See section ‘The DESCRIPTION file’ in the ‘Writing R Extensions’
    manual.
Flavor: r-release-osx-x86_64-snowleopard