CRAN Package Check Results for Package ramps

Last updated on 2015-07-04 23:47:28.

Flavor Version Tinstall Tcheck Ttotal Status Flags
r-devel-linux-x86_64-debian-clang 0.6-13 3.84 47.22 51.06 NOTE
r-devel-linux-x86_64-debian-gcc 0.6-13 4.07 46.55 50.62 NOTE
r-devel-linux-x86_64-fedora-clang 0.6-13 108.36 NOTE
r-devel-linux-x86_64-fedora-gcc 0.6-13 101.20 NOTE
r-devel-osx-x86_64-clang 0.6-13 86.48 OK
r-devel-windows-ix86+x86_64 0.6-13 14.00 91.00 105.00 NOTE
r-patched-linux-x86_64 0.6-13 3.72 46.63 50.35 OK
r-patched-solaris-sparc 0.6-13 676.00 OK
r-patched-solaris-x86 0.6-13 146.80 OK
r-release-linux-x86_64 0.6-13 3.71 47.88 51.59 OK
r-release-osx-x86_64-mavericks 0.6-13 OK
r-release-windows-ix86+x86_64 0.6-13 14.00 85.00 99.00 OK
r-oldrel-windows-ix86+x86_64 0.6-13 15.00 105.00 120.00 OK

Check Details

Version: 0.6-13
Check: R code for possible problems
Result: NOTE
    Initialize.corRStruct: no visible global function definition for
     ‘formula’
    corMatrix.corRExpwr2Dt: no visible global function definition for
     ‘coef’
    corMatrix.corRSpatial: no visible global function definition for ‘coef’
    corMatrix.corRSpatioTemporal: no visible global function definition for
     ‘coef’
    dist2: no visible global function definition for ‘as.dist’
    genUSStateSites: no visible global function definition for ‘runif’
    georamps: no visible global function definition for ‘reformulate’
    georamps: no visible binding for global variable ‘na.pass’
    georamps: no visible global function definition for ‘na.omit’
    georamps: no visible global function definition for ‘model.weights’
    georamps: no visible global function definition for ‘model.frame’
    georamps: no visible global function definition for ‘model.response’
    georamps: no visible global function definition for ‘model.matrix’
    georamps: no visible global function definition for ‘terms’
    georamps: no visible global function definition for ‘.getXlevels’
    getCovariate.corRExpwr2Dt: no visible global function definition for
     ‘formula’
    getCovariate.corRExpwr2Dt: no visible global function definition for
     ‘terms’
    getCovariate.corRExpwr2Dt: no visible global function definition for
     ‘model.matrix’
    getCovariate.corRExpwr2Dt: no visible global function definition for
     ‘model.frame’
    getCovariate.corRSpatial: no visible global function definition for
     ‘formula’
    getCovariate.corRSpatial: no visible global function definition for
     ‘terms’
    getCovariate.corRSpatial: no visible global function definition for
     ‘model.matrix’
    getCovariate.corRSpatial: no visible global function definition for
     ‘model.frame’
    getCovariate.corRSpatioTemporal: no visible global function definition
     for ‘formula’
    getCovariate.corRSpatioTemporal: no visible global function definition
     for ‘terms’
    getCovariate.corRSpatioTemporal: no visible global function definition
     for ‘model.matrix’
    getCovariate.corRSpatioTemporal: no visible global function definition
     for ‘model.frame’
    mpdbeta: no visible global function definition for ‘coef’
    mpdbeta2: no visible global function definition for ‘coef’
    mpdbetaz: no visible global function definition for ‘coef’
    mpdbetaz2: no visible global function definition for ‘coef’
    param: no visible global function definition for ‘rgamma’
    param: no visible global function definition for ‘rnorm’
    param: no visible global function definition for ‘runif’
    plot.default: no visible global function definition for ‘trans3d’
    plot.default: no visible global function definition for ‘lines’
    plot.default: no visible global function definition for ‘points’
    predict.ramps: no visible global function definition for
     ‘delete.response’
    predict.ramps: no visible global function definition for ‘reformulate’
    predict.ramps: no visible global function definition for ‘model.frame’
    predict.ramps: no visible global function definition for ‘terms’
    predict.ramps: no visible global function definition for ‘model.matrix’
    predict.ramps: no visible global function definition for ‘rnorm’
    print.corRStruct: no visible global function definition for ‘coef’
    ramps.control : <anonymous>: no visible global function definition for
     ‘dunif’
    ramps.engine: no visible global function definition for ‘rgamma’
    ramps.engine: no visible global function definition for ‘rnorm’
    rdirichlet: no visible global function definition for ‘rgamma’
    rmvnorm2: no visible global function definition for ‘rnorm’
    sliceSimplex: no visible global function definition for ‘rexp’
    sliceSimplex: no visible global function definition for ‘runif’
    Undefined global functions or variables:
     .getXlevels as.dist coef delete.response dunif formula lines
     model.frame model.matrix model.response model.weights na.omit na.pass
     points reformulate rexp rgamma rnorm runif terms trans3d
Flavors: r-devel-linux-x86_64-debian-clang, r-devel-linux-x86_64-debian-gcc, r-devel-linux-x86_64-fedora-clang, r-devel-linux-x86_64-fedora-gcc, r-devel-windows-ix86+x86_64