CRAN Package Check Results for Package randaes

Last updated on 2014-12-18 11:50:13.

Flavor Version Tinstall Tcheck Ttotal Status Flags
r-devel-linux-x86_64-debian-clang 0.3 0.99 8.67 9.66 NOTE
r-devel-linux-x86_64-debian-gcc 0.3 1.15 8.38 9.53 NOTE
r-devel-linux-x86_64-fedora-clang 0.3 19.57 NOTE
r-devel-linux-x86_64-fedora-gcc 0.3 18.47 NOTE
r-devel-osx-x86_64-clang 0.3 21.23 OK
r-devel-windows-ix86+x86_64 0.3 8.00 18.00 26.00 OK
r-patched-linux-x86_64 0.3 1.18 8.44 9.62 NOTE
r-patched-solaris-sparc 0.3 110.50 OK
r-patched-solaris-x86 0.3 30.00 OK
r-release-linux-ix86 0.3 1.65 13.64 15.29 OK
r-release-linux-x86_64 0.3 1.32 8.65 9.97 NOTE
r-release-osx-x86_64-mavericks 0.3 OK
r-release-windows-ix86+x86_64 0.3 6.00 24.00 30.00 OK
r-oldrel-windows-ix86+x86_64 0.3 7.00 27.00 34.00 OK

Check Details

Version: 0.3
Check: top-level files
Result: NOTE
    Non-standard file/directory found at top level:
     ‘COPYRIGHTS’
    Copyright information should be in file inst/COPYRIGHTS
Flavors: r-devel-linux-x86_64-debian-clang, r-devel-linux-x86_64-debian-gcc, r-devel-linux-x86_64-fedora-clang, r-devel-linux-x86_64-fedora-gcc, r-patched-linux-x86_64, r-release-linux-x86_64