CRAN Package Check Results for Package randaes

Last updated on 2017-01-20 12:51:12.

Flavor Version Tinstall Tcheck Ttotal Status Flags
r-devel-linux-x86_64-debian-clang 0.3 1.19 9.08 10.27 NOTE
r-devel-linux-x86_64-debian-gcc 0.3 1.33 9.03 10.36 NOTE
r-devel-linux-x86_64-fedora-clang 0.3 16.90 NOTE --no-stop-on-test-error
r-devel-linux-x86_64-fedora-gcc 0.3 16.25 NOTE --no-stop-on-test-error
r-devel-macos-x86_64-clang 0.3 15.25 NOTE --no-stop-on-test-error
r-devel-windows-ix86+x86_64 0.3 11.00 33.00 44.00 NOTE
r-patched-linux-x86_64 0.3 1.20 7.88 9.08 NOTE
r-patched-solaris-sparc 0.3 85.10 NOTE
r-patched-solaris-x86 0.3 21.50 NOTE
r-release-linux-x86_64 0.3 1.10 7.87 8.97 NOTE
r-release-osx-x86_64-mavericks 0.3 NOTE
r-release-windows-ix86+x86_64 0.3 7.00 23.00 30.00 NOTE
r-oldrel-windows-ix86+x86_64 0.3 8.00 23.00 31.00 NOTE

Check Details

Version: 0.3
Check: DESCRIPTION meta-information
Result: NOTE
    Malformed Description field: should contain one or more complete sentences.
Flavors: r-devel-linux-x86_64-debian-clang, r-devel-linux-x86_64-debian-gcc, r-devel-windows-ix86+x86_64, r-patched-linux-x86_64, r-patched-solaris-sparc, r-patched-solaris-x86, r-release-linux-x86_64, r-release-osx-x86_64-mavericks, r-release-windows-ix86+x86_64, r-oldrel-windows-ix86+x86_64

Version: 0.3
Check: top-level files
Result: NOTE
    Non-standard file/directory found at top level:
     ‘COPYRIGHTS’
    Copyright information should be in file inst/COPYRIGHTS
Flavors: r-devel-linux-x86_64-debian-clang, r-devel-linux-x86_64-debian-gcc, r-patched-linux-x86_64, r-release-linux-x86_64

Version: 0.3
Flags: --no-stop-on-test-error
Check: DESCRIPTION meta-information
Result: NOTE
    Malformed Description field: should contain one or more complete sentences.
Flavors: r-devel-linux-x86_64-fedora-clang, r-devel-linux-x86_64-fedora-gcc, r-devel-macos-x86_64-clang

Version: 0.3
Flags: --no-stop-on-test-error
Check: top-level files
Result: NOTE
    Non-standard file/directory found at top level:
     ‘COPYRIGHTS’
    Copyright information should be in file inst/COPYRIGHTS
Flavors: r-devel-linux-x86_64-fedora-clang, r-devel-linux-x86_64-fedora-gcc