CRAN Package Check Results for Package randaes

Last updated on 2014-09-18 14:47:01.

Flavor Version Tinstall Tcheck Ttotal Status Flags
r-devel-linux-x86_64-debian-clang 0.3 0.88 7.91 8.79 NOTE
r-devel-linux-x86_64-debian-gcc 0.3 1.08 8.00 9.08 NOTE
r-devel-linux-x86_64-fedora-clang 0.3 17.52 NOTE
r-devel-linux-x86_64-fedora-gcc 0.3 16.97 NOTE
r-devel-osx-x86_64-clang 0.3 19.39 OK
r-devel-windows-ix86+x86_64 0.3 6.00 17.00 23.00 OK
r-patched-linux-x86_64 0.3 1.09 7.95 9.04 NOTE
r-patched-solaris-sparc 0.3 110.50 OK
r-patched-solaris-x86 0.3 27.30 OK
r-release-linux-ix86 0.3 1.66 13.50 15.15 OK
r-release-linux-x86_64 0.3 1.12 8.45 9.56 NOTE
r-release-osx-x86_64-mavericks 0.3 OK
r-release-windows-ix86+x86_64 0.3 8.00 23.00 31.00 OK
r-oldrel-windows-ix86+x86_64 0.3 7.00 27.00 34.00 OK

Check Details

Version: 0.3
Check: top-level files
Result: NOTE
    Non-standard file/directory found at top level:
     ‘COPYRIGHTS’
    Copyright information should be in file inst/COPYRIGHTS
Flavors: r-devel-linux-x86_64-debian-clang, r-devel-linux-x86_64-debian-gcc, r-devel-linux-x86_64-fedora-clang, r-devel-linux-x86_64-fedora-gcc, r-patched-linux-x86_64, r-release-linux-x86_64