CRAN Package Check Results for Package randaes

Last updated on 2014-11-27 11:55:50.

Flavor Version Tinstall Tcheck Ttotal Status Flags
r-devel-linux-x86_64-debian-clang 0.3 0.96 8.43 9.39 NOTE
r-devel-linux-x86_64-debian-gcc 0.3 1.23 8.49 9.72 NOTE
r-devel-linux-x86_64-fedora-clang 0.3 19.49 NOTE
r-devel-linux-x86_64-fedora-gcc 0.3 19.58 NOTE
r-devel-osx-x86_64-clang 0.3 21.03 OK
r-devel-windows-ix86+x86_64 0.3 6.00 18.00 24.00 OK
r-patched-linux-x86_64 0.3 1.23 8.19 9.42 NOTE
r-patched-solaris-sparc 0.3 110.50 OK
r-patched-solaris-x86 0.3 29.60 OK
r-release-linux-ix86 0.3 1.65 13.43 15.08 OK
r-release-linux-x86_64 0.3 1.21 8.20 9.41 NOTE
r-release-osx-x86_64-mavericks 0.3 OK
r-release-windows-ix86+x86_64 0.3 6.00 24.00 30.00 OK
r-oldrel-windows-ix86+x86_64 0.3 7.00 27.00 34.00 OK

Check Details

Version: 0.3
Check: top-level files
Result: NOTE
    Non-standard file/directory found at top level:
     ‘COPYRIGHTS’
    Copyright information should be in file inst/COPYRIGHTS
Flavors: r-devel-linux-x86_64-debian-clang, r-devel-linux-x86_64-debian-gcc, r-devel-linux-x86_64-fedora-clang, r-devel-linux-x86_64-fedora-gcc, r-patched-linux-x86_64, r-release-linux-x86_64