CRAN Package Check Results for Package randaes

Last updated on 2016-07-28 13:47:37.

Flavor Version Tinstall Tcheck Ttotal Status Flags
r-devel-linux-x86_64-debian-clang 0.3 1.33 9.56 10.89 NOTE
r-devel-linux-x86_64-debian-gcc 0.3 1.42 9.65 11.07 NOTE
r-devel-linux-x86_64-fedora-clang 0.3 14.74 NOTE
r-devel-linux-x86_64-fedora-gcc 0.3 13.21 NOTE
r-devel-osx-x86_64-clang 0.3 13.45 NOTE
r-devel-windows-ix86+x86_64 0.3 6.00 23.00 29.00 NOTE
r-patched-linux-x86_64 0.3 1.35 9.03 10.38 NOTE
r-patched-solaris-sparc 0.3 84.10 NOTE
r-patched-solaris-x86 0.3 19.60 NOTE
r-release-linux-x86_64 0.3 1.54 9.27 10.81 NOTE
r-release-osx-x86_64-mavericks 0.3 NOTE
r-release-windows-ix86+x86_64 0.3 6.00 36.00 42.00 NOTE
r-oldrel-windows-ix86+x86_64 0.3 8.00 19.00 27.00 NOTE

Check Details

Version: 0.3
Check: DESCRIPTION meta-information
Result: NOTE
    Malformed Description field: should contain one or more complete sentences.
Flavors: r-devel-linux-x86_64-debian-clang, r-devel-linux-x86_64-debian-gcc, r-devel-linux-x86_64-fedora-clang, r-devel-linux-x86_64-fedora-gcc, r-devel-osx-x86_64-clang, r-devel-windows-ix86+x86_64, r-patched-linux-x86_64, r-patched-solaris-sparc, r-patched-solaris-x86, r-release-linux-x86_64, r-release-osx-x86_64-mavericks, r-release-windows-ix86+x86_64, r-oldrel-windows-ix86+x86_64

Version: 0.3
Check: top-level files
Result: NOTE
    Non-standard file/directory found at top level:
     ‘COPYRIGHTS’
    Copyright information should be in file inst/COPYRIGHTS
Flavors: r-devel-linux-x86_64-debian-clang, r-devel-linux-x86_64-debian-gcc, r-devel-linux-x86_64-fedora-clang, r-devel-linux-x86_64-fedora-gcc, r-patched-linux-x86_64, r-release-linux-x86_64