CRAN Package Check Results for Package randaes

Last updated on 2015-03-30 12:47:52.

Flavor Version Tinstall Tcheck Ttotal Status Flags
r-devel-linux-x86_64-debian-clang 0.3 0.95 7.69 8.64 NOTE
r-devel-linux-x86_64-debian-gcc 0.3 1.14 7.82 8.97 NOTE
r-devel-linux-x86_64-fedora-clang 0.3 17.18 NOTE
r-devel-linux-x86_64-fedora-gcc 0.3 16.29 NOTE
r-devel-osx-x86_64-clang 0.3 20.23 NOTE
r-prerel-windows-ix86+x86_64 0.3 10.00 17.00 27.00 NOTE
r-prerel-linux-x86_64 0.3 1.10 8.19 9.29 NOTE
r-prerel-solaris-sparc 0.3 129.90 NOTE
r-prerel-solaris-x86 0.3 25.00 NOTE
r-release-linux-x86_64 0.3 1.18 8.82 10.00 NOTE
r-release-osx-x86_64-mavericks 0.3 OK
r-release-windows-ix86+x86_64 0.3 11.00 18.00 29.00 OK
r-oldrel-windows-ix86+x86_64 0.3 7.00 27.00 34.00 OK

Check Details

Version: 0.3
Check: DESCRIPTION meta-information
Result: NOTE
    Malformed Description field: should contain one or more complete sentences.
Flavors: r-devel-linux-x86_64-debian-clang, r-devel-linux-x86_64-debian-gcc, r-devel-linux-x86_64-fedora-clang, r-devel-linux-x86_64-fedora-gcc, r-devel-osx-x86_64-clang, r-prerel-windows-ix86+x86_64, r-prerel-linux-x86_64, r-prerel-solaris-sparc, r-prerel-solaris-x86

Version: 0.3
Check: top-level files
Result: NOTE
    Non-standard file/directory found at top level:
     ‘COPYRIGHTS’
    Copyright information should be in file inst/COPYRIGHTS
Flavors: r-devel-linux-x86_64-debian-clang, r-devel-linux-x86_64-debian-gcc, r-devel-linux-x86_64-fedora-clang, r-devel-linux-x86_64-fedora-gcc, r-prerel-linux-x86_64, r-release-linux-x86_64