CRAN Package Check Results for Package randaes

Last updated on 2014-07-24 09:49:41.

Flavor Version Tinstall Tcheck Ttotal Status Flags
r-devel-linux-x86_64-debian-clang 0.3 0.89 7.74 8.63 OK
r-devel-linux-x86_64-debian-gcc 0.3 1.07 7.70 8.77 OK
r-devel-linux-x86_64-fedora-clang 0.3 18.02 NOTE
r-devel-linux-x86_64-fedora-gcc 0.3 17.87 NOTE
r-devel-osx-x86_64-clang 0.3 20.31 OK
r-devel-windows-ix86+x86_64 0.3 6.00 17.00 23.00 OK
r-patched-linux-x86_64 0.3 1.08 8.12 9.20 OK
r-patched-solaris-sparc 0.3 102.50 OK
r-patched-solaris-x86 0.3 27.90 OK
r-release-linux-ix86 0.3 1.68 13.55 15.22 OK
r-release-linux-x86_64 0.3 1.22 7.96 9.18 OK
r-release-osx-x86_64-mavericks 0.3 OK
r-release-windows-ix86+x86_64 0.3 8.00 23.00 31.00 OK
r-oldrel-windows-ix86+x86_64 0.3 7.00 27.00 34.00 OK

Check Details

Version: 0.3
Check: top-level files
Result: NOTE
    Non-standard file/directory found at top level:
     ‘COPYRIGHTS’
    Copyright information should be in file inst/COPYRIGHTS
Flavors: r-devel-linux-x86_64-fedora-clang, r-devel-linux-x86_64-fedora-gcc