CRAN Package Check Results for Package randaes

Last updated on 2016-05-25 15:47:06.

Flavor Version Tinstall Tcheck Ttotal Status Flags
r-devel-linux-x86_64-debian-gcc 0.3 1.13 7.80 8.93 NOTE
r-devel-linux-x86_64-fedora-clang 0.3 14.05 NOTE
r-devel-linux-x86_64-fedora-gcc 0.3 13.38 NOTE
r-devel-osx-x86_64-clang 0.3 17.40 NOTE
r-devel-windows-ix86+x86_64 0.3 6.00 25.00 31.00 NOTE
r-patched-linux-x86_64 0.3 1.25 8.11 9.35 NOTE
r-patched-solaris-sparc 0.3 84.30 NOTE
r-patched-solaris-x86 0.3 20.30 NOTE
r-release-linux-x86_64 0.3 1.14 7.74 8.87 NOTE
r-release-osx-x86_64-mavericks 0.3 NOTE
r-release-windows-ix86+x86_64 0.3 6.00 36.00 42.00 NOTE
r-oldrel-windows-ix86+x86_64 0.3 8.00 19.00 27.00 NOTE

Check Details

Version: 0.3
Check: DESCRIPTION meta-information
Result: NOTE
    Malformed Description field: should contain one or more complete sentences.
Flavors: r-devel-linux-x86_64-debian-gcc, r-devel-linux-x86_64-fedora-clang, r-devel-linux-x86_64-fedora-gcc, r-devel-osx-x86_64-clang, r-devel-windows-ix86+x86_64, r-patched-linux-x86_64, r-patched-solaris-sparc, r-patched-solaris-x86, r-release-linux-x86_64, r-release-osx-x86_64-mavericks, r-release-windows-ix86+x86_64, r-oldrel-windows-ix86+x86_64

Version: 0.3
Check: top-level files
Result: NOTE
    Non-standard file/directory found at top level:
     ‘COPYRIGHTS’
    Copyright information should be in file inst/COPYRIGHTS
Flavors: r-devel-linux-x86_64-debian-gcc, r-devel-linux-x86_64-fedora-clang, r-devel-linux-x86_64-fedora-gcc, r-patched-linux-x86_64, r-release-linux-x86_64