CRAN Package Check Results for Package randaes

Last updated on 2014-04-24 09:49:08.

Flavor Version Tinstall Tcheck Ttotal Status Flags
r-devel-linux-x86_64-debian-clang 0.3 0.98 8.57 9.55 OK
r-devel-linux-x86_64-debian-gcc 0.3 1.38 8.26 9.64 OK
r-devel-linux-x86_64-fedora-clang 0.3 17.65 NOTE
r-devel-linux-x86_64-fedora-gcc 0.3 17.15 NOTE
r-devel-osx-x86_64-clang 0.3 20.33 OK
r-devel-osx-x86_64-gcc 0.3 OK
r-devel-windows-ix86+x86_64 0.3 6.00 17.00 23.00 OK
r-patched-linux-x86_64 0.3 1.22 8.20 9.42 OK
r-patched-solaris-sparc 0.3 102.50 OK
r-patched-solaris-x86 0.3 27.10 OK
r-release-linux-ix86 0.3 3.00 20.00 23.00 OK
r-release-linux-x86_64 0.3 1.25 8.26 9.51 OK
r-release-osx-x86_64-mavericks 0.3 OK
r-release-windows-ix86+x86_64 0.3 13.00 22.00 35.00 OK
r-oldrel-windows-ix86+x86_64 0.3 7.00 27.00 34.00 OK

Check Details

Version: 0.3
Check: top-level files
Result: NOTE
    Non-standard file/directory found at top level:
     ‘COPYRIGHTS’
    Copyright information should be in file inst/COPYRIGHTS
Flavors: r-devel-linux-x86_64-fedora-clang, r-devel-linux-x86_64-fedora-gcc