CRAN Package Check Results for Package randaes

Last updated on 2014-10-01 17:48:29.

Flavor Version Tinstall Tcheck Ttotal Status Flags
r-devel-linux-x86_64-debian-clang 0.3 0.98 8.46 9.44 NOTE
r-devel-linux-x86_64-debian-gcc 0.3 1.31 8.37 9.68 NOTE
r-devel-linux-x86_64-fedora-clang 0.3 18.69 NOTE
r-devel-linux-x86_64-fedora-gcc 0.3 17.39 NOTE
r-devel-osx-x86_64-clang 0.3 19.57 OK
r-devel-windows-ix86+x86_64 0.3 7.00 17.00 24.00 OK
r-patched-linux-x86_64 0.3 1.41 8.87 10.28 NOTE
r-patched-solaris-sparc 0.3 110.50 OK
r-patched-solaris-x86 0.3 28.90 OK
r-release-linux-ix86 0.3 1.68 12.98 14.65 OK
r-release-linux-x86_64 0.3 1.12 8.30 9.42 NOTE
r-release-osx-x86_64-mavericks 0.3 OK
r-release-windows-ix86+x86_64 0.3 8.00 23.00 31.00 OK
r-oldrel-windows-ix86+x86_64 0.3 7.00 27.00 34.00 OK

Check Details

Version: 0.3
Check: top-level files
Result: NOTE
    Non-standard file/directory found at top level:
     ‘COPYRIGHTS’
    Copyright information should be in file inst/COPYRIGHTS
Flavors: r-devel-linux-x86_64-debian-clang, r-devel-linux-x86_64-debian-gcc, r-devel-linux-x86_64-fedora-clang, r-devel-linux-x86_64-fedora-gcc, r-patched-linux-x86_64, r-release-linux-x86_64