CRAN Package Check Results for Package randaes

Last updated on 2017-03-22 23:53:32.

Flavor Version Tinstall Tcheck Ttotal Status Flags
r-devel-linux-x86_64-debian-clang 0.3 1.26 9.02 10.27 NOTE
r-devel-linux-x86_64-debian-gcc 0.3 1.35 8.97 10.32 NOTE
r-devel-linux-x86_64-fedora-clang 0.3 16.94 NOTE --no-stop-on-test-error
r-devel-linux-x86_64-fedora-gcc 0.3 16.25 NOTE --no-stop-on-test-error
r-devel-macos-x86_64-clang 0.3 15.28 NOTE --no-stop-on-test-error
r-devel-windows-ix86+x86_64 0.3 8.00 30.00 38.00 NOTE
r-patched-linux-x86_64 0.3 1.14 7.99 9.14 NOTE
r-patched-solaris-sparc 0.3 100.80 NOTE
r-patched-solaris-x86 0.3 25.40 NOTE
r-release-linux-x86_64 0.3 1.16 7.65 8.81 NOTE
r-release-osx-x86_64-mavericks 0.3 NOTE
r-release-windows-ix86+x86_64 0.3 7.00 23.00 30.00 NOTE
r-oldrel-windows-ix86+x86_64 0.3 8.00 23.00 31.00 NOTE

Check Details

Version: 0.3
Check: DESCRIPTION meta-information
Result: NOTE
    Malformed Description field: should contain one or more complete sentences.
Flavors: r-devel-linux-x86_64-debian-clang, r-devel-linux-x86_64-debian-gcc, r-devel-windows-ix86+x86_64, r-patched-linux-x86_64, r-patched-solaris-sparc, r-patched-solaris-x86, r-release-linux-x86_64, r-release-osx-x86_64-mavericks, r-release-windows-ix86+x86_64, r-oldrel-windows-ix86+x86_64

Version: 0.3
Check: top-level files
Result: NOTE
    Non-standard file/directory found at top level:
     ‘COPYRIGHTS’
    Copyright information should be in file inst/COPYRIGHTS
Flavors: r-devel-linux-x86_64-debian-clang, r-devel-linux-x86_64-debian-gcc, r-patched-linux-x86_64, r-release-linux-x86_64

Version: 0.3
Check: compiled code
Result: NOTE
    File ‘randaes/libs/randaes.so’:
     Found no calls to: ‘R_registerRoutines’, ‘R_useDynamicSymbols’
    
    It is good practice to register native routines and to disable symbol
    search.
    
    See ‘Writing portable packages’ in the ‘Writing R Extensions’ manual.
Flavors: r-devel-linux-x86_64-debian-clang, r-devel-linux-x86_64-debian-gcc

Version: 0.3
Flags: --no-stop-on-test-error
Check: DESCRIPTION meta-information
Result: NOTE
    Malformed Description field: should contain one or more complete sentences.
Flavors: r-devel-linux-x86_64-fedora-clang, r-devel-linux-x86_64-fedora-gcc, r-devel-macos-x86_64-clang

Version: 0.3
Flags: --no-stop-on-test-error
Check: top-level files
Result: NOTE
    Non-standard file/directory found at top level:
     ‘COPYRIGHTS’
    Copyright information should be in file inst/COPYRIGHTS
Flavors: r-devel-linux-x86_64-fedora-clang, r-devel-linux-x86_64-fedora-gcc

Version: 0.3
Flags: --no-stop-on-test-error
Check: compiled code
Result: NOTE
    File ‘randaes/libs/randaes.so’:
     Found no calls to: ‘R_registerRoutines’, ‘R_useDynamicSymbols’
    
    It is good practice to register native routines and to disable symbol
    search.
    
    See ‘Writing portable packages’ in the ‘Writing R Extensions’ manual.
Flavors: r-devel-linux-x86_64-fedora-clang, r-devel-linux-x86_64-fedora-gcc, r-devel-macos-x86_64-clang