CRAN Package Check Results for Package randaes

Last updated on 2017-06-22 17:48:06.

Flavor Version Tinstall Tcheck Ttotal Status Flags
r-devel-linux-x86_64-debian-clang 0.3 1.24 9.49 10.73 NOTE
r-devel-linux-x86_64-debian-gcc 0.3 1.46 9.62 11.08 NOTE
r-devel-linux-x86_64-fedora-clang 0.3 17.52 NOTE
r-devel-linux-x86_64-fedora-gcc 0.3 16.54 NOTE
r-devel-windows-ix86+x86_64 0.3 7.00 37.00 44.00 NOTE
r-patched-linux-x86_64 0.3 1.25 9.03 10.29 NOTE
r-patched-solaris-sparc 0.3 100.80 NOTE
r-patched-solaris-x86 0.3 24.90 NOTE
r-release-linux-x86_64 0.3 1.41 9.26 10.67 NOTE
r-release-windows-ix86+x86_64 0.3 7.00 24.00 31.00 NOTE
r-release-osx-x86_64 0.3 NOTE
r-oldrel-windows-ix86+x86_64 0.3 7.00 23.00 30.00 NOTE
r-oldrel-osx-x86_64 0.3 NOTE

Check Details

Version: 0.3
Check: DESCRIPTION meta-information
Result: NOTE
    Malformed Description field: should contain one or more complete sentences.
Flavors: r-devel-linux-x86_64-debian-clang, r-devel-linux-x86_64-debian-gcc, r-devel-linux-x86_64-fedora-clang, r-devel-linux-x86_64-fedora-gcc, r-devel-windows-ix86+x86_64, r-patched-linux-x86_64, r-patched-solaris-sparc, r-patched-solaris-x86, r-release-linux-x86_64, r-release-windows-ix86+x86_64, r-release-osx-x86_64, r-oldrel-windows-ix86+x86_64, r-oldrel-osx-x86_64

Version: 0.3
Check: top-level files
Result: NOTE
    Non-standard file/directory found at top level:
     ‘COPYRIGHTS’
    Copyright information should be in file inst/COPYRIGHTS
Flavors: r-devel-linux-x86_64-debian-clang, r-devel-linux-x86_64-debian-gcc, r-devel-linux-x86_64-fedora-clang, r-devel-linux-x86_64-fedora-gcc, r-patched-linux-x86_64, r-release-linux-x86_64

Version: 0.3
Check: compiled code
Result: NOTE
    File ‘randaes/libs/randaes.so’:
     Found no calls to: ‘R_registerRoutines’, ‘R_useDynamicSymbols’
    
    It is good practice to register native routines and to disable symbol
    search.
    
    See ‘Writing portable packages’ in the ‘Writing R Extensions’ manual.
Flavors: r-devel-linux-x86_64-debian-clang, r-devel-linux-x86_64-debian-gcc, r-devel-linux-x86_64-fedora-clang, r-devel-linux-x86_64-fedora-gcc, r-patched-linux-x86_64, r-release-linux-x86_64