CRAN Package Check Results for Package randaes

Last updated on 2014-08-29 05:47:28.

Flavor Version Tinstall Tcheck Ttotal Status Flags
r-devel-linux-x86_64-debian-clang 0.3 0.84 7.82 8.66 OK
r-devel-linux-x86_64-debian-gcc 0.3 1.19 7.65 8.84 OK
r-devel-linux-x86_64-fedora-clang 0.3 17.12 NOTE
r-devel-linux-x86_64-fedora-gcc 0.3 16.78 NOTE
r-devel-osx-x86_64-clang 0.3 18.10 OK
r-devel-windows-ix86+x86_64 0.3 6.00 17.00 23.00 OK
r-patched-linux-x86_64 0.3 1.12 7.81 8.93 OK
r-patched-solaris-sparc 0.3 110.50 OK
r-patched-solaris-x86 0.3 26.80 OK
r-release-linux-ix86 0.3 1.68 13.31 14.99 OK
r-release-linux-x86_64 0.3 1.16 7.92 9.08 OK
r-release-osx-x86_64-mavericks 0.3 OK
r-release-windows-ix86+x86_64 0.3 8.00 23.00 31.00 OK
r-oldrel-windows-ix86+x86_64 0.3 7.00 27.00 34.00 OK

Check Details

Version: 0.3
Check: top-level files
Result: NOTE
    Non-standard file/directory found at top level:
     ‘COPYRIGHTS’
    Copyright information should be in file inst/COPYRIGHTS
Flavors: r-devel-linux-x86_64-fedora-clang, r-devel-linux-x86_64-fedora-gcc