CRAN Package Check Results for Package randaes

Last updated on 2015-07-02 21:47:00.

Flavor Version Tinstall Tcheck Ttotal Status Flags
r-devel-linux-x86_64-debian-clang 0.3 0.90 7.66 8.56 NOTE
r-devel-linux-x86_64-debian-gcc 0.3 1.05 7.51 8.56 NOTE
r-devel-linux-x86_64-fedora-clang 0.3 15.45 NOTE
r-devel-linux-x86_64-fedora-gcc 0.3 14.18 NOTE
r-devel-osx-x86_64-clang 0.3 17.33 NOTE
r-devel-windows-ix86+x86_64 0.3 8.00 18.00 26.00 NOTE
r-patched-linux-x86_64 0.3 1.10 7.73 8.83 NOTE
r-patched-solaris-sparc 0.3 117.10 NOTE
r-patched-solaris-x86 0.3 24.90 NOTE
r-release-linux-x86_64 0.3 1.12 7.85 8.97 NOTE
r-release-osx-x86_64-mavericks 0.3 NOTE
r-release-windows-ix86+x86_64 0.3 8.00 18.00 26.00 NOTE
r-oldrel-windows-ix86+x86_64 0.3 11.00 18.00 29.00 OK

Check Details

Version: 0.3
Check: DESCRIPTION meta-information
Result: NOTE
    Malformed Description field: should contain one or more complete sentences.
Flavors: r-devel-linux-x86_64-debian-clang, r-devel-linux-x86_64-debian-gcc, r-devel-linux-x86_64-fedora-clang, r-devel-linux-x86_64-fedora-gcc, r-devel-osx-x86_64-clang, r-devel-windows-ix86+x86_64, r-patched-linux-x86_64, r-patched-solaris-sparc, r-patched-solaris-x86, r-release-linux-x86_64, r-release-osx-x86_64-mavericks, r-release-windows-ix86+x86_64

Version: 0.3
Check: top-level files
Result: NOTE
    Non-standard file/directory found at top level:
     ‘COPYRIGHTS’
    Copyright information should be in file inst/COPYRIGHTS
Flavors: r-devel-linux-x86_64-debian-clang, r-devel-linux-x86_64-debian-gcc, r-devel-linux-x86_64-fedora-clang, r-devel-linux-x86_64-fedora-gcc, r-patched-linux-x86_64, r-release-linux-x86_64