CRAN Package Check Results for Package randaes

Last updated on 2015-01-26 17:47:49.

Flavor Version Tinstall Tcheck Ttotal Status Flags
r-devel-linux-x86_64-debian-clang 0.3 0.95 8.40 9.34 NOTE
r-devel-linux-x86_64-debian-gcc 0.3 1.16 7.98 9.14 NOTE
r-devel-linux-x86_64-fedora-clang 0.3 19.63 NOTE
r-devel-linux-x86_64-fedora-gcc 0.3 18.32 NOTE
r-devel-osx-x86_64-clang 0.3 21.27 OK
r-devel-windows-ix86+x86_64 0.3 8.00 19.00 27.00 OK
r-patched-linux-x86_64 0.3 1.22 8.54 9.76 NOTE
r-patched-solaris-sparc 0.3 104.20 OK
r-patched-solaris-x86 0.3 29.30 OK
r-release-linux-ix86 0.3 1.64 13.78 15.42 OK
r-release-linux-x86_64 0.3 1.22 8.35 9.58 NOTE
r-release-osx-x86_64-mavericks 0.3 OK
r-release-windows-ix86+x86_64 0.3 6.00 24.00 30.00 OK
r-oldrel-windows-ix86+x86_64 0.3 7.00 27.00 34.00 OK

Check Details

Version: 0.3
Check: top-level files
Result: NOTE
    Non-standard file/directory found at top level:
     ‘COPYRIGHTS’
    Copyright information should be in file inst/COPYRIGHTS
Flavors: r-devel-linux-x86_64-debian-clang, r-devel-linux-x86_64-debian-gcc, r-devel-linux-x86_64-fedora-clang, r-devel-linux-x86_64-fedora-gcc, r-patched-linux-x86_64, r-release-linux-x86_64