CRAN Package Check Results for Package rando

Last updated on 2021-04-12 19:49:30 CEST.

Flavor Version Tinstall Tcheck Ttotal Status Flags
r-devel-linux-x86_64-debian-clang 0.2.0 4.23 55.41 59.64 NOTE
r-devel-linux-x86_64-debian-gcc 0.2.0 2.85 41.12 43.97 NOTE
r-devel-linux-x86_64-fedora-clang 0.2.0 78.85 NOTE
r-devel-linux-x86_64-fedora-gcc 0.2.0 68.62 NOTE
r-devel-windows-ix86+x86_64 0.2.0 8.00 69.00 77.00 NOTE
r-devel-windows-x86_64-gcc10-UCRT 0.2.0 NOTE
r-patched-linux-x86_64 0.2.0 3.72 53.12 56.84 OK
r-patched-solaris-x86 0.2.0 104.20 OK
r-release-linux-x86_64 0.2.0 3.76 53.11 56.87 OK
r-release-macos-x86_64 0.2.0 OK
r-release-windows-ix86+x86_64 0.2.0 14.00 83.00 97.00 OK
r-oldrel-macos-x86_64 0.2.0 OK
r-oldrel-windows-ix86+x86_64 0.2.0 6.00 56.00 62.00 OK

Check Details

Version: 0.2.0
Check: LazyData
Result: NOTE
     'LazyData' is specified without a 'data' directory
Flavors: r-devel-linux-x86_64-debian-clang, r-devel-linux-x86_64-debian-gcc, r-devel-linux-x86_64-fedora-clang, r-devel-linux-x86_64-fedora-gcc, r-devel-windows-ix86+x86_64, r-devel-windows-x86_64-gcc10-UCRT