CRAN Package Check Results for Package random.cdisc.data

Last updated on 2024-06-14 03:57:32 CEST.

Flavor Version Tinstall Tcheck Ttotal Status Flags
r-devel-linux-x86_64-debian-clang 0.3.15 17.30 237.16 254.46 OK
r-devel-linux-x86_64-debian-gcc 0.3.15 0.73 1.87 2.60 ERROR
r-devel-linux-x86_64-fedora-clang 0.3.15 305.74 NOTE
r-devel-linux-x86_64-fedora-gcc 0.3.15 300.20 OK
r-devel-windows-x86_64 0.3.15 14.00 174.00 188.00 NOTE
r-patched-linux-x86_64 0.3.15 18.95 226.56 245.51 OK
r-release-linux-x86_64 0.3.15 10.68 222.35 233.03 OK
r-release-macos-arm64 0.3.15 84.00 NOTE
r-release-macos-x86_64 0.3.15 145.00 NOTE
r-release-windows-x86_64 0.3.15 16.00 189.00 205.00 NOTE
r-oldrel-macos-arm64 0.3.15 86.00 NOTE
r-oldrel-macos-x86_64 0.3.15 177.00 NOTE
r-oldrel-windows-x86_64 0.3.15 20.00 212.00 232.00 NOTE

Check Details

Version: 0.3.15
Check: package dependencies
Result: ERROR Packages required but not available: 'dplyr', 'lubridate', 'stringr', 'tibble', 'tidyr' Packages suggested but not available for checking: 'diffdf', 'testthat' See section ‘The DESCRIPTION file’ in the ‘Writing R Extensions’ manual. Flavor: r-devel-linux-x86_64-debian-gcc

Version: 0.3.15
Check: installed package size
Result: NOTE installed size is 5.2Mb sub-directories of 1Mb or more: data 4.6Mb Flavors: r-devel-linux-x86_64-fedora-clang, r-devel-windows-x86_64, r-release-macos-arm64, r-release-macos-x86_64, r-release-windows-x86_64, r-oldrel-macos-arm64, r-oldrel-macos-x86_64, r-oldrel-windows-x86_64