CRAN Package Check Results for Package random

Last updated on 2017-05-30 14:47:24.

Flavor Version Tinstall Tcheck Ttotal Status Flags
r-devel-linux-x86_64-debian-clang 0.2.6 0.60 14.70 15.30 OK --no-tests
r-devel-linux-x86_64-debian-gcc 0.2.6 0.64 14.51 15.15 OK --no-tests
r-devel-linux-x86_64-fedora-clang 0.2.6 28.65 OK
r-devel-linux-x86_64-fedora-gcc 0.2.6 27.19 OK
r-devel-windows-ix86+x86_64 0.2.6 3.00 61.00 64.00 OK
r-patched-linux-x86_64 0.2.6 0.70 14.58 15.28 OK --no-tests
r-patched-solaris-sparc 0.2.6 160.40 OK
r-patched-solaris-x86 0.2.6 39.00 OK
r-release-linux-x86_64 0.2.6 0.57 14.63 15.20 OK --no-tests
r-release-windows-ix86+x86_64 0.2.6 4.00 54.00 58.00 OK
r-release-osx-x86_64 0.2.6 NOTE
r-oldrel-windows-ix86+x86_64 0.2.6 3.00 45.00 48.00 OK
r-oldrel-osx-x86_64 0.2.6 OK

Check Details

Version: 0.2.6
Check: re-building of vignette outputs
Result: NOTE
    Error in re-building vignettes:
     ...
    Error in texi2dvi(file = file, pdf = TRUE, clean = clean, quiet = quiet, :
     Running 'texi2dvi' on 'random-essay.tex' failed.
    LaTeX errors:
    ! LaTeX Error: File `vmargin.sty' not found.
    
    Type X to quit or <RETURN> to proceed,
    or enter new name. (Default extension: sty)
    
    ! Emergency stop.
    <read *>
    
    l.4 \setpapersize
     {USletter} % use USletter paper^^M
    ! ==> Fatal error occurred, no output PDF file produced!
    Calls: buildVignettes -> texi2pdf -> texi2dvi
    Execution halted
Flavor: r-release-osx-x86_64