CRAN Package Check Results for Package random

Last updated on 2015-09-02 14:47:58.

Flavor Version Tinstall Tcheck Ttotal Status Flags
r-devel-linux-x86_64-debian-clang 0.2.5 0.54 18.43 18.97 OK
r-devel-linux-x86_64-debian-gcc 0.2.5 0.51 18.14 18.64 OK
r-devel-linux-x86_64-fedora-clang 0.2.5 25.10 OK
r-devel-linux-x86_64-fedora-gcc 0.2.5 23.60 OK
r-devel-osx-x86_64-clang 0.2.5 33.53 OK
r-devel-windows-ix86+x86_64 0.2.5 4.00 46.00 50.00 OK
r-patched-linux-x86_64 0.2.5 0.57 19.18 19.75 OK
r-patched-solaris-sparc 0.2.5 170.50 OK
r-patched-solaris-x86 0.2.5 38.50 OK
r-release-linux-x86_64 0.2.5 0.54 18.91 19.45 OK
r-release-osx-x86_64-mavericks 0.2.5 OK
r-release-windows-ix86+x86_64 0.2.5 4.00 52.00 56.00 OK
r-oldrel-windows-ix86+x86_64 0.2.5 6.00 36.00 42.00 NOTE

Check Details

Version: 0.2.5
Check: R code for possible problems
Result: NOTE
    getConnection: possible error in url(urltxt, ..., method = "libcurl"):
     unused argument (method = "libcurl")
Flavor: r-oldrel-windows-ix86+x86_64