CRAN Package Check Results for Package random

Last updated on 2014-04-25 05:47:22.

Flavor Version Tinstall Tcheck Ttotal Status Flags
r-devel-linux-x86_64-debian-clang 0.2.2 0.54 11.41 11.95 OK
r-devel-linux-x86_64-debian-gcc 0.2.2 0.55 11.37 11.92 OK
r-devel-linux-x86_64-fedora-clang 0.2.2 26.32 OK
r-devel-linux-x86_64-fedora-gcc 0.2.2 25.18 OK
r-devel-osx-x86_64-clang 0.2.2 32.87 OK
r-devel-osx-x86_64-gcc 0.2.2 OK
r-devel-windows-ix86+x86_64 0.2.2 2.00 23.00 25.00 OK
r-patched-linux-x86_64 0.2.2 0.55 11.14 11.69 OK
r-patched-solaris-sparc 0.2.2 133.60 OK
r-patched-solaris-x86 0.2.2 37.70 OK
r-release-linux-ix86 0.2.2 1.00 28.00 29.00 OK
r-release-linux-x86_64 0.2.2 0.54 11.56 12.11 OK
r-release-osx-x86_64-mavericks 0.2.2 NOTE
r-release-osx-x86_64-snowleopard 0.2.2 NOTE
r-release-windows-ix86+x86_64 0.2.2 4.00 29.00 33.00 OK
r-oldrel-windows-ix86+x86_64 0.2.2 2.00 36.00 38.00 OK

Check Details

Version: 0.2.2
Check: re-building of vignette outputs
Result: NOTE
    Error in re-building vignettes:
     ...
    Error in texi2dvi(file = file, pdf = TRUE, clean = clean, quiet = quiet, :
     Running 'texi2dvi' on 'random-essay.tex' failed.
    LaTeX errors:
    ! LaTeX Error: File `vmargin.sty' not found.
    
    Type X to quit or <RETURN> to proceed,
    or enter new name. (Default extension: sty)
    
    test/random/vignettes/random-essay.tex:4: ==> Fatal error occurred, no output
    PDF file produced!
    Calls: buildVignettes -> texi2pdf -> texi2dvi
    Execution halted
Flavor: r-release-osx-x86_64-mavericks

Version: 0.2.2
Check: re-building of vignette outputs
Result: NOTE
    Error in re-building vignettes:
     ...
    Error in texi2dvi(file = file, pdf = TRUE, clean = clean, quiet = quiet, :
     Running 'texi2dvi' on 'random-essay.tex' failed.
    LaTeX errors:
    ! LaTeX Error: File `vmargin.sty' not found.
    
    Type X to quit or <RETURN> to proceed,
    or enter new name. (Default extension: sty)
    
    random.Rcheck/vign_test/random/vignettes/random-essay.tex:4: ==> Fatal error o
    ccurred, no output PDF file produced!
    Calls: buildVignettes -> texi2pdf -> texi2dvi
    Execution halted
Flavor: r-release-osx-x86_64-snowleopard