CRAN Package Check Results for Package random

Last updated on 2017-01-18 12:54:55.

Flavor Version Tinstall Tcheck Ttotal Status Flags
r-devel-linux-x86_64-debian-clang 0.2.5 0.64 14.69 15.33 OK --no-tests
r-devel-linux-x86_64-debian-gcc 0.2.5 0.67 14.40 15.07 OK --no-tests
r-devel-linux-x86_64-fedora-clang 0.2.5 26.15 OK --no-stop-on-test-error
r-devel-linux-x86_64-fedora-gcc 0.2.5 27.25 OK --no-stop-on-test-error
r-devel-macos-x86_64-clang 0.2.5 25.26 OK --no-stop-on-test-error
r-devel-windows-ix86+x86_64 0.2.5 5.00 51.00 56.00 OK
r-patched-linux-x86_64 0.2.5 0.56 12.29 12.85 OK --no-tests
r-patched-solaris-sparc 0.2.5 127.90 OK
r-patched-solaris-x86 0.2.5 30.40 OK
r-release-linux-x86_64 0.2.5 0.55 12.65 13.20 OK --no-tests
r-release-osx-x86_64-mavericks 0.2.5 OK
r-release-windows-ix86+x86_64 0.2.5 2.00 45.00 47.00 ERROR
r-oldrel-windows-ix86+x86_64 0.2.5 3.00 61.00 64.00 OK

Check Details

Version: 0.2.5
Check: tests
Result: ERROR
    Running the tests in 'tests/minimalTests.R' failed.
    Last 13 lines of output:
     'help.start()' for an HTML browser interface to help.
     Type 'q()' to quit R.
    
     >
     > library(random)
     >
     > X <- randomNumbers()
     Error in url(urltxt, ..., method = "libcurl") : cannot open connection
     Calls: randomNumbers -> getConnection -> url
     In addition: Warning message:
     In url(urltxt, ..., method = "libcurl") :
     URL 'https://www.random.org/integers/?num=100&min=1&max=100&col=5&base=10&format=plain&rnd=new': status was '503 Service Unavailable'
     Execution halted
Flavor: r-release-windows-ix86+x86_64