CRAN Package Check Results for Package random

Last updated on 2014-07-30 17:48:57.

Flavor Version Tinstall Tcheck Ttotal Status Flags
r-devel-linux-x86_64-debian-clang 0.2.2 0.51 11.06 11.57 OK
r-devel-linux-x86_64-debian-gcc 0.2.2 0.48 10.78 11.26 OK
r-devel-linux-x86_64-fedora-clang 0.2.2 26.95 OK
r-devel-linux-x86_64-fedora-gcc 0.2.2 24.87 OK
r-devel-osx-x86_64-clang 0.2.2 32.26 OK
r-devel-windows-ix86+x86_64 0.2.2 2.00 22.00 24.00 OK
r-patched-linux-x86_64 0.2.2 0.49 11.08 11.58 OK
r-patched-solaris-sparc 0.2.2 143.80 OK
r-patched-solaris-x86 0.2.2 38.60 OK
r-release-linux-ix86 0.2.2 0.82 18.82 19.64 OK
r-release-linux-x86_64 0.2.2 0.51 10.74 11.25 OK
r-release-osx-x86_64-mavericks 0.2.2 NOTE
r-release-osx-x86_64-snowleopard 0.2.2 NOTE
r-release-windows-ix86+x86_64 0.2.2 3.00 31.00 34.00 OK
r-oldrel-windows-ix86+x86_64 0.2.2 2.00 36.00 38.00 OK

Check Details

Version: 0.2.2
Check: re-building of vignette outputs
Result: NOTE
    Error in re-building vignettes:
     ...
    Error in texi2dvi(file = file, pdf = TRUE, clean = clean, quiet = quiet, :
     Running 'texi2dvi' on 'random-essay.tex' failed.
    LaTeX errors:
    ! LaTeX Error: File `vmargin.sty' not found.
    
    Type X to quit or <RETURN> to proceed,
    or enter new name. (Default extension: sty)
    
    test/random/vignettes/random-essay.tex:4: ==> Fatal error occurred, no output
    PDF file produced!
    Calls: buildVignettes -> texi2pdf -> texi2dvi
    Execution halted
Flavor: r-release-osx-x86_64-mavericks

Version: 0.2.2
Check: re-building of vignette outputs
Result: NOTE
    Error in re-building vignettes:
     ...
    Error in texi2dvi(file = file, pdf = TRUE, clean = clean, quiet = quiet, :
     Running 'texi2dvi' on 'random-essay.tex' failed.
    LaTeX errors:
    ! LaTeX Error: File `vmargin.sty' not found.
    
    Type X to quit or <RETURN> to proceed,
    or enter new name. (Default extension: sty)
    
    random.Rcheck/vign_test/random/vignettes/random-essay.tex:4: ==> Fatal error o
    ccurred, no output PDF file produced!
    Calls: buildVignettes -> texi2pdf -> texi2dvi
    Execution halted
Flavor: r-release-osx-x86_64-snowleopard