CRAN Package Check Results for Package random

Last updated on 2016-09-29 16:49:57.

Flavor Version Tinstall Tcheck Ttotal Status Flags
r-devel-linux-x86_64-debian-clang 0.2.5 0.52 19.15 19.67 OK
r-devel-linux-x86_64-debian-gcc 0.2.5 0.54 18.89 19.43 OK
r-devel-linux-x86_64-fedora-clang 0.2.5 24.38 OK
r-devel-linux-x86_64-fedora-gcc 0.2.5 23.46 OK
r-devel-macos-x86_64-clang 0.2.5 21.85 OK
r-devel-windows-ix86+x86_64 0.2.5 3.00 58.00 61.00 OK
r-patched-linux-x86_64 0.2.5 0.55 19.01 19.56 OK
r-patched-solaris-sparc 0.2.5 124.70 OK
r-patched-solaris-x86 0.2.5 29.90 OK
r-release-linux-x86_64 0.2.5 0.58 19.52 20.11 OK
r-release-osx-x86_64-mavericks 0.2.5 OK
r-release-windows-ix86+x86_64 0.2.5 4.00 45.00 49.00 ERROR
r-oldrel-windows-ix86+x86_64 0.2.5 4.00 63.00 67.00 OK

Check Details

Version: 0.2.5
Check: tests
Result: ERROR
    Running the tests in 'tests/minimalTests.R' failed.
    Last 13 lines of output:
     'help.start()' for an HTML browser interface to help.
     Type 'q()' to quit R.
    
     >
     > library(random)
     >
     > X <- randomNumbers()
     Error in url(urltxt, ..., method = "libcurl") : cannot open connection
     Calls: randomNumbers -> getConnection -> url
     In addition: Warning message:
     In url(urltxt, ..., method = "libcurl") :
     URL 'https://www.random.org/integers/?num=100&min=1&max=100&col=5&base=10&format=plain&rnd=new': status was '503 Service Unavailable'
     Execution halted
Flavor: r-release-windows-ix86+x86_64