CRAN Package Check Results for Package random

Last updated on 2015-05-26 04:47:07.

Flavor Version Tinstall Tcheck Ttotal Status Flags
r-devel-linux-x86_64-debian-clang 0.2.4 0.54 26.42 26.96 OK
r-devel-linux-x86_64-debian-gcc 0.2.4 0.52 25.87 26.39 OK
r-devel-linux-x86_64-fedora-clang 0.2.4 26.95 ERROR
r-devel-linux-x86_64-fedora-gcc 0.2.4 25.21 ERROR
r-devel-osx-x86_64-clang 0.2.4 44.46 OK
r-devel-windows-ix86+x86_64 0.2.4 3.00 37.00 40.00 OK
r-patched-linux-x86_64 0.2.4 0.54 26.16 26.70 OK
r-patched-solaris-sparc 0.2.4 186.00 OK
r-patched-solaris-x86 0.2.4 37.20 OK
r-release-linux-x86_64 0.2.4 0.52 26.15 26.68 OK
r-release-osx-x86_64-mavericks 0.2.4 OK
r-release-osx-x86_64-snowleopard 0.2.4 OK
r-release-windows-ix86+x86_64 0.2.4 3.00 37.00 40.00 OK
r-oldrel-windows-ix86+x86_64 0.2.4 4.00 38.00 42.00 WARN

Check Details

Version: 0.2.4
Check: tests
Result: ERROR
    Running the tests in ‘tests/minimalTests.R’ failed.
    Last 13 lines of output:
     'help.start()' for an HTML browser interface to help.
     Type 'q()' to quit R.
    
     >
     > library(random)
     >
     > X <- randomNumbers()
     Error in if (check && !quotaCheck()) stop("random.org suggests to wait until tomorrow") :
     missing value where TRUE/FALSE needed
     Calls: randomNumbers
     In addition: Warning message:
     In randomQuota() : NAs introduced by coercion
     Execution halted
Flavors: r-devel-linux-x86_64-fedora-clang, r-devel-linux-x86_64-fedora-gcc

Version: 0.2.4
Check: whether package can be installed
Result: WARN
    Found the following significant warnings:
     Warning: No CA bundle found. SSL validation disabled.
Flavor: r-oldrel-windows-ix86+x86_64

Version: 0.2.4
Check: R code for possible problems
Result: NOTE
    getConnection: possible error in url(urltxt, ..., method = "libcurl"):
     unused argument (method = "libcurl")
Flavor: r-oldrel-windows-ix86+x86_64