CRAN Package Check Results for Package random

Last updated on 2014-09-19 08:49:37.

Flavor Version Tinstall Tcheck Ttotal Status Flags
r-devel-linux-x86_64-debian-clang 0.2.2 0.54 12.45 12.99 OK
r-devel-linux-x86_64-debian-gcc 0.2.2 0.48 11.79 12.27 OK
r-devel-linux-x86_64-fedora-clang 0.2.2 26.22 OK
r-devel-linux-x86_64-fedora-gcc 0.2.2 25.17 OK
r-devel-osx-x86_64-clang 0.2.2 31.61 OK
r-devel-windows-ix86+x86_64 0.2.2 2.00 23.00 25.00 OK
r-patched-linux-x86_64 0.2.2 0.49 11.90 12.39 OK
r-patched-solaris-sparc 0.2.2 143.80 OK
r-patched-solaris-x86 0.2.2 36.10 OK
r-release-linux-ix86 0.2.2 0.83 19.30 20.14 OK
r-release-linux-x86_64 0.2.2 0.52 12.18 12.70 OK
r-release-osx-x86_64-mavericks 0.2.2 NOTE
r-release-osx-x86_64-snowleopard 0.2.2 NOTE
r-release-windows-ix86+x86_64 0.2.2 3.00 31.00 34.00 OK
r-oldrel-windows-ix86+x86_64 0.2.2 2.00 36.00 38.00 OK

Check Details

Version: 0.2.2
Check: re-building of vignette outputs
Result: NOTE
    Error in re-building vignettes:
     ...
    Error in texi2dvi(file = file, pdf = TRUE, clean = clean, quiet = quiet, :
     Running 'texi2dvi' on 'random-essay.tex' failed.
    LaTeX errors:
    ! LaTeX Error: File `vmargin.sty' not found.
    
    Type X to quit or <RETURN> to proceed,
    or enter new name. (Default extension: sty)
    
    test/random/vignettes/random-essay.tex:4: ==> Fatal error occurred, no output
    PDF file produced!
    Calls: buildVignettes -> texi2pdf -> texi2dvi
    Execution halted
Flavor: r-release-osx-x86_64-mavericks

Version: 0.2.2
Check: re-building of vignette outputs
Result: NOTE
    Error in re-building vignettes:
     ...
    Error in texi2dvi(file = file, pdf = TRUE, clean = clean, quiet = quiet, :
     Running 'texi2dvi' on 'random-essay.tex' failed.
    LaTeX errors:
    ! LaTeX Error: File `vmargin.sty' not found.
    
    Type X to quit or <RETURN> to proceed,
    or enter new name. (Default extension: sty)
    
    random.Rcheck/vign_test/random/vignettes/random-essay.tex:4: ==> Fatal error o
    ccurred, no output PDF file produced!
    Calls: buildVignettes -> texi2pdf -> texi2dvi
    Execution halted
Flavor: r-release-osx-x86_64-snowleopard