CRAN Package Check Results for Package random

Last updated on 2017-09-20 19:47:29.

Flavor Version Tinstall Tcheck Ttotal Status Flags
r-devel-linux-x86_64-debian-clang 0.2.6 0.65 15.13 15.78 OK --no-tests
r-devel-linux-x86_64-debian-gcc 0.2.6 0.66 14.60 15.26 OK --no-tests
r-devel-linux-x86_64-fedora-clang 0.2.6 28.98 OK
r-devel-linux-x86_64-fedora-gcc 0.2.6 28.42 OK
r-devel-windows-ix86+x86_64 0.2.6 3.00 63.00 66.00 OK
r-patched-linux-x86_64 0.2.6 0.62 14.78 15.40 OK --no-tests
r-patched-solaris-x86 0.2.6 40.60 OK
r-release-linux-x86_64 0.2.6 0.77 14.70 15.47 OK --no-tests
r-release-windows-ix86+x86_64 0.2.6 3.00 47.00 50.00 OK
r-release-osx-x86_64 0.2.6 NOTE
r-oldrel-windows-ix86+x86_64 0.2.6 2.00 41.00 43.00 OK
r-oldrel-osx-x86_64 0.2.6 OK

Check Details

Version: 0.2.6
Check: re-building of vignette outputs
Result: NOTE
    Error in re-building vignettes:
     ...
    Error in texi2dvi(file = file, pdf = TRUE, clean = clean, quiet = quiet, :
     Running 'texi2dvi' on 'random-essay.tex' failed.
    LaTeX errors:
    ! LaTeX Error: File `vmargin.sty' not found.
    
    Type X to quit or <RETURN> to proceed,
    or enter new name. (Default extension: sty)
    
    ! Emergency stop.
    <read *>
    
    l.4 \setpapersize
     {USletter} % use USletter paper^^M
    ! ==> Fatal error occurred, no output PDF file produced!
    Calls: buildVignettes -> texi2pdf -> texi2dvi
    Execution halted
Flavor: r-release-osx-x86_64