CRAN Package Check Results for Package random

Last updated on 2016-06-29 22:47:36.

Flavor Version Tinstall Tcheck Ttotal Status Flags
r-devel-linux-x86_64-debian-gcc 0.2.5 0.51 19.32 19.83 OK
r-devel-linux-x86_64-fedora-clang 0.2.5 23.08 OK
r-devel-linux-x86_64-fedora-gcc 0.2.5 21.55 OK
r-devel-osx-x86_64-clang 0.2.5 21.70 OK
r-devel-windows-ix86+x86_64 0.2.5 2.00 49.00 51.00 ERROR
r-patched-linux-x86_64 0.2.5 0.60 19.78 20.38 OK
r-patched-solaris-sparc 0.2.5 124.70 OK
r-patched-solaris-x86 0.2.5 31.40 OK
r-release-linux-x86_64 0.2.5 0.58 17.97 18.55 OK
r-release-osx-x86_64-mavericks 0.2.5 OK
r-release-windows-ix86+x86_64 0.2.5 4.00 63.00 67.00 OK
r-oldrel-windows-ix86+x86_64 0.2.5 4.00 47.00 51.00 OK

Check Details

Version: 0.2.5
Check: tests
Result: ERROR
    Running the tests in 'tests/minimalTests.R' failed.
    Last 13 lines of output:
    
     Type 'demo()' for some demos, 'help()' for on-line help, or
     'help.start()' for an HTML browser interface to help.
     Type 'q()' to quit R.
    
     >
     > library(random)
     >
     > X <- randomNumbers()
     Error in url(urltxt, ..., method = "libcurl") : cannot open connection
     Calls: randomNumbers -> getConnection -> url
     In addition: Warning message:
     In url(urltxt, ..., method = "libcurl") :
     URL 'https://www.random.org/integers/?num=100&min=1&max=100&col=5&base=10&format=plain&rnd=new': status was '503 Service Unavailable'
     Execution halted
Flavor: r-devel-windows-ix86+x86_64