CRAN Package Check Results for Package random

Last updated on 2016-04-29 19:49:57.

Flavor Version Tinstall Tcheck Ttotal Status Flags
r-devel-linux-x86_64-debian-gcc 0.2.5 0.60 14.87 15.48 ERROR
r-devel-linux-x86_64-fedora-clang 0.2.5 22.98 OK
r-devel-linux-x86_64-fedora-gcc 0.2.5 21.83 OK
r-devel-osx-x86_64-clang 0.2.5 33.37 OK
r-devel-windows-ix86+x86_64 0.2.5 2.00 50.00 52.00 OK
r-patched-linux-x86_64 0.2.5 0.51 19.02 19.53 OK
r-patched-solaris-sparc 0.2.5 122.90 OK
r-patched-solaris-x86 0.2.5 31.30 OK
r-release-linux-x86_64 0.2.5 0.57 19.88 20.45 OK
r-release-osx-x86_64-mavericks 0.2.5 OK
r-release-windows-ix86+x86_64 0.2.5 2.00 47.00 49.00 OK
r-oldrel-windows-ix86+x86_64 0.2.5 4.00 50.00 54.00 NOTE

Check Details

Version: 0.2.5
Check: tests
Result: ERROR
    Running the tests in ‘tests/minimalTests.R’ failed.
    Last 13 lines of output:
     'help.start()' for an HTML browser interface to help.
     Type 'q()' to quit R.
    
     >
     > library(random)
     >
     > X <- randomNumbers()
     Error in url(urltxt, ..., method = "libcurl") : cannot open connection
     Calls: randomNumbers -> getConnection -> url
     In addition: Warning message:
     In url(urltxt, ..., method = "libcurl") :
     URL 'https://www.random.org/integers/?num=100&min=1&max=100&col=5&base=10&format=plain&rnd=new': status was '503 Service Unavailable'
     Execution halted
Flavor: r-devel-linux-x86_64-debian-gcc

Version: 0.2.5
Check: R code for possible problems
Result: NOTE
    getConnection: possible error in url(urltxt, ..., method = "libcurl"):
     unused argument (method = "libcurl")
Flavor: r-oldrel-windows-ix86+x86_64