CRAN Package Check Results for Package random

Last updated on 2015-07-28 17:48:34.

Flavor Version Tinstall Tcheck Ttotal Status Flags
r-devel-linux-x86_64-debian-clang 0.2.5 0.60 19.60 20.20 OK
r-devel-linux-x86_64-debian-gcc 0.2.5 0.51 19.13 19.64 OK
r-devel-linux-x86_64-fedora-clang 0.2.5 25.59 OK
r-devel-linux-x86_64-fedora-gcc 0.2.5 25.12 OK
r-devel-osx-x86_64-clang 0.2.5 31.86 OK
r-devel-windows-ix86+x86_64 0.2.5 3.00 48.00 51.00 ERROR
r-patched-linux-x86_64 0.2.5 0.52 20.63 21.16 OK
r-patched-solaris-sparc 0.2.5 170.50 OK
r-patched-solaris-x86 0.2.5 38.50 OK
r-release-linux-x86_64 0.2.5 0.55 19.63 20.18 OK
r-release-osx-x86_64-mavericks 0.2.5 OK
r-release-windows-ix86+x86_64 0.2.5 5.00 39.00 44.00 OK
r-oldrel-windows-ix86+x86_64 0.2.5 4.00 46.00 50.00 NOTE

Check Details

Version: 0.2.5
Check: tests
Result: ERROR
    Running the tests in 'tests/minimalTests.R' failed.
    Last 13 lines of output:
     'citation()' on how to cite R or R packages in publications.
    
     Type 'demo()' for some demos, 'help()' for on-line help, or
     'help.start()' for an HTML browser interface to help.
     Type 'q()' to quit R.
    
     >
     > library(random)
     >
     > X <- randomNumbers()
     Error in readLines(con) : Couldn't connect to server
     Calls: randomNumbers -> quotaCheck -> randomQuota -> readLines
     Execution halted
Flavor: r-devel-windows-ix86+x86_64

Version: 0.2.5
Check: R code for possible problems
Result: NOTE
    getConnection: possible error in url(urltxt, ..., method = "libcurl"):
     unused argument (method = "libcurl")
Flavor: r-oldrel-windows-ix86+x86_64