CRAN Package Check Results for Package random

Last updated on 2016-02-07 17:49:56.

Flavor Version Tinstall Tcheck Ttotal Status Flags
r-devel-linux-x86_64-debian-gcc 0.2.5 0.57 17.28 17.85 OK
r-devel-linux-x86_64-fedora-clang 0.2.5 23.35 OK
r-devel-linux-x86_64-fedora-gcc 0.2.5 21.70 OK
r-devel-osx-x86_64-clang 0.2.5 32.82 OK
r-devel-windows-ix86+x86_64 0.2.5 4.00 32.00 36.00 OK
r-patched-linux-x86_64 0.2.5 0.58 18.27 18.85 OK
r-patched-solaris-sparc 0.2.5 141.50 OK
r-patched-solaris-x86 0.2.5 33.30 OK
r-release-linux-x86_64 0.2.5 0.63 18.15 18.77 OK
r-release-osx-x86_64-mavericks 0.2.5 OK
r-release-windows-ix86+x86_64 0.2.5 4.00 48.00 52.00 OK
r-oldrel-windows-ix86+x86_64 0.2.5 4.00 34.00 38.00 NOTE

Check Details

Version: 0.2.5
Check: R code for possible problems
Result: NOTE
    getConnection: possible error in url(urltxt, ..., method = "libcurl"):
     unused argument (method = "libcurl")
Flavor: r-oldrel-windows-ix86+x86_64