CRAN Package Check Results for Package random.polychor.pa

Last updated on 2014-07-31 11:51:15.

Flavor Version Tinstall Tcheck Ttotal Status Flags
r-devel-linux-x86_64-debian-clang 1.1.3.6 0.88 16.50 17.39 OK
r-devel-linux-x86_64-debian-gcc 1.1.3.6 0.84 16.58 17.42 OK
r-devel-linux-x86_64-fedora-clang 1.1.3.6 40.36 OK
r-devel-linux-x86_64-fedora-gcc 1.1.3.6 36.96 OK
r-devel-osx-x86_64-clang 1.1.3.6 34.80 OK
r-devel-windows-ix86+x86_64 1.1.3.6 4.00 31.00 35.00 OK
r-patched-linux-x86_64 1.1.3.6 0.87 16.83 17.70 OK
r-patched-solaris-sparc 1.1.3.6 233.70 OK
r-patched-solaris-x86 1.1.3.6 52.80 OK
r-release-linux-ix86 1.1.3.6 1.28 25.25 26.53 OK
r-release-linux-x86_64 1.1.3.6 0.90 16.97 17.87 OK
r-release-osx-x86_64-mavericks 1.1.3.6 OK
r-release-osx-x86_64-snowleopard 1.1.3.6 WARN
r-release-windows-ix86+x86_64 1.1.3.6 8.00 45.00 53.00 OK
r-oldrel-windows-ix86+x86_64 1.1.3.6 8.00 45.00 53.00 OK

Check Details

Version: 1.1.3.6
Check: examples
Result: WARNING
    checking a package with encoding 'latin1' in an ASCII locale
    
     OK
Flavor: r-release-osx-x86_64-snowleopard