CRAN Package Check Results for Package random.polychor.pa

Last updated on 2015-07-28 06:48:03.

Flavor Version Tinstall Tcheck Ttotal Status Flags
r-devel-linux-x86_64-debian-clang 1.1.4-1 0.81 15.22 16.03 NOTE
r-devel-linux-x86_64-debian-gcc 1.1.4-1 0.75 15.31 16.06 NOTE
r-devel-linux-x86_64-fedora-clang 1.1.4-1 33.61 NOTE
r-devel-linux-x86_64-fedora-gcc 1.1.4-1 33.87 NOTE
r-devel-osx-x86_64-clang 1.1.4-1 27.51 OK
r-devel-windows-ix86+x86_64 1.1.4-1 4.00 30.00 34.00 NOTE
r-patched-linux-x86_64 1.1.4-1 0.80 15.58 16.38 OK
r-patched-solaris-sparc 1.1.4-1 226.20 OK
r-patched-solaris-x86 1.1.4-1 48.20 OK
r-release-linux-x86_64 1.1.4-1 0.79 15.26 16.05 OK
r-release-osx-x86_64-mavericks 1.1.4-1 OK
r-release-windows-ix86+x86_64 1.1.4-1 7.00 52.00 59.00 OK
r-oldrel-windows-ix86+x86_64 1.1.4-1 8.00 36.00 44.00 OK

Check Details

Version: 1.1.4-1
Check: R code for possible problems
Result: NOTE
    random.polychor.pa: no visible global function definition for
     ‘flush.console’
    random.polychor.pa: no visible global function definition for ‘na.omit’
    random.polychor.pa : sim.random.matrix: no visible global function
     definition for ‘runif’
    random.polychor.pa : sim.random.matrix: no visible global function
     definition for ‘rmultinom’
    random.polychor.pa : random.eigen.fa.distr: no visible global function
     definition for ‘cor’
    random.polychor.pa : random.eigen.fa.distr: no visible global function
     definition for ‘flush.console’
    random.polychor.pa : random.eigen.fa.distr: no visible global function
     definition for ‘sd’
    random.polychor.pa : random.eigen.fa.distr: no visible global function
     definition for ‘quantile’
    random.polychor.pa : random.eigen.pca.distr: no visible global function
     definition for ‘cor’
    random.polychor.pa : random.eigen.pca.distr: no visible global function
     definition for ‘flush.console’
    random.polychor.pa : random.eigen.pca.distr: no visible global function
     definition for ‘sd’
    random.polychor.pa : random.eigen.pca.distr: no visible global function
     definition for ‘quantile’
    random.polychor.pa : bootstrap.eigen.pear.fa: no visible global
     function definition for ‘cor’
    random.polychor.pa : bootstrap.eigen.pear.pca: no visible global
     function definition for ‘cor’
    random.polychor.pa: no visible global function definition for
     ‘capture.output’
    random.polychor.pa: no visible global function definition for
     ‘quantile’
    random.polychor.pa: no visible global function definition for ‘cor’
    random.polychor.pa: no visible global function definition for ‘par’
    random.polychor.pa: no visible global function definition for ‘plot’
    random.polychor.pa: no visible global function definition for ‘mtext’
    random.polychor.pa: no visible global function definition for ‘points’
    random.polychor.pa: no visible global function definition for ‘abline’
    random.polychor.pa: no visible global function definition for ‘legend’
    Undefined global functions or variables:
     abline capture.output cor flush.console legend mtext na.omit par plot
     points quantile rmultinom runif sd
    Consider adding
     importFrom("graphics", "abline", "legend", "mtext", "par", "plot",
     "points")
     importFrom("stats", "cor", "na.omit", "quantile", "rmultinom", "runif",
     "sd")
     importFrom("utils", "capture.output", "flush.console")
    to your NAMESPACE.
Flavors: r-devel-linux-x86_64-debian-clang, r-devel-linux-x86_64-debian-gcc, r-devel-linux-x86_64-fedora-clang, r-devel-linux-x86_64-fedora-gcc, r-devel-windows-ix86+x86_64