CRAN Package Check Results for Package random.polychor.pa

Last updated on 2014-04-25 05:47:22.

Flavor Version Tinstall Tcheck Ttotal Status Flags
r-devel-linux-x86_64-debian-clang 1.1.3.6 0.93 18.43 19.36 OK
r-devel-linux-x86_64-debian-gcc 1.1.3.6 0.94 18.51 19.45 OK
r-devel-linux-x86_64-fedora-clang 1.1.3.6 39.91 OK
r-devel-linux-x86_64-fedora-gcc 1.1.3.6 36.47 OK
r-devel-osx-x86_64-clang 1.1.3.6 39.23 OK
r-devel-osx-x86_64-gcc 1.1.3.6 OK
r-devel-windows-ix86+x86_64 1.1.3.6 4.00 29.00 33.00 OK
r-patched-linux-x86_64 1.1.3.6 0.98 18.42 19.39 OK
r-patched-solaris-sparc 1.1.3.6 218.70 OK
r-patched-solaris-x86 1.1.3.6 54.50 OK
r-release-linux-ix86 1.1.3.6 2.00 37.00 39.00 OK
r-release-linux-x86_64 1.1.3.6 0.96 18.41 19.37 OK
r-release-osx-x86_64-mavericks 1.1.3.6 WARN
r-release-osx-x86_64-snowleopard 1.1.3.6 WARN
r-release-windows-ix86+x86_64 1.1.3.6 5.00 32.00 37.00 OK
r-oldrel-windows-ix86+x86_64 1.1.3.6 5.00 32.00 37.00 OK

Check Details

Version: 1.1.3.6
Check: PDF version of manual
Result: WARNING
    LaTeX errors when creating PDF version.
    This typically indicates Rd problems.
    LaTeX errors found:
    ! LaTeX Error: File `upquote.sty' not found.
    
    Type X to quit or <RETURN> to proceed,
    or enter new name. (Default extension: sty)
    
    ef1a597/Rd2.tex:8: ==> Fatal error occurred, no output PDF file produced!
Flavor: r-release-osx-x86_64-mavericks

Version: 1.1.3.6
Check: examples
Result: WARNING
    checking a package with encoding 'latin1' in an ASCII locale
    
     OK
Flavor: r-release-osx-x86_64-snowleopard