CRAN Package Check Results for Package randomForestExplainer

Last updated on 2019-05-21 22:51:40 CEST.

Flavor Version Tinstall Tcheck Ttotal Status Flags
r-devel-linux-x86_64-debian-clang 0.9 6.24 121.30 127.54 OK
r-devel-linux-x86_64-debian-gcc 0.9 4.31 103.87 108.18 OK
r-devel-linux-x86_64-fedora-clang 0.9 144.76 NOTE
r-devel-linux-x86_64-fedora-gcc 0.9 127.95 NOTE
r-devel-windows-ix86+x86_64 0.9 12.00 154.00 166.00 OK
r-patched-linux-x86_64 0.9 5.29 115.75 121.04 OK
r-patched-solaris-x86 0.9 172.40 NOTE
r-release-linux-x86_64 0.9 5.72 114.48 120.20 OK
r-release-windows-ix86+x86_64 0.9 21.00 159.00 180.00 OK
r-release-osx-x86_64 0.9 NOTE
r-oldrel-windows-ix86+x86_64 0.9 6.00 109.00 115.00 OK
r-oldrel-osx-x86_64 0.9 NOTE

Check Details

Version: 0.9
Check: dependencies in R code
Result: NOTE
    Namespaces in Imports field not imported from:
     ‘MASS’ ‘dtplyr’
     All declared Imports should be used.
Flavors: r-devel-linux-x86_64-fedora-clang, r-devel-linux-x86_64-fedora-gcc, r-patched-solaris-x86, r-release-osx-x86_64, r-oldrel-osx-x86_64