CRAN Package Check Results for Package randomForestSRC

Last updated on 2017-01-23 18:47:30.

Flavor Version Tinstall Tcheck Ttotal Status Flags
r-devel-linux-x86_64-debian-clang 2.4.1 8.58 36.55 45.14 OK
r-devel-linux-x86_64-debian-gcc 2.4.1 9.44 35.73 45.17 OK
r-devel-linux-x86_64-fedora-clang 2.4.1 80.69 OK --no-stop-on-test-error
r-devel-linux-x86_64-fedora-gcc 2.4.1 79.33 OK --no-stop-on-test-error
r-devel-macos-x86_64-clang 2.4.1 62.43 OK --no-stop-on-test-error
r-devel-windows-ix86+x86_64 2.4.1 32.00 71.00 103.00 OK
r-patched-linux-x86_64 2.4.1 8.56 34.88 43.43 OK
r-patched-solaris-sparc 2.4.1 468.40 WARN
r-patched-solaris-x86 2.4.1 97.60 WARN
r-release-linux-x86_64 2.4.1 8.83 33.90 42.74 OK
r-release-osx-x86_64-mavericks 2.4.1 OK
r-release-windows-ix86+x86_64 2.4.1 52.00 88.00 140.00 OK
r-oldrel-windows-ix86+x86_64 2.4.1 49.00 123.00 172.00 OK

Check Details

Version: 2.4.1
Check: whether package can be installed
Result: WARN
    Found the following significant warnings:
     "randomForestSRC.c", line 11363: warning: improper pointer/integer combination: arg #2
Flavors: r-patched-solaris-sparc, r-patched-solaris-x86