CRAN Package Check Results for Package randomForestSRC

Last updated on 2017-02-25 17:47:43.

Flavor Version Tinstall Tcheck Ttotal Status Flags
r-devel-linux-x86_64-debian-clang 2.4.1 8.39 36.41 44.80 NOTE
r-devel-linux-x86_64-debian-gcc 2.4.1 9.45 35.95 45.40 NOTE
r-devel-linux-x86_64-fedora-clang 2.4.1 84.46 NOTE --no-stop-on-test-error
r-devel-linux-x86_64-fedora-gcc 2.4.1 79.76 NOTE --no-stop-on-test-error
r-devel-macos-x86_64-clang 2.4.1 63.84 NOTE --no-stop-on-test-error
r-devel-windows-ix86+x86_64 2.4.1 44.00 90.00 134.00 OK
r-patched-linux-x86_64 2.4.1 8.43 34.47 42.90 OK
r-patched-solaris-sparc 2.4.1 468.40 WARN
r-patched-solaris-x86 2.4.1 103.20 WARN
r-release-linux-x86_64 2.4.1 8.60 35.21 43.81 OK
r-release-osx-x86_64-mavericks 2.4.1 OK
r-release-windows-ix86+x86_64 2.4.1 44.00 90.00 134.00 OK
r-oldrel-windows-ix86+x86_64 2.4.1 44.00 65.00 109.00 OK

Check Details

Version: 2.4.1
Check: compiled code
Result: NOTE
    File ‘randomForestSRC/libs/randomForestSRC.so’:
     Found no calls to: ‘R_registerRoutines’, ‘R_useDynamicSymbols’
    
    It is good practice to register native routines and to disable symbol
    search.
    
    See ‘Writing portable packages’ in the ‘Writing R Extensions’ manual.
Flavors: r-devel-linux-x86_64-debian-clang, r-devel-linux-x86_64-debian-gcc

Version: 2.4.1
Flags: --no-stop-on-test-error
Check: compiled code
Result: NOTE
    File ‘randomForestSRC/libs/randomForestSRC.so’:
     Found no calls to: ‘R_registerRoutines’, ‘R_useDynamicSymbols’
    
    It is good practice to register native routines and to disable symbol
    search.
    
    See ‘Writing portable packages’ in the ‘Writing R Extensions’ manual.
Flavors: r-devel-linux-x86_64-fedora-clang, r-devel-linux-x86_64-fedora-gcc, r-devel-macos-x86_64-clang

Version: 2.4.1
Check: whether package can be installed
Result: WARN
    Found the following significant warnings:
     "randomForestSRC.c", line 11363: warning: improper pointer/integer combination: arg #2
Flavors: r-patched-solaris-sparc, r-patched-solaris-x86