CRAN Package Check Results for Package randomForestSRC

Last updated on 2017-04-26 03:48:30.

Flavor Version Tinstall Tcheck Ttotal Status Flags
r-devel-linux-x86_64-debian-clang 2.4.2 9.56 37.17 46.73 OK
r-devel-linux-x86_64-debian-gcc 2.4.2 9.78 37.15 46.93 OK
r-devel-linux-x86_64-fedora-clang 2.4.2 87.14 OK --no-stop-on-test-error
r-devel-linux-x86_64-fedora-gcc 2.4.2 83.58 OK --no-stop-on-test-error
r-devel-windows-ix86+x86_64 2.4.2 47.00 73.00 120.00 OK
r-patched-linux-x86_64 2.4.2 9.42 37.65 47.07 OK
r-patched-solaris-sparc 2.4.2 545.40 WARN
r-patched-solaris-x86 2.4.2 114.10 WARN
r-release-linux-x86_64 2.4.2 9.83 36.19 46.03 OK
r-release-windows-ix86+x86_64 2.4.2 36.00 66.00 102.00 OK
r-release-osx-x86_64 2.4.2 OK
r-oldrel-windows-ix86+x86_64 2.4.2 33.00 93.00 126.00 OK
r-oldrel-osx-x86_64 2.4.2 OK

Check Details

Version: 2.4.2
Check: whether package can be installed
Result: WARN
    Found the following significant warnings:
     "randomForestSRC.c", line 11794: warning: improper pointer/integer combination: arg #2
Flavors: r-patched-solaris-sparc, r-patched-solaris-x86