CRAN Package Check Results for Package randomForestSRC

Last updated on 2017-05-25 13:47:17.

Flavor Version Tinstall Tcheck Ttotal Status Flags
r-devel-linux-x86_64-debian-clang 2.4.2 9.71 37.37 47.07 OK
r-devel-linux-x86_64-debian-gcc 2.4.2 9.91 37.69 47.61 OK
r-devel-linux-x86_64-fedora-clang 2.4.2 86.06 OK --no-stop-on-test-error
r-devel-linux-x86_64-fedora-gcc 2.4.2 82.51 OK --no-stop-on-test-error
r-devel-windows-ix86+x86_64 2.4.2 35.00 72.00 107.00 OK
r-patched-linux-x86_64 2.4.2 9.17 36.38 45.55 OK
r-patched-solaris-sparc 2.4.2 545.40 WARN
r-patched-solaris-x86 2.4.2 112.80 WARN
r-release-linux-x86_64 2.4.2 9.33 36.15 45.48 OK
r-release-windows-ix86+x86_64 2.4.2 48.00 80.00 128.00 OK
r-release-osx-x86_64 2.4.2 OK
r-oldrel-windows-ix86+x86_64 2.4.2 44.00 85.00 129.00 OK
r-oldrel-osx-x86_64 2.4.2 OK

Additional issues

rchk

Check Details

Version: 2.4.2
Check: whether package can be installed
Result: WARN
    Found the following significant warnings:
     "randomForestSRC.c", line 11794: warning: improper pointer/integer combination: arg #2
Flavors: r-patched-solaris-sparc, r-patched-solaris-x86