CRAN Package Check Results for Package randomForestSRC

Last updated on 2015-05-28 23:47:54.

Flavor Version Tinstall Tcheck Ttotal Status Flags
r-devel-linux-x86_64-debian-clang 1.6.1 6.73 29.78 36.51 OK
r-devel-linux-x86_64-debian-gcc 1.6.1 9.47 28.56 38.04 OK
r-devel-linux-x86_64-fedora-clang 1.6.1 70.46 OK
r-devel-linux-x86_64-fedora-gcc 1.6.1 69.00 OK
r-devel-osx-x86_64-clang 1.6.1 55.88 OK
r-devel-windows-ix86+x86_64 1.6.1 48.00 50.00 98.00 OK
r-patched-linux-x86_64 1.6.1 9.02 29.38 38.40 OK
r-patched-solaris-sparc 1.6.1 438.10 OK
r-patched-solaris-x86 1.6.1 98.50 OK
r-release-linux-x86_64 1.6.1 9.16 29.20 38.35 OK
r-release-osx-x86_64-mavericks 1.6.1 OK
r-release-osx-x86_64-snowleopard 1.6.1 NOTE
r-release-windows-ix86+x86_64 1.6.1 48.00 49.00 97.00 OK
r-oldrel-windows-ix86+x86_64 1.6.1 48.00 58.00 106.00 OK

Check Details

Version: 1.6.1
Check: package dependencies
Result: NOTE
    Packages suggested but not available for checking: ‘XML’ ‘pec’ ‘Hmisc’
Flavor: r-release-osx-x86_64-snowleopard