CRAN Package Check Results for Package randomForestSRC

Last updated on 2016-05-28 06:47:20.

Flavor Version Tinstall Tcheck Ttotal Status Flags
r-devel-linux-x86_64-debian-gcc 2.2.0 8.77 32.31 41.08 OK
r-devel-linux-x86_64-fedora-clang 2.2.0 73.28 OK
r-devel-linux-x86_64-fedora-gcc 2.2.0 69.57 OK
r-devel-osx-x86_64-clang 2.2.0 80.84 OK
r-devel-windows-ix86+x86_64 2.2.0 31.00 67.00 98.00 OK
r-patched-linux-x86_64 2.2.0 8.22 32.46 40.69 OK
r-patched-solaris-sparc 2.2.0 476.50 WARN
r-patched-solaris-x86 2.2.0 98.40 WARN
r-release-linux-x86_64 2.2.0 8.19 32.13 40.32 OK
r-release-osx-x86_64-mavericks 2.2.0 OK
r-release-windows-ix86+x86_64 2.2.0 47.00 66.00 113.00 OK

Memtest notes: valgrind

Check Details

Version: 2.2.0
Check: whether package can be installed
Result: WARN
    Found the following significant warnings:
     "randomForestSRC.c", line 11245: warning: improper pointer/integer combination: arg #2
Flavors: r-patched-solaris-sparc, r-patched-solaris-x86