CRAN Package Check Results for Package randomForestSRC

Last updated on 2016-07-27 02:47:12.

Flavor Version Tinstall Tcheck Ttotal Status Flags
r-devel-linux-x86_64-debian-clang 2.2.0 9.57 37.31 46.89 OK
r-devel-linux-x86_64-debian-gcc 2.2.0 10.31 37.78 48.09 OK
r-devel-linux-x86_64-fedora-clang 2.2.0 73.22 OK
r-devel-linux-x86_64-fedora-gcc 2.2.0 68.78 OK
r-devel-osx-x86_64-clang 2.2.0 59.68 OK
r-devel-windows-ix86+x86_64 2.2.0 39.00 60.00 99.00 OK
r-patched-linux-x86_64 2.2.0 12.67 35.68 48.35 OK
r-patched-solaris-sparc 2.2.0 455.00 WARN
r-patched-solaris-x86 2.2.0 97.20 WARN
r-release-linux-x86_64 2.2.0 9.53 36.26 45.79 OK
r-release-osx-x86_64-mavericks 2.2.0 OK
r-release-windows-ix86+x86_64 2.2.0 38.00 61.00 99.00 OK
r-oldrel-windows-ix86+x86_64 2.2.0 36.00 94.00 130.00 OK

Memtest notes: valgrind

Check Details

Version: 2.2.0
Check: whether package can be installed
Result: WARN
    Found the following significant warnings:
     "randomForestSRC.c", line 11245: warning: improper pointer/integer combination: arg #2
Flavors: r-patched-solaris-sparc, r-patched-solaris-x86