CRAN Package Check Results for Package randomForestSRC

Last updated on 2014-04-17 06:46:56.

Flavor Version Tinstall Tcheck Ttotal Status Flags
r-devel-linux-x86_64-debian-clang 1.4 5.58 31.33 36.91 OK
r-devel-linux-x86_64-debian-gcc 1.4 9.34 32.10 41.43 OK
r-devel-linux-x86_64-fedora-clang 1.4 71.82 OK
r-devel-linux-x86_64-fedora-gcc 1.4 74.94 OK
r-devel-macosx-x86_64-clang 1.4 61.80 OK
r-devel-macosx-x86_64-gcc 1.4 NOTE
r-devel-windows-ix86+x86_64 1.4 43.00 47.00 90.00 OK
r-patched-linux-x86_64 1.4 8.91 32.14 41.05 OK
r-patched-solaris-sparc 1.4 430.30 OK
r-patched-solaris-x86 1.4 104.90 OK
r-release-linux-ix86 1.4 20.00 53.00 73.00 OK
r-release-linux-x86_64 1.4 8.74 31.56 40.29 OK
r-release-macosx-x86_64 1.4 OK
r-release-windows-ix86+x86_64 1.4 46.00 50.00 96.00 OK
r-oldrel-windows-ix86+x86_64 1.4 44.00 54.00 98.00 OK

Memtest notes: UBSAN

Check Details

Version: 1.4
Check: package dependencies
Result: NOTE
    Package suggested but not available for checking: ‘XML’
Flavor: r-devel-macosx-x86_64-gcc

Version: 1.4
Check: R code for possible problems
Result: NOTE
    getDataDictNode: no visible global function definition for ‘xmlNode’
    getDataDictNode: no visible global function definition for
     ‘append.XMLNode’
    rf2rfz: no visible global function definition for ‘xmlTreeParse’
    rf2rfz: no visible global function definition for ‘xmlRoot’
    rf2rfz: no visible global function definition for ‘append.XMLNode’
    rf2rfz: no visible global function definition for ‘saveXML’
Flavor: r-devel-macosx-x86_64-gcc