CRAN Package Check Results for Package randomForestSRC

Last updated on 2014-12-18 23:47:57.

Flavor Version Tinstall Tcheck Ttotal Status Flags
r-devel-linux-x86_64-debian-clang 1.5.5 5.64 31.28 36.92 WARN
r-devel-linux-x86_64-debian-gcc 1.5.5 8.78 29.61 38.39 WARN
r-devel-linux-x86_64-fedora-clang 1.5.5 74.43 WARN
r-devel-linux-x86_64-fedora-gcc 1.5.5 72.49 WARN
r-devel-osx-x86_64-clang 1.5.5 59.82 WARN
r-devel-windows-ix86+x86_64 1.5.5 63.00 55.00 118.00 WARN
r-patched-linux-x86_64 1.5.5 8.77 30.91 39.68 WARN
r-patched-solaris-sparc 1.5.5 451.30 WARN
r-patched-solaris-x86 1.5.5 105.70 WARN
r-release-linux-ix86 1.5.5 10.86 39.01 49.87 OK
r-release-linux-x86_64 1.5.5 8.67 30.94 39.61 OK
r-release-osx-x86_64-mavericks 1.5.5 OK
r-release-osx-x86_64-snowleopard 1.5.5 OK
r-release-windows-ix86+x86_64 1.5.5 46.00 56.00 102.00 OK
r-oldrel-windows-ix86+x86_64 1.4 45.00 51.00 96.00 OK

Check Details

Version: 1.5.5
Check: for unstated dependencies in examples
Result: WARN
    'library' or 'require' calls not declared from:
     ‘Hmisc’ ‘mlbench’ ‘pec’ ‘survival’
    'data(package=)' call not declared from: ‘survival’
Flavors: r-devel-linux-x86_64-debian-clang, r-devel-linux-x86_64-debian-gcc, r-devel-linux-x86_64-fedora-clang, r-devel-linux-x86_64-fedora-gcc, r-devel-osx-x86_64-clang, r-devel-windows-ix86+x86_64, r-patched-linux-x86_64, r-patched-solaris-sparc, r-patched-solaris-x86