CRAN Package Check Results for Package randomForestSRC

Last updated on 2016-06-30 21:46:53.

Flavor Version Tinstall Tcheck Ttotal Status Flags
r-devel-linux-x86_64-debian-gcc 2.2.0 9.74 34.44 44.18 OK
r-devel-linux-x86_64-fedora-clang 2.2.0 73.17 OK
r-devel-linux-x86_64-fedora-gcc 2.2.0 69.30 OK
r-devel-osx-x86_64-clang 2.2.0 59.62 OK
r-devel-windows-ix86+x86_64 2.2.0 29.00 85.00 114.00 OK
r-patched-linux-x86_64 2.2.0 9.33 35.64 44.97 OK
r-patched-solaris-sparc 2.2.0 455.00 WARN
r-patched-solaris-x86 2.2.0 98.50 WARN
r-release-linux-x86_64 2.2.0 8.47 33.45 41.93 OK
r-release-osx-x86_64-mavericks 2.2.0 OK
r-release-windows-ix86+x86_64 2.2.0 37.00 61.00 98.00 OK
r-oldrel-windows-ix86+x86_64 2.2.0 34.00 88.00 122.00 OK

Memtest notes: valgrind

Check Details

Version: 2.2.0
Check: whether package can be installed
Result: WARN
    Found the following significant warnings:
     "randomForestSRC.c", line 11245: warning: improper pointer/integer combination: arg #2
Flavors: r-patched-solaris-sparc, r-patched-solaris-x86