CRAN Package Check Results for Package randomForestSRC

Last updated on 2015-02-28 19:51:15.

Flavor Version Tinstall Tcheck Ttotal Status Flags
r-devel-linux-x86_64-debian-clang 1.6.0 6.02 32.44 38.45 NOTE
r-devel-linux-x86_64-debian-gcc 1.6.0 9.42 29.35 38.77 NOTE
r-devel-linux-x86_64-fedora-clang 1.6.0 70.48 NOTE
r-devel-linux-x86_64-fedora-gcc 1.6.0 67.77 NOTE
r-devel-osx-x86_64-clang 1.6.0 56.25 NOTE
r-devel-windows-ix86+x86_64 1.6.0 70.00 45.00 115.00 OK
r-patched-linux-x86_64 1.6.0 9.19 34.76 43.94 OK
r-patched-solaris-sparc 1.6.0 445.50 OK
r-patched-solaris-x86 1.6.0 107.70 OK
r-release-linux-ix86 1.6.0 11.67 43.34 55.01 OK
r-release-linux-x86_64 1.6.0 9.38 31.92 41.30 OK
r-release-osx-x86_64-mavericks 1.6.0 OK
r-release-osx-x86_64-snowleopard 1.6.0 OK
r-release-windows-ix86+x86_64 1.6.0 50.00 56.00 106.00 OK
r-oldrel-windows-ix86+x86_64 1.4 45.00 51.00 96.00 OK

Check Details

Version: 1.6.0
Check: S3 generic/method consistency
Result: NOTE
    Found the following apparent S3 methods exported but not registered:
     max.subtree max.subtree.rfsrc plot.competing.risk
     plot.competing.risk.rfsrc plot.survival plot.survival.rfsrc
     plot.variable plot.variable.rfsrc
    See section ‘Registering S3 methods’ in the ‘Writing R Extensions’
    manual.
Flavors: r-devel-linux-x86_64-debian-clang, r-devel-linux-x86_64-debian-gcc, r-devel-linux-x86_64-fedora-clang, r-devel-linux-x86_64-fedora-gcc, r-devel-osx-x86_64-clang