CRAN Package Check Results for Package randomForestSRC

Last updated on 2016-12-05 02:47:11.

Flavor Version Tinstall Tcheck Ttotal Status Flags
r-devel-linux-x86_64-debian-clang 2.4.1 8.47 37.25 45.72 OK
r-devel-linux-x86_64-debian-gcc 2.4.1 9.59 37.50 47.09 OK
r-devel-linux-x86_64-fedora-clang 2.4.1 84.46 OK --no-stop-on-test-error
r-devel-linux-x86_64-fedora-gcc 2.4.1 83.97 OK --no-stop-on-test-error
r-devel-macos-x86_64-clang 2.4.1 65.49 OK
r-devel-windows-ix86+x86_64 2.4.1 33.00 97.00 130.00 OK
r-patched-linux-x86_64 2.4.1 8.67 34.45 43.12 OK
r-patched-solaris-sparc 2.4.1 447.60 WARN
r-patched-solaris-x86 2.4.1 99.60 WARN
r-release-linux-x86_64 2.4.1 8.50 34.63 43.13 OK
r-release-osx-x86_64-mavericks 2.4.1 OK
r-release-windows-ix86+x86_64 2.4.1 42.00 67.00 109.00 OK
r-oldrel-windows-ix86+x86_64 2.4.1 28.00 68.00 96.00 OK

Check Details

Version: 2.4.1
Check: whether package can be installed
Result: WARN
    Found the following significant warnings:
     "randomForestSRC.c", line 11363: warning: improper pointer/integer combination: arg #2
Flavors: r-patched-solaris-sparc, r-patched-solaris-x86