CRAN Package Check Results for Package randomForestSRC

Last updated on 2017-07-25 07:47:05.

Flavor Version Tinstall Tcheck Ttotal Status Flags
r-devel-linux-x86_64-debian-clang 2.4.2 9.45 46.45 55.90 OK
r-devel-linux-x86_64-debian-gcc 2.4.2 11.56 44.89 56.44 OK
r-devel-linux-x86_64-fedora-clang 2.4.2 88.94 OK
r-devel-linux-x86_64-fedora-gcc 2.4.2 83.57 OK
r-devel-windows-ix86+x86_64 2.4.2 49.00 74.00 123.00 OK
r-patched-linux-x86_64 2.4.2 9.87 45.53 55.41 OK
r-patched-solaris-x86 2.4.2 115.40 WARN
r-release-linux-x86_64 2.4.2 9.85 46.34 56.19 OK
r-release-windows-ix86+x86_64 2.4.2 37.00 87.00 124.00 OK
r-release-osx-x86_64 2.4.2 OK
r-oldrel-windows-ix86+x86_64 2.4.2 37.00 65.00 102.00 OK
r-oldrel-osx-x86_64 2.4.2 OK

Additional issues

rchk

Check Details

Version: 2.4.2
Check: whether package can be installed
Result: WARN
    Found the following significant warnings:
     "randomForestSRC.c", line 11794: warning: improper pointer/integer combination: arg #2
Flavor: r-patched-solaris-x86