CRAN Package Check Results for Package randomForestSRC

Last updated on 2014-08-27 19:48:38.

Flavor Version Tinstall Tcheck Ttotal Status Flags
r-devel-linux-x86_64-debian-clang 1.5.5 5.41 29.72 35.14 OK
r-devel-linux-x86_64-debian-gcc 1.5.5 8.47 29.91 38.38 OK
r-devel-linux-x86_64-fedora-clang 1.5.5 38.72 OK
r-devel-linux-x86_64-fedora-gcc 1.5.5 45.42 OK
r-devel-osx-x86_64-clang 1.5.5 60.09 OK
r-devel-windows-ix86+x86_64 1.5.4 43.00 47.00 90.00 NOTE
r-patched-linux-x86_64 1.5.4 8.67 30.15 38.82 NOTE
r-patched-solaris-sparc 1.5.5 430.60 OK
r-patched-solaris-x86 1.5.5 95.30 OK
r-release-linux-ix86 1.5.4 11.28 40.98 52.26 OK
r-release-linux-x86_64 1.5.5 8.47 32.21 40.68 OK
r-release-osx-x86_64-mavericks 1.5.5 OK
r-release-osx-x86_64-snowleopard 1.5.4 OK
r-release-windows-ix86+x86_64 1.5.5 38.00 52.00 90.00 OK
r-oldrel-windows-ix86+x86_64 1.4 45.00 51.00 96.00 OK

Check Details

Version: 1.5.4
Check: dependencies in R code
Result: NOTE
    Package in Depends field not imported from: 'parallel'
     These packages need to be imported from (in the NAMESPACE file)
     for when this namespace is loaded but not attached.
    See the information on DESCRIPTION files in the chapter 'Creating R
    packages' of the 'Writing R Extensions' manual.
Flavors: r-devel-windows-ix86+x86_64, r-patched-linux-x86_64

Version: 1.5.4
Check: R code for possible problems
Result: NOTE
    check.factor: no visible global function definition for 'mclapply'
    extract.factor: no visible global function definition for 'mclapply'
    getDataDictNode: no visible global function definition for 'xmlNode'
    getDataDictNode: no visible global function definition for
     'append.XMLNode'
    map.factor: no visible global function definition for 'mclapply'
    max.subtree: no visible global function definition for 'mclapply'
    max.subtree.rfsrc: no visible global function definition for 'mclapply'
    plot.survival: no visible binding for global variable 'glmnet'
    plot.survival: no visible global function definition for 'mclapply'
    plot.survival : <anonymous>: no visible global function definition for
     'mclapply'
    plot.survival : <anonymous>: no visible global function definition for
     'cv.glmnet'
    plot.survival.rfsrc: no visible binding for global variable 'glmnet'
    plot.survival.rfsrc: no visible global function definition for
     'mclapply'
    plot.survival.rfsrc : <anonymous>: no visible global function
     definition for 'mclapply'
    plot.survival.rfsrc : <anonymous>: no visible global function
     definition for 'cv.glmnet'
    rf2rfz: no visible global function definition for 'xmlTreeParse'
    rf2rfz: no visible global function definition for 'xmlRoot'
    rf2rfz: no visible global function definition for 'append.XMLNode'
    rf2rfz: no visible global function definition for 'saveXML'
    rm.na.levels: no visible global function definition for 'mclapply'
    stat.split: no visible global function definition for 'mclapply'
    stat.split.rfsrc: no visible global function definition for 'mclapply'
Flavor: r-devel-windows-ix86+x86_64