CRAN Package Check Results for Package randomForestSRC

Last updated on 2015-07-28 15:48:18.

Flavor Version Tinstall Tcheck Ttotal Status Flags
r-devel-linux-x86_64-debian-clang 1.6.1 6.78 28.94 35.72 NOTE
r-devel-linux-x86_64-debian-gcc 1.6.1 9.66 29.29 38.94 NOTE
r-devel-linux-x86_64-fedora-clang 1.6.1 67.96 NOTE
r-devel-linux-x86_64-fedora-gcc 1.6.1 70.09 NOTE
r-devel-osx-x86_64-clang 1.6.1 52.25 OK
r-devel-windows-ix86+x86_64 1.6.1 47.00 55.00 102.00 NOTE
r-patched-linux-x86_64 1.6.1 9.43 29.30 38.73 OK
r-patched-solaris-sparc 1.6.1 440.80 OK
r-patched-solaris-x86 1.6.1 97.40 OK
r-release-linux-x86_64 1.6.1 9.31 30.74 40.05 OK
r-release-osx-x86_64-mavericks 1.6.1 OK
r-release-windows-ix86+x86_64 1.6.1 66.00 57.00 123.00 OK
r-oldrel-windows-ix86+x86_64 1.6.1 66.00 61.00 127.00 OK

Check Details

Version: 1.6.1
Check: R code for possible problems
Result: NOTE
    SD: no visible global function definition for ‘sd’
    available: no visible global function definition for
     ‘installed.packages’
    check.factor : <anonymous>: no visible global function definition for
     ‘na.omit’
    dot.chart.main: no visible global function definition for ‘par’
    dot.chart.main: no visible global function definition for ‘plot.new’
    dot.chart.main: no visible global function definition for ‘strwidth’
    dot.chart.main: no visible global function definition for ‘plot.window’
    dot.chart.main: no visible global function definition for ‘mtext’
    dot.chart.main: no visible global function definition for ‘abline’
    dot.chart.main: no visible global function definition for ‘points’
    dot.chart.main: no visible global function definition for ‘axis’
    dot.chart.main: no visible global function definition for ‘box’
    dot.chart.main: no visible global function definition for ‘title’
    dotChart: no visible global function definition for ‘par’
    dotChart: no visible global function definition for ‘segments’
    dotChart: no visible global function definition for ‘abline’
    extract.pred: no visible global function definition for ‘na.omit’
    finalizeData: no visible global function definition for ‘na.omit’
    generic.predict.rfsrc: no visible global function definition for
     ‘na.omit’
    get.event.info: no visible global function definition for ‘na.omit’
    get.grow.event.info: no visible global function definition for
     ‘na.omit’
    get.seed: no visible global function definition for ‘runif’
    impute.rfsrc: no visible global function definition for ‘as.formula’
    parseFormula: no visible global function definition for ‘formula’
    permute.rows: no visible global function definition for ‘runif’
    plot.competing.risk : matPlot: no visible global function definition
     for ‘matplot’
    plot.competing.risk: no visible global function definition for ‘par’
    plot.competing.risk.rfsrc : matPlot: no visible global function
     definition for ‘matplot’
    plot.competing.risk.rfsrc: no visible global function definition for
     ‘par’
    plot.err: no visible global function definition for ‘par’
    plot.err: no visible global function definition for ‘matplot’
    plot.err: no visible global function definition for ‘legend’
    plot.rfsrc: no visible global function definition for ‘par’
    plot.survival: no visible global function definition for ‘predict’
    plot.survival: no visible global function definition for ‘quantile’
    plot.survival : sggamma: no visible global function definition for
     ‘pgamma’
    plot.survival : sggamma: no visible global function definition for
     ‘plnorm’
    plot.survival : dggamma: no visible global function definition for
     ‘dlnorm’
    plot.survival : <anonymous>: no visible global function definition for
     ‘supsmu’
    plot.survival : <anonymous>: no visible global function definition for
     ‘optim’
    plot.survival : <anonymous>: no visible global function definition for
     ‘predict’
    plot.survival: no visible global function definition for ‘par’
    plot.survival: no visible global function definition for ‘matplot’
    plot.survival: no visible global function definition for ‘lines’
    plot.survival: no visible global function definition for ‘rug’
    plot.survival: no visible global function definition for ‘title’
    plot.survival: no visible global function definition for ‘matlines’
    plot.survival: no visible global function definition for ‘plot’
    plot.survival : <anonymous>: no visible global function definition for
     ‘lines’
    plot.survival: no visible global function definition for ‘text’
    plot.survival: no visible global function definition for ‘points’
    plot.survival: no visible global function definition for ‘supsmu’
    plot.survival : <anonymous>: no visible global function definition for
     ‘quantile’
    plot.survival.rfsrc: no visible global function definition for
     ‘predict’
    plot.survival.rfsrc: no visible global function definition for
     ‘quantile’
    plot.survival.rfsrc : sggamma: no visible global function definition
     for ‘pgamma’
    plot.survival.rfsrc : sggamma: no visible global function definition
     for ‘plnorm’
    plot.survival.rfsrc : dggamma: no visible global function definition
     for ‘dlnorm’
    plot.survival.rfsrc : <anonymous>: no visible global function
     definition for ‘supsmu’
    plot.survival.rfsrc : <anonymous>: no visible global function
     definition for ‘optim’
    plot.survival.rfsrc : <anonymous>: no visible global function
     definition for ‘predict’
    plot.survival.rfsrc: no visible global function definition for ‘par’
    plot.survival.rfsrc: no visible global function definition for
     ‘matplot’
    plot.survival.rfsrc: no visible global function definition for ‘lines’
    plot.survival.rfsrc: no visible global function definition for ‘rug’
    plot.survival.rfsrc: no visible global function definition for ‘title’
    plot.survival.rfsrc: no visible global function definition for
     ‘matlines’
    plot.survival.rfsrc: no visible global function definition for ‘plot’
    plot.survival.rfsrc : <anonymous>: no visible global function
     definition for ‘lines’
    plot.survival.rfsrc: no visible global function definition for ‘text’
    plot.survival.rfsrc: no visible global function definition for ‘points’
    plot.survival.rfsrc: no visible global function definition for ‘supsmu’
    plot.survival.rfsrc : <anonymous>: no visible global function
     definition for ‘quantile’
    plot.variable: no visible global function definition for ‘median’
    plot.variable : <anonymous>: no visible global function definition for
     ‘na.omit’
    plot.variable : <anonymous>: no visible global function definition for
     ‘sd’
    plot.variable: no visible global function definition for ‘par’
    plot.variable: no visible global function definition for ‘plot’
    plot.variable: no visible global function definition for ‘points’
    plot.variable: no visible global function definition for ‘lines’
    plot.variable: no visible global function definition for ‘lowess’
    plot.variable: no visible global function definition for ‘boxplot’
    plot.variable: no visible global function definition for ‘axis’
    plot.variable: no visible global function definition for ‘rug’
    plot.variable.rfsrc: no visible global function definition for ‘median’
    plot.variable.rfsrc : <anonymous>: no visible global function
     definition for ‘na.omit’
    plot.variable.rfsrc : <anonymous>: no visible global function
     definition for ‘sd’
    plot.variable.rfsrc: no visible global function definition for ‘par’
    plot.variable.rfsrc: no visible global function definition for ‘plot’
    plot.variable.rfsrc: no visible global function definition for ‘points’
    plot.variable.rfsrc: no visible global function definition for ‘lines’
    plot.variable.rfsrc: no visible global function definition for ‘lowess’
    plot.variable.rfsrc: no visible global function definition for
     ‘boxplot’
    plot.variable.rfsrc: no visible global function definition for ‘axis’
    plot.variable.rfsrc: no visible global function definition for ‘rug’
    print.rfsrc: no visible global function definition for ‘var’
    rf2rfz: no visible global function definition for ‘write.table’
    rfsrc: no visible global function definition for ‘as.formula’
    rfsrc: no visible global function definition for ‘na.omit’
    rfsrcSyn: no visible global function definition for ‘as.formula’
    rfsrcSyn : <anonymous>: no visible global function definition for
     ‘predict’
    rfsrcSyn: no visible global function definition for ‘predict’
    rfsrcSyn.rfsrc: no visible global function definition for ‘as.formula’
    rfsrcSyn.rfsrc : <anonymous>: no visible global function definition for
     ‘predict’
    rfsrcSyn.rfsrc: no visible global function definition for ‘predict’
    var.select: no visible global function definition for ‘as.formula’
    var.select: no visible global function definition for ‘na.omit’
    var.select: no visible global function definition for ‘predict’
    var.select.rfsrc: no visible global function definition for
     ‘as.formula’
    var.select.rfsrc: no visible global function definition for ‘na.omit’
    var.select.rfsrc: no visible global function definition for ‘predict’
    Undefined global functions or variables:
     abline as.formula axis box boxplot dlnorm formula installed.packages
     legend lines lowess matlines matplot median mtext na.omit optim par
     pgamma plnorm plot plot.new plot.window points predict quantile rug
     runif sd segments strwidth supsmu text title var write.table
    Consider adding
     importFrom("graphics", "abline", "axis", "box", "boxplot", "legend",
     "lines", "matlines", "matplot", "mtext", "par", "plot",
     "plot.new", "plot.window", "points", "rug", "segments",
     "strwidth", "text", "title")
     importFrom("stats", "as.formula", "dlnorm", "formula", "lowess",
     "median", "na.omit", "optim", "pgamma", "plnorm", "predict",
     "quantile", "runif", "sd", "supsmu", "var")
     importFrom("utils", "installed.packages", "write.table")
    to your NAMESPACE.
Flavors: r-devel-linux-x86_64-debian-clang, r-devel-linux-x86_64-debian-gcc, r-devel-linux-x86_64-fedora-clang, r-devel-linux-x86_64-fedora-gcc, r-devel-windows-ix86+x86_64