CRAN Package Check Results for Package randomForestSRC

Last updated on 2017-03-25 06:48:08.

Flavor Version Tinstall Tcheck Ttotal Status Flags
r-devel-linux-x86_64-debian-clang 2.4.2 9.65 37.06 46.71 OK
r-devel-linux-x86_64-debian-gcc 2.4.2 9.88 36.32 46.20 OK
r-devel-linux-x86_64-fedora-clang 2.4.2 85.27 OK --no-stop-on-test-error
r-devel-linux-x86_64-fedora-gcc 2.4.2 81.84 OK --no-stop-on-test-error
r-devel-macos-x86_64-clang 2.4.2 64.81 OK --no-stop-on-test-error
r-devel-windows-ix86+x86_64 2.4.2 38.00 78.00 116.00 OK
r-patched-linux-x86_64 2.4.2 8.80 34.84 43.64 OK
r-patched-solaris-sparc 2.4.2 545.40 WARN
r-patched-solaris-x86 2.4.2 114.20 WARN
r-release-linux-x86_64 2.4.2 9.21 34.26 43.47 OK
r-release-osx-x86_64-mavericks 2.4.2 OK
r-release-windows-ix86+x86_64 2.4.2 45.00 68.00 113.00 OK
r-oldrel-windows-ix86+x86_64 2.4.2 30.00 92.00 122.00 OK

Check Details

Version: 2.4.2
Check: whether package can be installed
Result: WARN
    Found the following significant warnings:
     "randomForestSRC.c", line 11794: warning: improper pointer/integer combination: arg #2
Flavors: r-patched-solaris-sparc, r-patched-solaris-x86