CRAN Package Check Results for Package randomForestSRC

Last updated on 2016-08-26 21:47:24.

Flavor Version Tinstall Tcheck Ttotal Status Flags
r-devel-linux-x86_64-debian-clang 2.2.0 8.24 34.29 42.53 OK
r-devel-linux-x86_64-debian-gcc 2.2.0 11.85 42.23 54.08 OK
r-devel-linux-x86_64-fedora-clang 2.2.0 73.31 OK
r-devel-linux-x86_64-fedora-gcc 2.2.0 70.16 OK
r-devel-osx-x86_64-clang 2.2.0 60.07 OK
r-devel-windows-ix86+x86_64 2.2.0 46.00 56.00 102.00 OK
r-patched-linux-x86_64 2.2.0 8.21 33.33 41.54 OK
r-patched-solaris-sparc 2.2.0 455.00 WARN
r-patched-solaris-x86 2.2.0 96.30 WARN
r-release-linux-x86_64 2.2.0 8.96 33.10 42.07 OK
r-release-osx-x86_64-mavericks 2.2.0 OK
r-release-windows-ix86+x86_64 2.2.0 40.00 63.00 103.00 OK
r-oldrel-windows-ix86+x86_64 2.2.0 27.00 94.00 121.00 OK

Memtest notes: valgrind

Check Details

Version: 2.2.0
Check: whether package can be installed
Result: WARN
    Found the following significant warnings:
     "randomForestSRC.c", line 11245: warning: improper pointer/integer combination: arg #2
Flavors: r-patched-solaris-sparc, r-patched-solaris-x86