CRAN Package Check Results for Package randomGLM

Last updated on 2014-07-30 20:48:50.

Flavor Version Tinstall Tcheck Ttotal Status Flags
r-devel-linux-x86_64-debian-clang 1.02-1 0.92 19.74 20.66 NOTE
r-devel-linux-x86_64-debian-gcc 1.02-1 1.07 19.80 20.87 NOTE
r-devel-linux-x86_64-fedora-clang 1.02-1 43.54 NOTE
r-devel-linux-x86_64-fedora-gcc 1.02-1 41.07 NOTE
r-devel-osx-x86_64-clang 1.02-1 39.13 NOTE
r-devel-windows-ix86+x86_64 1.02-1 4.00 34.00 38.00 OK
r-patched-linux-x86_64 1.02-1 0.94 20.73 21.68 NOTE
r-patched-solaris-sparc 1.02-1 252.40 OK
r-patched-solaris-x86 1.02-1 55.70 OK
r-release-linux-ix86 1.02-1 1.66 27.70 29.36 NOTE
r-release-linux-x86_64 1.02-1 0.97 20.25 21.22 NOTE
r-release-osx-x86_64-mavericks 1.02-1 NOTE
r-release-osx-x86_64-snowleopard 1.02-1 NOTE
r-release-windows-ix86+x86_64 1.02-1 4.00 34.00 38.00 OK
r-oldrel-windows-ix86+x86_64 1.02-1 7.00 48.00 55.00 OK

Check Details

Version: 1.02-1
Check: R code for possible problems
Result: NOTE
    Found the following assignments to the global environment:
    File randomGLM/R/randomGLM.R :
     assign(".randomGLMparallelCluster", cluster, pos = ".GlobalEnv")
Flavors: r-devel-linux-x86_64-debian-clang, r-devel-linux-x86_64-debian-gcc, r-devel-linux-x86_64-fedora-clang, r-devel-osx-x86_64-clang, r-patched-linux-x86_64, r-release-linux-ix86, r-release-linux-x86_64

Version: 1.02-1
Check: Rd line widths
Result: NOTE
    Rd file 'predict.randomGLM.Rd':
     \examples lines wider than 100 characters:
     RGLM = randomGLM(xTrain, yTrain, nCandidateCovariates=ncol(xTrain), nBags=30, keepModels = TRUE, nThreads = 1)
    
    Rd file 'randomGLM.Rd':
     \usage lines wider than 90 characters:
     # Multi-level classification options - only apply to classification with multi-level response
     \examples lines wider than 100 characters:
     RGLM = randomGLM(xTrain, yTrain, xTest, classify=FALSE, nCandidateCovariates=ncol(xTrain), nBags=10,
    
    Rd file 'thinRandomGLM.Rd':
     \examples lines wider than 100 characters:
     RGLM = randomGLM(xTrain, yTrain, nCandidateCovariates=ncol(xTrain), nBags=30, keepModels = TRUE, nThreads = 1)
    
    These lines will be truncated in the PDF manual.
Flavors: r-devel-linux-x86_64-fedora-clang, r-devel-linux-x86_64-fedora-gcc

Version: 1.02-1
Check: Rd cross-references
Result: NOTE
    Package unavailable to check Rd xrefs: WGCNA
Flavors: r-release-osx-x86_64-mavericks, r-release-osx-x86_64-snowleopard