CRAN Package Check Results for Package randomGLM

Last updated on 2014-04-21 01:48:10.

Flavor Version Tinstall Tcheck Ttotal Status Flags
r-devel-linux-x86_64-debian-clang 1.02-1 1.01 21.66 22.67 NOTE
r-devel-linux-x86_64-debian-gcc 1.02-1 1.00 22.66 23.66 NOTE
r-devel-linux-x86_64-fedora-clang 1.02-1 43.64 NOTE
r-devel-linux-x86_64-fedora-gcc 1.02-1 42.08 NOTE
r-devel-macosx-x86_64-clang 1.02-1 43.61 NOTE
r-devel-macosx-x86_64-gcc 1.02-1 NOTE
r-devel-windows-ix86+x86_64 1.02-1 3.00 32.00 35.00 OK
r-patched-linux-x86_64 1.02-1 1.11 22.89 24.00 NOTE
r-patched-solaris-sparc 1.02-1 235.60 OK
r-patched-solaris-x86 1.02-1 56.30 OK
r-release-linux-ix86 NOTE
r-release-linux-x86_64 1.02-1 1.08 21.66 22.74 NOTE
r-release-macosx-x86_64 1.02-1 NOTE
r-release-windows-ix86+x86_64 1.02-1 6.00 32.00 38.00 OK
r-oldrel-windows-ix86+x86_64 1.02-1 5.00 38.00 43.00 OK

Check Details

Version: 1.02-1
Check: R code for possible problems
Result: NOTE
    Found the following assignments to the global environment:
    File ‘randomGLM/R/randomGLM.R’:
     assign(".randomGLMparallelCluster", cluster, pos = ".GlobalEnv")
Flavors: r-devel-linux-x86_64-debian-clang, r-devel-linux-x86_64-debian-gcc, r-devel-linux-x86_64-fedora-clang, r-devel-macosx-x86_64-clang, r-patched-linux-x86_64, r-release-linux-ix86, r-release-linux-x86_64

Version: 1.02-1
Check: Rd line widths
Result: NOTE
    Rd file 'predict.randomGLM.Rd':
     \examples lines wider than 100 characters:
     RGLM = randomGLM(xTrain, yTrain, nCandidateCovariates=ncol(xTrain), nBags=30, keepModels = TRUE, nThreads = 1)
    
    Rd file 'randomGLM.Rd':
     \usage lines wider than 90 characters:
     # Multi-level classification options - only apply to classification with multi-level response
     \examples lines wider than 100 characters:
     RGLM = randomGLM(xTrain, yTrain, xTest, classify=FALSE, nCandidateCovariates=ncol(xTrain), nBags=10,
    
    Rd file 'thinRandomGLM.Rd':
     \examples lines wider than 100 characters:
     RGLM = randomGLM(xTrain, yTrain, nCandidateCovariates=ncol(xTrain), nBags=30, keepModels = TRUE, nThreads = 1)
    
    These lines will be truncated in the PDF manual.
Flavors: r-devel-linux-x86_64-fedora-clang, r-devel-linux-x86_64-fedora-gcc

Version: 1.02-1
Check: Rd cross-references
Result: NOTE
    Package unavailable to check Rd xrefs: ‘WGCNA’
Flavors: r-devel-macosx-x86_64-gcc, r-release-macosx-x86_64