CRAN Package Check Results for Package randomGLM

Last updated on 2016-05-30 06:46:58.

Flavor Version Tinstall Tcheck Ttotal Status Flags
r-devel-linux-x86_64-debian-gcc 1.02-1 0.81 17.61 18.42 NOTE
r-devel-linux-x86_64-fedora-clang 1.02-1 32.87 NOTE
r-devel-linux-x86_64-fedora-gcc 1.02-1 30.60 NOTE
r-devel-osx-x86_64-clang 1.02-1 37.93 NOTE
r-devel-windows-ix86+x86_64 1.02-1 3.00 38.00 41.00 NOTE
r-patched-linux-x86_64 1.02-1 0.88 18.15 19.03 NOTE
r-patched-solaris-sparc 1.02-1 203.40 NOTE
r-patched-solaris-x86 1.02-1 43.90 NOTE
r-release-linux-x86_64 1.02-1 0.85 17.03 17.87 NOTE
r-release-osx-x86_64-mavericks 1.02-1 NOTE
r-release-windows-ix86+x86_64 1.02-1 4.00 41.00 45.00 NOTE
r-oldrel-windows-ix86+x86_64 1.02-1 3.00 55.00 58.00 NOTE

Check Details

Version: 1.02-1
Check: DESCRIPTION meta-information
Result: NOTE
    Malformed Description field: should contain one or more complete sentences.
Flavors: r-devel-linux-x86_64-debian-gcc, r-devel-linux-x86_64-fedora-clang, r-devel-linux-x86_64-fedora-gcc, r-devel-osx-x86_64-clang, r-devel-windows-ix86+x86_64, r-patched-linux-x86_64, r-patched-solaris-sparc, r-patched-solaris-x86, r-release-linux-x86_64, r-release-osx-x86_64-mavericks, r-release-windows-ix86+x86_64, r-oldrel-windows-ix86+x86_64

Version: 1.02-1
Check: R code for possible problems
Result: NOTE
    .disableThreads: no visible global function definition for
     ‘stopCluster’
    .enableThreads: no visible global function definition for ‘detectCores’
    .enableThreads: no visible global function definition for
     ‘makePSOCKcluster’
    .enableThreads: no visible global function definition for
     ‘clusterExport’
    .enableThreads: no visible global function definition for ‘clusterCall’
    .forwardSelection: no visible binding for global variable ‘var’
    .forwardSelection: no visible global function definition for ‘glm’
    .forwardSelection: no visible global function definition for ‘formula’
    .forwardSelection: no visible global function definition for ‘binomial’
    .forwardSelection: no visible global function definition for ‘lm’
    .forwardSelection: no visible global function definition for ‘predict’
    .predict.internal: no visible global function definition for ‘predict’
    randomGLM: no visible binding for global variable ‘cor’
    randomGLM: no visible binding for global variable ‘sd’
    randomGLM: no visible global function definition for ‘var’
    thinRandomGLM: no visible global function definition for ‘glm’
    thinRandomGLM: no visible global function definition for ‘binomial’
    thinRandomGLM: no visible global function definition for ‘lm’
    Undefined global functions or variables:
     binomial clusterCall clusterExport cor detectCores formula glm lm
     makePSOCKcluster predict sd stopCluster var
    Consider adding
     importFrom("stats", "binomial", "cor", "formula", "glm", "lm",
     "predict", "sd", "var")
    to your NAMESPACE file.
    
    Found the following assignments to the global environment:
    File ‘randomGLM/R/randomGLM.R’:
     assign(".randomGLMparallelCluster", cluster, pos = ".GlobalEnv")
Flavors: r-devel-linux-x86_64-debian-gcc, r-devel-linux-x86_64-fedora-clang, r-devel-osx-x86_64-clang, r-patched-linux-x86_64, r-release-linux-x86_64

Version: 1.02-1
Check: Rd line widths
Result: NOTE
    Rd file 'predict.randomGLM.Rd':
     \examples lines wider than 100 characters:
     RGLM = randomGLM(xTrain, yTrain, nCandidateCovariates=ncol(xTrain), nBags=30, keepModels = TRUE, nThreads = 1)
    
    Rd file 'randomGLM.Rd':
     \usage lines wider than 90 characters:
     # Multi-level classification options - only apply to classification with multi-level response
     \examples lines wider than 100 characters:
     RGLM = randomGLM(xTrain, yTrain, xTest, classify=FALSE, nCandidateCovariates=ncol(xTrain), nBags=10,
    
    Rd file 'thinRandomGLM.Rd':
     \examples lines wider than 100 characters:
     RGLM = randomGLM(xTrain, yTrain, nCandidateCovariates=ncol(xTrain), nBags=30, keepModels = TRUE, nThreads = 1)
    
    These lines will be truncated in the PDF manual.
Flavors: r-devel-linux-x86_64-debian-gcc, r-devel-linux-x86_64-fedora-clang, r-devel-linux-x86_64-fedora-gcc, r-patched-linux-x86_64, r-release-linux-x86_64

Version: 1.02-1
Check: R code for possible problems
Result: NOTE
    .disableThreads: no visible global function definition for
     ‘stopCluster’
    .enableThreads: no visible global function definition for ‘detectCores’
    .enableThreads: no visible global function definition for
     ‘makePSOCKcluster’
    .enableThreads: no visible global function definition for
     ‘clusterExport’
    .enableThreads: no visible global function definition for ‘clusterCall’
    .forwardSelection: no visible binding for global variable ‘var’
    .forwardSelection: no visible global function definition for ‘glm’
    .forwardSelection: no visible global function definition for ‘formula’
    .forwardSelection: no visible global function definition for ‘binomial’
    .forwardSelection: no visible global function definition for ‘lm’
    .forwardSelection: no visible global function definition for ‘predict’
    .predict.internal: no visible global function definition for ‘predict’
    randomGLM: no visible binding for global variable ‘cor’
    randomGLM: no visible binding for global variable ‘sd’
    randomGLM: no visible global function definition for ‘var’
    thinRandomGLM: no visible global function definition for ‘glm’
    thinRandomGLM: no visible global function definition for ‘binomial’
    thinRandomGLM: no visible global function definition for ‘lm’
    Undefined global functions or variables:
     binomial clusterCall clusterExport cor detectCores formula glm lm
     makePSOCKcluster predict sd stopCluster var
    Consider adding
     importFrom("stats", "binomial", "cor", "formula", "glm", "lm",
     "predict", "sd", "var")
    to your NAMESPACE file.
Flavors: r-devel-linux-x86_64-fedora-gcc, r-devel-windows-ix86+x86_64, r-patched-solaris-sparc, r-patched-solaris-x86, r-release-osx-x86_64-mavericks, r-release-windows-ix86+x86_64

Version: 1.02-1
Check: R code for possible problems
Result: NOTE
    .disableThreads: no visible global function definition for
     'stopCluster'
    .enableThreads: no visible global function definition for 'detectCores'
    .enableThreads: no visible global function definition for
     'makePSOCKcluster'
    .enableThreads: no visible global function definition for
     'clusterExport'
    .enableThreads: no visible global function definition for 'clusterCall'
Flavor: r-oldrel-windows-ix86+x86_64