CRAN Package Check Results for Package randomGLM

Last updated on 2015-04-19 09:55:45.

Flavor Version Tinstall Tcheck Ttotal Status Flags
r-devel-linux-x86_64-debian-clang 1.02-1 0.86 17.86 18.73 NOTE
r-devel-linux-x86_64-debian-gcc 1.02-1 0.85 17.69 18.54 NOTE
r-devel-linux-x86_64-fedora-clang 1.02-1 35.88 NOTE
r-devel-linux-x86_64-fedora-gcc 1.02-1 34.06 NOTE
r-devel-osx-x86_64-clang 1.02-1 32.99 NOTE
r-devel-windows-ix86+x86_64 1.02-1 4.00 32.00 36.00 NOTE
r-patched-linux-x86_64 1.02-1 1.03 18.30 19.33 NOTE
r-patched-solaris-sparc 1.02-1 228.40 NOTE
r-patched-solaris-x86 1.02-1 48.10 NOTE
r-release-linux-x86_64 1.02-1 0.83 18.48 19.31 NOTE
r-release-osx-x86_64-mavericks 1.02-1 NOTE
r-release-osx-x86_64-snowleopard 1.02-1 NOTE
r-release-windows-ix86+x86_64 1.02-1 2.00 28.00 30.00 NOTE
r-oldrel-windows-ix86+x86_64 1.02-1 5.00 49.00 54.00 OK

Check Details

Version: 1.02-1
Check: DESCRIPTION meta-information
Result: NOTE
    Malformed Description field: should contain one or more complete sentences.
Flavors: r-devel-linux-x86_64-debian-clang, r-devel-linux-x86_64-debian-gcc, r-devel-linux-x86_64-fedora-clang, r-devel-linux-x86_64-fedora-gcc, r-devel-osx-x86_64-clang, r-devel-windows-ix86+x86_64, r-patched-linux-x86_64, r-patched-solaris-sparc, r-patched-solaris-x86, r-release-linux-x86_64, r-release-osx-x86_64-mavericks, r-release-osx-x86_64-snowleopard, r-release-windows-ix86+x86_64

Version: 1.02-1
Check: R code for possible problems
Result: NOTE
    .disableThreads: no visible global function definition for
     ‘stopCluster’
    .enableThreads: no visible global function definition for ‘detectCores’
    .enableThreads: no visible global function definition for
     ‘makePSOCKcluster’
    .enableThreads: no visible global function definition for
     ‘clusterExport’
    .enableThreads: no visible global function definition for ‘clusterCall’
    
    Found the following assignments to the global environment:
    File ‘randomGLM/R/randomGLM.R’:
     assign(".randomGLMparallelCluster", cluster, pos = ".GlobalEnv")
Flavors: r-devel-linux-x86_64-debian-clang, r-devel-linux-x86_64-debian-gcc, r-devel-linux-x86_64-fedora-clang, r-devel-osx-x86_64-clang, r-patched-linux-x86_64, r-release-linux-x86_64

Version: 1.02-1
Check: Rd line widths
Result: NOTE
    Rd file 'predict.randomGLM.Rd':
     \examples lines wider than 100 characters:
     RGLM = randomGLM(xTrain, yTrain, nCandidateCovariates=ncol(xTrain), nBags=30, keepModels = TRUE, nThreads = 1)
    
    Rd file 'randomGLM.Rd':
     \usage lines wider than 90 characters:
     # Multi-level classification options - only apply to classification with multi-level response
     \examples lines wider than 100 characters:
     RGLM = randomGLM(xTrain, yTrain, xTest, classify=FALSE, nCandidateCovariates=ncol(xTrain), nBags=10,
    
    Rd file 'thinRandomGLM.Rd':
     \examples lines wider than 100 characters:
     RGLM = randomGLM(xTrain, yTrain, nCandidateCovariates=ncol(xTrain), nBags=30, keepModels = TRUE, nThreads = 1)
    
    These lines will be truncated in the PDF manual.
Flavors: r-devel-linux-x86_64-debian-clang, r-devel-linux-x86_64-debian-gcc, r-devel-linux-x86_64-fedora-clang, r-devel-linux-x86_64-fedora-gcc, r-patched-linux-x86_64, r-release-linux-x86_64

Version: 1.02-1
Check: R code for possible problems
Result: NOTE
    .disableThreads: no visible global function definition for
     ‘stopCluster’
    .enableThreads: no visible global function definition for ‘detectCores’
    .enableThreads: no visible global function definition for
     ‘makePSOCKcluster’
    .enableThreads: no visible global function definition for
     ‘clusterExport’
    .enableThreads: no visible global function definition for ‘clusterCall’
Flavors: r-devel-linux-x86_64-fedora-gcc, r-devel-windows-ix86+x86_64, r-patched-solaris-sparc, r-patched-solaris-x86, r-release-osx-x86_64-mavericks, r-release-osx-x86_64-snowleopard, r-release-windows-ix86+x86_64

Version: 1.02-1
Check: Rd cross-references
Result: NOTE
    Package unavailable to check Rd xrefs: ‘WGCNA’
Flavors: r-release-osx-x86_64-mavericks, r-release-osx-x86_64-snowleopard