CRAN Package Check Results for Package randomGLM

Last updated on 2015-07-01 06:48:49.

Flavor Version Tinstall Tcheck Ttotal Status Flags
r-devel-linux-x86_64-debian-clang 1.02-1 0.82 17.12 17.94 NOTE
r-devel-linux-x86_64-debian-gcc 1.02-1 0.78 16.64 17.42 NOTE
r-devel-linux-x86_64-fedora-clang 1.02-1 34.61 NOTE
r-devel-linux-x86_64-fedora-gcc 1.02-1 32.66 NOTE
r-devel-osx-x86_64-clang 1.02-1 34.80 NOTE
r-devel-windows-ix86+x86_64 1.02-1 5.00 29.00 34.00 NOTE
r-patched-linux-x86_64 1.02-1 0.90 16.98 17.88 NOTE
r-patched-solaris-sparc 1.02-1 229.00 NOTE
r-patched-solaris-x86 1.02-1 48.40 NOTE
r-release-linux-x86_64 1.02-1 0.81 17.96 18.77 NOTE
r-release-osx-x86_64-mavericks 1.02-1 NOTE
r-release-windows-ix86+x86_64 1.02-1 3.00 29.00 32.00 NOTE
r-oldrel-windows-ix86+x86_64 1.02-1 5.00 36.00 41.00 NOTE

Check Details

Version: 1.02-1
Check: DESCRIPTION meta-information
Result: NOTE
    Malformed Description field: should contain one or more complete sentences.
Flavors: r-devel-linux-x86_64-debian-clang, r-devel-linux-x86_64-debian-gcc, r-devel-linux-x86_64-fedora-clang, r-devel-linux-x86_64-fedora-gcc, r-devel-osx-x86_64-clang, r-devel-windows-ix86+x86_64, r-patched-linux-x86_64, r-patched-solaris-sparc, r-patched-solaris-x86, r-release-linux-x86_64, r-release-osx-x86_64-mavericks, r-release-windows-ix86+x86_64

Version: 1.02-1
Check: R code for possible problems
Result: NOTE
    .disableThreads: no visible global function definition for
     ‘stopCluster’
    .enableThreads: no visible global function definition for ‘detectCores’
    .enableThreads: no visible global function definition for
     ‘makePSOCKcluster’
    .enableThreads: no visible global function definition for
     ‘clusterExport’
    .enableThreads: no visible global function definition for ‘clusterCall’
    .forwardSelection: no visible binding for global variable ‘var’
    .forwardSelection: no visible global function definition for ‘glm’
    .forwardSelection: no visible global function definition for ‘formula’
    .forwardSelection: Error while checking: invalid ‘envir’ argument
    .predict.internal: no visible global function definition for ‘predict’
    randomGLM: no visible binding for global variable ‘cor’
    randomGLM: no visible binding for global variable ‘sd’
    randomGLM: no visible global function definition for ‘var’
    thinRandomGLM: no visible global function definition for ‘glm’
    thinRandomGLM: Error while checking: invalid ‘envir’ argument
    
    Found the following assignments to the global environment:
    File ‘randomGLM/R/randomGLM.R’:
     assign(".randomGLMparallelCluster", cluster, pos = ".GlobalEnv")
Flavors: r-devel-linux-x86_64-debian-clang, r-devel-linux-x86_64-debian-gcc, r-devel-linux-x86_64-fedora-clang

Version: 1.02-1
Check: Rd line widths
Result: NOTE
    Rd file 'predict.randomGLM.Rd':
     \examples lines wider than 100 characters:
     RGLM = randomGLM(xTrain, yTrain, nCandidateCovariates=ncol(xTrain), nBags=30, keepModels = TRUE, nThreads = 1)
    
    Rd file 'randomGLM.Rd':
     \usage lines wider than 90 characters:
     # Multi-level classification options - only apply to classification with multi-level response
     \examples lines wider than 100 characters:
     RGLM = randomGLM(xTrain, yTrain, xTest, classify=FALSE, nCandidateCovariates=ncol(xTrain), nBags=10,
    
    Rd file 'thinRandomGLM.Rd':
     \examples lines wider than 100 characters:
     RGLM = randomGLM(xTrain, yTrain, nCandidateCovariates=ncol(xTrain), nBags=30, keepModels = TRUE, nThreads = 1)
    
    These lines will be truncated in the PDF manual.
Flavors: r-devel-linux-x86_64-debian-clang, r-devel-linux-x86_64-debian-gcc, r-devel-linux-x86_64-fedora-clang, r-devel-linux-x86_64-fedora-gcc, r-patched-linux-x86_64, r-release-linux-x86_64

Version: 1.02-1
Check: R code for possible problems
Result: NOTE
    .disableThreads: no visible global function definition for
     ‘stopCluster’
    .enableThreads: no visible global function definition for ‘detectCores’
    .enableThreads: no visible global function definition for
     ‘makePSOCKcluster’
    .enableThreads: no visible global function definition for
     ‘clusterExport’
    .enableThreads: no visible global function definition for ‘clusterCall’
    .forwardSelection: no visible binding for global variable ‘var’
    .forwardSelection: no visible global function definition for ‘glm’
    .forwardSelection: no visible global function definition for ‘formula’
    .forwardSelection: Error while checking: invalid 'envir' argument
    .predict.internal: no visible global function definition for ‘predict’
    randomGLM: no visible binding for global variable ‘cor’
    randomGLM: no visible binding for global variable ‘sd’
    randomGLM: no visible global function definition for ‘var’
    thinRandomGLM: no visible global function definition for ‘glm’
    thinRandomGLM: Error while checking: invalid 'envir' argument
Flavors: r-devel-linux-x86_64-fedora-gcc, r-devel-windows-ix86+x86_64

Version: 1.02-1
Check: R code for possible problems
Result: NOTE
    .disableThreads: no visible global function definition for
     ‘stopCluster’
    .enableThreads: no visible global function definition for ‘detectCores’
    .enableThreads: no visible global function definition for
     ‘makePSOCKcluster’
    .enableThreads: no visible global function definition for
     ‘clusterExport’
    .enableThreads: no visible global function definition for ‘clusterCall’
    
    Found the following assignments to the global environment:
    File ‘randomGLM/R/randomGLM.R’:
     assign(".randomGLMparallelCluster", cluster, pos = ".GlobalEnv")
Flavors: r-devel-osx-x86_64-clang, r-patched-linux-x86_64, r-release-linux-x86_64

Version: 1.02-1
Check: R code for possible problems
Result: NOTE
    .disableThreads: no visible global function definition for
     ‘stopCluster’
    .enableThreads: no visible global function definition for ‘detectCores’
    .enableThreads: no visible global function definition for
     ‘makePSOCKcluster’
    .enableThreads: no visible global function definition for
     ‘clusterExport’
    .enableThreads: no visible global function definition for ‘clusterCall’
Flavors: r-patched-solaris-sparc, r-patched-solaris-x86, r-release-osx-x86_64-mavericks, r-release-windows-ix86+x86_64, r-oldrel-windows-ix86+x86_64

Version: 1.02-1
Check: Rd cross-references
Result: NOTE
    Package unavailable to check Rd xrefs: ‘WGCNA’
Flavor: r-release-osx-x86_64-mavericks