CRAN Package Check Results for Package randomGLM

Last updated on 2014-11-22 11:49:19.

Flavor Version Tinstall Tcheck Ttotal Status Flags
r-devel-linux-x86_64-debian-clang 1.02-1 1.17 19.69 20.86 NOTE
r-devel-linux-x86_64-debian-gcc 1.02-1 0.92 19.79 20.71 NOTE
r-devel-linux-x86_64-fedora-clang 1.02-1 44.59 NOTE
r-devel-linux-x86_64-fedora-gcc 1.02-1 39.98 NOTE
r-devel-osx-x86_64-clang 1.02-1 38.87 NOTE
r-devel-windows-ix86+x86_64 1.02-1 4.00 42.00 46.00 NOTE
r-patched-linux-x86_64 1.02-1 1.00 21.11 22.12 NOTE
r-patched-solaris-sparc 1.02-1 237.00 NOTE
r-patched-solaris-x86 1.02-1 58.00 NOTE
r-release-linux-ix86 1.02-1 1.65 25.87 27.52 NOTE
r-release-linux-x86_64 1.02-1 0.96 23.68 24.64 NOTE
r-release-osx-x86_64-mavericks 1.02-1 NOTE
r-release-osx-x86_64-snowleopard 1.02-1 NOTE
r-release-windows-ix86+x86_64 1.02-1 4.00 35.00 39.00 NOTE
r-oldrel-windows-ix86+x86_64 1.02-1 6.00 47.00 53.00 OK

Check Details

Version: 1.02-1
Check: R code for possible problems
Result: NOTE
    .disableThreads: no visible global function definition for
     ‘stopCluster’
    .enableThreads: no visible global function definition for ‘detectCores’
    .enableThreads: no visible global function definition for
     ‘makePSOCKcluster’
    .enableThreads: no visible global function definition for
     ‘clusterExport’
    .enableThreads: no visible global function definition for ‘clusterCall’
    
    Found the following assignments to the global environment:
    File ‘randomGLM/R/randomGLM.R’:
     assign(".randomGLMparallelCluster", cluster, pos = ".GlobalEnv")
Flavors: r-devel-linux-x86_64-debian-clang, r-devel-linux-x86_64-debian-gcc, r-devel-linux-x86_64-fedora-clang, r-devel-osx-x86_64-clang, r-patched-linux-x86_64, r-release-linux-ix86, r-release-linux-x86_64

Version: 1.02-1
Check: Rd line widths
Result: NOTE
    Rd file 'predict.randomGLM.Rd':
     \examples lines wider than 100 characters:
     RGLM = randomGLM(xTrain, yTrain, nCandidateCovariates=ncol(xTrain), nBags=30, keepModels = TRUE, nThreads = 1)
    
    Rd file 'randomGLM.Rd':
     \usage lines wider than 90 characters:
     # Multi-level classification options - only apply to classification with multi-level response
     \examples lines wider than 100 characters:
     RGLM = randomGLM(xTrain, yTrain, xTest, classify=FALSE, nCandidateCovariates=ncol(xTrain), nBags=10,
    
    Rd file 'thinRandomGLM.Rd':
     \examples lines wider than 100 characters:
     RGLM = randomGLM(xTrain, yTrain, nCandidateCovariates=ncol(xTrain), nBags=30, keepModels = TRUE, nThreads = 1)
    
    These lines will be truncated in the PDF manual.
Flavors: r-devel-linux-x86_64-debian-clang, r-devel-linux-x86_64-debian-gcc, r-devel-linux-x86_64-fedora-clang, r-devel-linux-x86_64-fedora-gcc, r-patched-linux-x86_64, r-release-linux-x86_64

Version: 1.02-1
Check: R code for possible problems
Result: NOTE
    .disableThreads: no visible global function definition for
     ‘stopCluster’
    .enableThreads: no visible global function definition for ‘detectCores’
    .enableThreads: no visible global function definition for
     ‘makePSOCKcluster’
    .enableThreads: no visible global function definition for
     ‘clusterExport’
    .enableThreads: no visible global function definition for ‘clusterCall’
Flavors: r-devel-linux-x86_64-fedora-gcc, r-devel-windows-ix86+x86_64, r-patched-solaris-sparc, r-patched-solaris-x86, r-release-windows-ix86+x86_64

Version: 1.02-1
Check: Rd cross-references
Result: NOTE
    Package unavailable to check Rd xrefs: ‘WGCNA’
Flavors: r-release-osx-x86_64-mavericks, r-release-osx-x86_64-snowleopard