CRAN Package Check Results for Package randomNames

Last updated on 2014-12-18 11:50:13.

Flavor Version Tinstall Tcheck Ttotal Status Flags
r-devel-linux-x86_64-debian-clang 0.0-6 1.82 18.82 20.64 NOTE
r-devel-linux-x86_64-debian-gcc 0.0-6 1.74 18.37 20.11 NOTE
r-devel-linux-x86_64-fedora-clang 0.0-6 46.21 NOTE
r-devel-linux-x86_64-fedora-gcc 0.0-6 40.02 NOTE
r-devel-osx-x86_64-clang 0.0-6 39.68 NOTE
r-devel-windows-ix86+x86_64 0.0-6 5.00 31.00 36.00 NOTE
r-patched-linux-x86_64 0.0-6 1.94 18.62 20.57 NOTE
r-patched-solaris-sparc 0.0-6 241.10 NOTE
r-patched-solaris-x86 0.0-6 61.30 NOTE
r-release-linux-ix86 0.0-6 2.34 25.30 27.64 NOTE
r-release-linux-x86_64 0.0-6 1.86 18.58 20.44 NOTE
r-release-osx-x86_64-mavericks 0.0-6 OK
r-release-osx-x86_64-snowleopard 0.0-6 OK
r-release-windows-ix86+x86_64 0.0-6 7.00 32.00 39.00 NOTE
r-oldrel-windows-ix86+x86_64 0.0-6 6.00 34.00 40.00 OK

Check Details

Version: 0.0-6
Check: R code for possible problems
Result: NOTE
    randomNames : first_names: no visible binding for global variable
     ‘randomNamesData’
    randomNames : last_names: no visible binding for global variable
     ‘randomNamesData’
Flavors: r-devel-linux-x86_64-debian-clang, r-devel-linux-x86_64-debian-gcc, r-devel-linux-x86_64-fedora-clang, r-devel-linux-x86_64-fedora-gcc, r-devel-osx-x86_64-clang, r-devel-windows-ix86+x86_64, r-patched-linux-x86_64, r-patched-solaris-sparc, r-patched-solaris-x86, r-release-linux-ix86, r-release-linux-x86_64, r-release-windows-ix86+x86_64