CRAN Package Check Results for Package randomNames

Last updated on 2015-02-01 20:48:43.

Flavor Version Tinstall Tcheck Ttotal Status Flags
r-devel-linux-x86_64-debian-clang 0.0-6 1.42 14.70 16.12 NOTE
r-devel-linux-x86_64-debian-gcc 0.0-6 1.42 13.97 15.40 NOTE
r-devel-linux-x86_64-fedora-clang 0.0-6 31.94 NOTE
r-devel-linux-x86_64-fedora-gcc 0.0-6 29.78 NOTE
r-devel-osx-x86_64-clang 0.0-6 37.02 NOTE
r-devel-windows-ix86+x86_64 0.0-6 4.00 25.00 29.00 NOTE
r-patched-linux-x86_64 0.0-6 1.84 19.79 21.62 NOTE
r-patched-solaris-sparc 0.0-6 250.60 NOTE
r-patched-solaris-x86 0.0-6 60.50 NOTE
r-release-linux-ix86 0.0-6 2.33 25.97 28.30 NOTE
r-release-linux-x86_64 0.0-6 1.85 19.20 21.04 NOTE
r-release-osx-x86_64-mavericks 0.0-6 NOTE
r-release-osx-x86_64-snowleopard 0.0-6 OK
r-release-windows-ix86+x86_64 0.0-6 7.00 32.00 39.00 NOTE
r-oldrel-windows-ix86+x86_64 0.0-6 7.00 34.00 41.00 OK

Check Details

Version: 0.0-6
Check: R code for possible problems
Result: NOTE
    randomNames : first_names: no visible binding for global variable
     ‘randomNamesData’
    randomNames : last_names: no visible binding for global variable
     ‘randomNamesData’
Flavors: r-devel-linux-x86_64-debian-clang, r-devel-linux-x86_64-debian-gcc, r-devel-linux-x86_64-fedora-clang, r-devel-linux-x86_64-fedora-gcc, r-devel-osx-x86_64-clang, r-devel-windows-ix86+x86_64, r-patched-linux-x86_64, r-patched-solaris-sparc, r-patched-solaris-x86, r-release-linux-ix86, r-release-linux-x86_64, r-release-osx-x86_64-mavericks, r-release-windows-ix86+x86_64