CRAN Package Check Results for Package randomNames

Last updated on 2016-12-03 12:48:33.

Flavor Version Tinstall Tcheck Ttotal Status Flags
r-devel-linux-x86_64-debian-clang 0.2-0 1.30 14.05 15.35 OK
r-devel-linux-x86_64-debian-gcc 0.2-0 1.19 13.92 15.11 OK
r-devel-linux-x86_64-fedora-clang 0.2-0 28.16 OK
r-devel-linux-x86_64-fedora-gcc 0.2-0 26.98 OK
r-devel-macos-x86_64-clang 0.2-0 23.69 NOTE
r-devel-windows-ix86+x86_64 0.2-0 4.00 29.00 33.00 OK
r-patched-linux-x86_64 0.2-0 1.24 11.40 12.65 OK
r-patched-solaris-sparc 0.2-0 145.90 OK
r-patched-solaris-x86 0.2-0 32.20 OK
r-release-linux-x86_64 0.2-0 1.23 11.59 12.83 OK
r-release-osx-x86_64-mavericks 0.2-0 OK
r-release-windows-ix86+x86_64 0.2-0 5.00 35.00 40.00 OK
r-oldrel-windows-ix86+x86_64 0.2-0 8.00 37.00 45.00 OK

Check Details

Version: 0.2-0
Check: R code for possible problems
Result: NOTE
    
    This data.table install has not detected OpenMP support. It will work but slower in single threaded mode.
Flavor: r-devel-macos-x86_64-clang