CRAN Package Check Results for Package randomNames

Last updated on 2014-09-03 05:47:50.

Flavor Version Tinstall Tcheck Ttotal Status Flags
r-devel-linux-x86_64-debian-clang 0.0-6 1.76 17.12 18.88 NOTE
r-devel-linux-x86_64-debian-gcc 0.0-6 1.78 16.67 18.46 NOTE
r-devel-linux-x86_64-fedora-clang 0.0-6 41.08 NOTE
r-devel-linux-x86_64-fedora-gcc 0.0-6 37.92 NOTE
r-devel-osx-x86_64-clang 0.0-6 32.45 NOTE
r-devel-windows-ix86+x86_64 0.0-6 5.00 28.00 33.00 NOTE
r-patched-linux-x86_64 0.0-6 1.76 17.31 19.07 OK
r-patched-solaris-sparc 0.0-6 235.70 OK
r-patched-solaris-x86 0.0-6 57.90 OK
r-release-linux-ix86 0.0-6 2.40 26.52 28.92 OK
r-release-linux-x86_64 0.0-6 1.80 17.59 19.39 OK
r-release-osx-x86_64-mavericks 0.0-6 OK
r-release-osx-x86_64-snowleopard 0.0-6 OK
r-release-windows-ix86+x86_64 0.0-6 6.00 29.00 35.00 OK
r-oldrel-windows-ix86+x86_64 0.0-6 5.00 31.00 36.00 OK

Check Details

Version: 0.0-6
Check: R code for possible problems
Result: NOTE
    randomNames : first_names: no visible binding for global variable
     ‘randomNamesData’
    randomNames : last_names: no visible binding for global variable
     ‘randomNamesData’
Flavors: r-devel-linux-x86_64-debian-clang, r-devel-linux-x86_64-debian-gcc, r-devel-linux-x86_64-fedora-clang, r-devel-linux-x86_64-fedora-gcc, r-devel-osx-x86_64-clang, r-devel-windows-ix86+x86_64