CRAN Package Check Results for Package randomNames

Last updated on 2014-08-23 11:50:53.

Flavor Version Tinstall Tcheck Ttotal Status Flags
r-devel-linux-x86_64-debian-clang 0.0-6 1.77 17.10 18.87 NOTE
r-devel-linux-x86_64-debian-gcc 0.0-6 1.88 17.05 18.93 NOTE
r-devel-linux-x86_64-fedora-clang 0.0-6 41.23 NOTE
r-devel-linux-x86_64-fedora-gcc 0.0-6 37.69 NOTE
r-devel-osx-x86_64-clang 0.0-6 36.45 NOTE
r-devel-windows-ix86+x86_64 0.0-6 6.00 28.00 34.00 OK
r-patched-linux-x86_64 0.0-6 1.70 17.39 19.09 OK
r-patched-solaris-sparc 0.0-6 235.70 OK
r-patched-solaris-x86 0.0-6 57.20 OK
r-release-linux-ix86 0.0-6 2.34 24.86 27.21 OK
r-release-linux-x86_64 0.0-6 1.77 18.30 20.07 OK
r-release-osx-x86_64-mavericks 0.0-6 OK
r-release-osx-x86_64-snowleopard 0.0-6 OK
r-release-windows-ix86+x86_64 0.0-6 6.00 30.00 36.00 OK
r-oldrel-windows-ix86+x86_64 0.0-6 5.00 36.00 41.00 OK

Check Details

Version: 0.0-6
Check: R code for possible problems
Result: NOTE
    randomNames : first_names: no visible binding for global variable
     ‘randomNamesData’
    randomNames : last_names: no visible binding for global variable
     ‘randomNamesData’
Flavors: r-devel-linux-x86_64-debian-clang, r-devel-linux-x86_64-debian-gcc, r-devel-linux-x86_64-fedora-clang, r-devel-linux-x86_64-fedora-gcc, r-devel-osx-x86_64-clang