CRAN Package Check Results for Package randomSurvivalForest

Last updated on 2014-04-18 18:47:19.

Flavor Version Tinstall Tcheck Ttotal Status Flags
r-devel-linux-x86_64-debian-clang 3.6.4 3.35 33.82 37.17 OK
r-devel-linux-x86_64-debian-gcc OK
r-devel-linux-x86_64-fedora-clang 3.6.4 69.82 OK
r-devel-linux-x86_64-fedora-gcc 3.6.4 70.26 OK
r-devel-macosx-x86_64-clang 3.6.4 61.38 OK
r-devel-macosx-x86_64-gcc 3.6.4 NOTE
r-devel-windows-ix86+x86_64 3.6.4 25.00 75.00 100.00 OK
r-patched-linux-x86_64 3.6.4 7.11 33.75 40.86 OK
r-patched-solaris-sparc 3.6.4 260.00 ERROR
r-patched-solaris-x86 3.6.4 68.80 OK
r-release-linux-ix86 3.6.4 12.00 55.00 67.00 OK
r-release-linux-x86_64 3.6.4 5.14 33.84 38.98 OK
r-release-windows-ix86+x86_64 3.6.4 46.00 96.00 142.00 OK
r-oldrel-windows-ix86+x86_64 3.6.4 27.00 103.00 130.00 OK

Memtest notes: UBSAN

Check Details

Version: 3.6.4
Check: package dependencies
Result: NOTE
    Package suggested but not available for checking: ‘XML’
Flavor: r-devel-macosx-x86_64-gcc

Version: 3.6.4
Check: R code for possible problems
Result: NOTE
    getDataDictNode: no visible global function definition for ‘xmlNode’
    getDataDictNode: no visible global function definition for
     ‘append.XMLNode’
    rsf2rfz: no visible global function definition for ‘xmlTreeParse’
    rsf2rfz: no visible global function definition for ‘xmlRoot’
    rsf2rfz: no visible global function definition for ‘append.XMLNode’
    rsf2rfz: no visible global function definition for ‘saveXML’
Flavor: r-devel-macosx-x86_64-gcc

Version: 3.6.4
Check: examples
Result: ERROR
    Running examples in ‘randomSurvivalForest-Ex.R’ failed
    The error most likely occurred in:
    
    > ### Name: plot.ensemble
    > ### Title: Plot Ensemble Estimates
    > ### Aliases: plot.ensemble plot.ensemble.rsf
    > ### Keywords: file
    >
    > ### ** Examples
    >
    > data(veteran, package = "randomSurvivalForest")
    > v.out <- rsf(Surv(time, status) ~ ., veteran, ntree = 1000)
    Warning in rsf(Surv(time, status) ~ ., veteran, ntree = 1000) :
    
    This package has been deprecated. Please upgrade to the new package 'randomForestSRC'.
    
    Error: segfault from C stack overflow
    Execution halted
Flavor: r-patched-solaris-sparc