CRAN Package Check Results for Package randomizationInference

Last updated on 2016-02-09 10:48:05.

Flavor Version Tinstall Tcheck Ttotal Status Flags
r-devel-linux-x86_64-debian-gcc 1.0.3 0.60 11.71 12.31 NOTE
r-devel-linux-x86_64-fedora-clang 1.0.3 24.14 NOTE
r-devel-linux-x86_64-fedora-gcc 1.0.3 22.29 NOTE
r-devel-osx-x86_64-clang 1.0.3 26.98 NOTE
r-devel-windows-ix86+x86_64 1.0.3 5.00 36.00 41.00 NOTE
r-patched-linux-x86_64 1.0.3 0.66 13.05 13.71 OK
r-patched-solaris-sparc 1.0.3 155.00 OK
r-patched-solaris-x86 1.0.3 33.10 OK
r-release-linux-x86_64 1.0.3 0.68 12.76 13.44 OK
r-release-osx-x86_64-mavericks 1.0.3 OK
r-release-windows-ix86+x86_64 1.0.3 4.00 33.00 37.00 OK
r-oldrel-windows-ix86+x86_64 1.0.3 6.00 39.00 45.00 OK

Check Details

Version: 1.0.3
Check: R code for possible problems
Result: NOTE
    anovaF: no visible global function definition for ‘anova’
    anovaF: no visible global function definition for ‘lm’
    randInterval: no visible global function definition for ‘quantile’
    randInterval : <anonymous>: no visible global function definition for
     ‘quantile’
    randPlot: no visible global function definition for ‘par’
    randPlot: no visible global function definition for ‘hist’
    randPlot: no visible global function definition for ‘abline’
    Undefined global functions or variables:
     abline anova hist lm par quantile
    Consider adding
     importFrom("graphics", "abline", "hist", "par")
     importFrom("stats", "anova", "lm", "quantile")
    to your NAMESPACE file.
Flavors: r-devel-linux-x86_64-debian-gcc, r-devel-linux-x86_64-fedora-clang, r-devel-linux-x86_64-fedora-gcc, r-devel-osx-x86_64-clang, r-devel-windows-ix86+x86_64