CRAN Package Check Results for Package randomizationInference

Last updated on 2016-08-29 00:47:08.

Flavor Version Tinstall Tcheck Ttotal Status Flags
r-devel-linux-x86_64-debian-clang 1.0.3 0.64 13.49 14.13 NOTE
r-devel-linux-x86_64-debian-gcc 1.0.3 0.65 13.28 13.93 NOTE
r-devel-linux-x86_64-fedora-clang 1.0.3 24.57 NOTE
r-devel-linux-x86_64-fedora-gcc 1.0.3 23.00 NOTE
r-devel-osx-x86_64-clang 1.0.3 21.76 NOTE
r-devel-windows-ix86+x86_64 1.0.3 7.00 30.00 37.00 NOTE
r-patched-linux-x86_64 1.0.3 0.61 13.06 13.67 NOTE
r-patched-solaris-sparc 1.0.3 153.80 NOTE
r-patched-solaris-x86 1.0.3 34.70 NOTE
r-release-linux-x86_64 1.0.3 2.64 13.19 15.83 NOTE
r-release-osx-x86_64-mavericks 1.0.3 NOTE
r-release-windows-ix86+x86_64 1.0.3 8.00 39.00 47.00 NOTE
r-oldrel-windows-ix86+x86_64 1.0.3 6.00 64.00 70.00 OK

Check Details

Version: 1.0.3
Check: R code for possible problems
Result: NOTE
    anovaF: no visible global function definition for ‘anova’
    anovaF: no visible global function definition for ‘lm’
    randInterval: no visible global function definition for ‘quantile’
    randInterval : <anonymous>: no visible global function definition for
     ‘quantile’
    randPlot: no visible global function definition for ‘par’
    randPlot: no visible global function definition for ‘hist’
    randPlot: no visible global function definition for ‘abline’
    Undefined global functions or variables:
     abline anova hist lm par quantile
    Consider adding
     importFrom("graphics", "abline", "hist", "par")
     importFrom("stats", "anova", "lm", "quantile")
    to your NAMESPACE file.
Flavors: r-devel-linux-x86_64-debian-clang, r-devel-linux-x86_64-debian-gcc, r-devel-linux-x86_64-fedora-clang, r-devel-linux-x86_64-fedora-gcc, r-devel-osx-x86_64-clang, r-devel-windows-ix86+x86_64, r-patched-linux-x86_64, r-patched-solaris-sparc, r-patched-solaris-x86, r-release-linux-x86_64, r-release-osx-x86_64-mavericks, r-release-windows-ix86+x86_64