CRAN Package Check Results for Package randomizationInference

Last updated on 2015-04-26 23:46:57.

Flavor Version Tinstall Tcheck Ttotal Status Flags
r-devel-linux-x86_64-debian-clang 1.0.3 0.66 13.14 13.80 OK
r-devel-linux-x86_64-debian-gcc 1.0.3 0.66 12.83 13.48 OK
r-devel-linux-x86_64-fedora-clang 1.0.3 27.31 OK
r-devel-linux-x86_64-fedora-gcc 1.0.3 24.87 OK
r-devel-osx-x86_64-clang 1.0.3 26.62 OK
r-devel-windows-ix86+x86_64 1.0.3 3.00 23.00 26.00 OK
r-patched-linux-x86_64 1.0.3 0.64 12.60 13.24 OK
r-patched-solaris-sparc 1.0.3 176.50 OK
r-patched-solaris-x86 1.0.3 37.30 OK
r-release-linux-x86_64 1.0.3 0.64 12.60 13.25 OK
r-release-osx-x86_64-mavericks 1.0.3 OK
r-release-osx-x86_64-snowleopard 1.0.3 ERROR
r-release-windows-ix86+x86_64 1.0.3 2.00 22.00 24.00 OK
r-oldrel-windows-ix86+x86_64 1.0.3 2.00 27.00 29.00 OK

Check Details

Version: 1.0.3
Check: package dependencies
Result: ERROR
    Package required but not available: ‘permute’
    
    See section ‘The DESCRIPTION file’ in the ‘Writing R Extensions’
    manual.
Flavor: r-release-osx-x86_64-snowleopard