CRAN Package Check Results for Package randomizationInference

Last updated on 2017-02-24 23:52:46.

Flavor Version Tinstall Tcheck Ttotal Status Flags
r-devel-linux-x86_64-debian-clang 1.0.3 0.83 14.14 14.97 NOTE
r-devel-linux-x86_64-debian-gcc 1.0.3 0.74 14.14 14.88 NOTE
r-devel-linux-x86_64-fedora-clang 1.0.3 27.35 NOTE --no-stop-on-test-error
r-devel-linux-x86_64-fedora-gcc 1.0.3 24.37 NOTE --no-stop-on-test-error
r-devel-macos-x86_64-clang 1.0.3 23.15 NOTE --no-stop-on-test-error
r-devel-windows-ix86+x86_64 1.0.3 9.00 51.00 60.00 NOTE
r-patched-linux-x86_64 1.0.3 0.69 12.15 12.83 NOTE
r-patched-solaris-sparc 1.0.3 145.40 NOTE
r-patched-solaris-x86 1.0.3 30.90 NOTE
r-release-linux-x86_64 1.0.3 0.68 12.31 12.99 NOTE
r-release-osx-x86_64-mavericks 1.0.3 NOTE
r-release-windows-ix86+x86_64 1.0.3 4.00 48.00 52.00 NOTE
r-oldrel-windows-ix86+x86_64 1.0.3 8.00 40.00 48.00 OK

Check Details

Version: 1.0.3
Check: R code for possible problems
Result: NOTE
    anovaF: no visible global function definition for ‘anova’
    anovaF: no visible global function definition for ‘lm’
    randInterval: no visible global function definition for ‘quantile’
    randInterval : <anonymous>: no visible global function definition for
     ‘quantile’
    randPlot: no visible global function definition for ‘par’
    randPlot: no visible global function definition for ‘hist’
    randPlot: no visible global function definition for ‘abline’
    Undefined global functions or variables:
     abline anova hist lm par quantile
    Consider adding
     importFrom("graphics", "abline", "hist", "par")
     importFrom("stats", "anova", "lm", "quantile")
    to your NAMESPACE file.
Flavors: r-devel-linux-x86_64-debian-clang, r-devel-linux-x86_64-debian-gcc, r-devel-windows-ix86+x86_64, r-patched-linux-x86_64, r-patched-solaris-sparc, r-patched-solaris-x86, r-release-linux-x86_64, r-release-osx-x86_64-mavericks, r-release-windows-ix86+x86_64

Version: 1.0.3
Flags: --no-stop-on-test-error
Check: R code for possible problems
Result: NOTE
    anovaF: no visible global function definition for ‘anova’
    anovaF: no visible global function definition for ‘lm’
    randInterval: no visible global function definition for ‘quantile’
    randInterval : <anonymous>: no visible global function definition for
     ‘quantile’
    randPlot: no visible global function definition for ‘par’
    randPlot: no visible global function definition for ‘hist’
    randPlot: no visible global function definition for ‘abline’
    Undefined global functions or variables:
     abline anova hist lm par quantile
    Consider adding
     importFrom("graphics", "abline", "hist", "par")
     importFrom("stats", "anova", "lm", "quantile")
    to your NAMESPACE file.
Flavors: r-devel-linux-x86_64-fedora-clang, r-devel-linux-x86_64-fedora-gcc, r-devel-macos-x86_64-clang