CRAN Package Check Results for Package randomizationInference

Last updated on 2016-12-10 18:49:45.

Flavor Version Tinstall Tcheck Ttotal Status Flags
r-devel-linux-x86_64-debian-clang 1.0.3 0.67 14.46 15.13 NOTE
r-devel-linux-x86_64-debian-gcc 1.0.3 0.69 14.63 15.32 NOTE
r-devel-linux-x86_64-fedora-clang 1.0.3 26.98 NOTE --no-stop-on-test-error
r-devel-linux-x86_64-fedora-gcc 1.0.3 25.08 NOTE --no-stop-on-test-error
r-devel-macos-x86_64-clang 1.0.3 23.05 NOTE --no-stop-on-test-error
r-devel-windows-ix86+x86_64 1.0.3 3.00 54.00 57.00 NOTE
r-patched-linux-x86_64 1.0.3 0.64 12.68 13.33 NOTE
r-patched-solaris-sparc 1.0.3 153.80 NOTE
r-patched-solaris-x86 1.0.3 30.90 NOTE
r-release-linux-x86_64 1.0.3 0.62 12.57 13.20 NOTE
r-release-osx-x86_64-mavericks 1.0.3 NOTE
r-release-windows-ix86+x86_64 1.0.3 4.00 29.00 33.00 NOTE
r-oldrel-windows-ix86+x86_64 1.0.3 6.00 29.00 35.00 OK

Check Details

Version: 1.0.3
Check: R code for possible problems
Result: NOTE
    anovaF: no visible global function definition for ‘anova’
    anovaF: no visible global function definition for ‘lm’
    randInterval: no visible global function definition for ‘quantile’
    randInterval : <anonymous>: no visible global function definition for
     ‘quantile’
    randPlot: no visible global function definition for ‘par’
    randPlot: no visible global function definition for ‘hist’
    randPlot: no visible global function definition for ‘abline’
    Undefined global functions or variables:
     abline anova hist lm par quantile
    Consider adding
     importFrom("graphics", "abline", "hist", "par")
     importFrom("stats", "anova", "lm", "quantile")
    to your NAMESPACE file.
Flavors: r-devel-linux-x86_64-debian-clang, r-devel-linux-x86_64-debian-gcc, r-devel-windows-ix86+x86_64, r-patched-linux-x86_64, r-patched-solaris-sparc, r-patched-solaris-x86, r-release-linux-x86_64, r-release-osx-x86_64-mavericks, r-release-windows-ix86+x86_64

Version: 1.0.3
Flags: --no-stop-on-test-error
Check: R code for possible problems
Result: NOTE
    anovaF: no visible global function definition for ‘anova’
    anovaF: no visible global function definition for ‘lm’
    randInterval: no visible global function definition for ‘quantile’
    randInterval : <anonymous>: no visible global function definition for
     ‘quantile’
    randPlot: no visible global function definition for ‘par’
    randPlot: no visible global function definition for ‘hist’
    randPlot: no visible global function definition for ‘abline’
    Undefined global functions or variables:
     abline anova hist lm par quantile
    Consider adding
     importFrom("graphics", "abline", "hist", "par")
     importFrom("stats", "anova", "lm", "quantile")
    to your NAMESPACE file.
Flavors: r-devel-linux-x86_64-fedora-clang, r-devel-linux-x86_64-fedora-gcc, r-devel-macos-x86_64-clang