CRAN Package Check Results for Package randomizationInference

Last updated on 2016-05-29 21:46:48.

Flavor Version Tinstall Tcheck Ttotal Status Flags
r-devel-linux-x86_64-debian-gcc 1.0.3 0.66 13.49 14.14 NOTE
r-devel-linux-x86_64-fedora-clang 1.0.3 24.36 NOTE
r-devel-linux-x86_64-fedora-gcc 1.0.3 22.79 NOTE
r-devel-osx-x86_64-clang 1.0.3 28.61 NOTE
r-devel-windows-ix86+x86_64 1.0.3 3.00 31.00 34.00 NOTE
r-patched-linux-x86_64 1.0.3 0.67 13.20 13.87 NOTE
r-patched-solaris-sparc 1.0.3 153.20 NOTE
r-patched-solaris-x86 1.0.3 34.70 NOTE
r-release-linux-x86_64 1.0.3 0.65 13.02 13.67 NOTE
r-release-osx-x86_64-mavericks 1.0.3 NOTE
r-release-windows-ix86+x86_64 1.0.3 4.00 32.00 36.00 NOTE
r-oldrel-windows-ix86+x86_64 1.0.3 3.00 30.00 33.00 OK

Check Details

Version: 1.0.3
Check: R code for possible problems
Result: NOTE
    anovaF: no visible global function definition for ‘anova’
    anovaF: no visible global function definition for ‘lm’
    randInterval: no visible global function definition for ‘quantile’
    randInterval : <anonymous>: no visible global function definition for
     ‘quantile’
    randPlot: no visible global function definition for ‘par’
    randPlot: no visible global function definition for ‘hist’
    randPlot: no visible global function definition for ‘abline’
    Undefined global functions or variables:
     abline anova hist lm par quantile
    Consider adding
     importFrom("graphics", "abline", "hist", "par")
     importFrom("stats", "anova", "lm", "quantile")
    to your NAMESPACE file.
Flavors: r-devel-linux-x86_64-debian-gcc, r-devel-linux-x86_64-fedora-clang, r-devel-linux-x86_64-fedora-gcc, r-devel-osx-x86_64-clang, r-devel-windows-ix86+x86_64, r-patched-linux-x86_64, r-patched-solaris-sparc, r-patched-solaris-x86, r-release-linux-x86_64, r-release-osx-x86_64-mavericks, r-release-windows-ix86+x86_64