CRAN Package Check Results for Package randomizationInference

Last updated on 2015-05-24 23:47:34.

Flavor Version Tinstall Tcheck Ttotal Status Flags
r-devel-linux-x86_64-debian-clang 1.0.3 0.75 12.91 13.66 OK
r-devel-linux-x86_64-debian-gcc 1.0.3 0.64 12.90 13.54 OK
r-devel-linux-x86_64-fedora-clang 1.0.3 26.93 OK
r-devel-linux-x86_64-fedora-gcc 1.0.3 25.57 OK
r-devel-osx-x86_64-clang 1.0.3 26.48 OK
r-devel-windows-ix86+x86_64 1.0.3 3.00 22.00 25.00 OK
r-patched-linux-x86_64 1.0.3 0.68 12.76 13.44 OK
r-patched-solaris-sparc 1.0.3 162.70 OK
r-patched-solaris-x86 1.0.3 38.00 OK
r-release-linux-x86_64 1.0.3 0.66 12.96 13.63 OK
r-release-osx-x86_64-mavericks 1.0.3 OK
r-release-osx-x86_64-snowleopard 1.0.3 ERROR
r-release-windows-ix86+x86_64 1.0.3 3.00 22.00 25.00 OK
r-oldrel-windows-ix86+x86_64 1.0.3 3.00 25.00 28.00 OK

Check Details

Version: 1.0.3
Check: package dependencies
Result: ERROR
    Package required but not available: ‘permute’
    
    See section ‘The DESCRIPTION file’ in the ‘Writing R Extensions’
    manual.
Flavor: r-release-osx-x86_64-snowleopard