CRAN Package Check Results for Package randomizationInference

Last updated on 2018-02-25 19:49:14 CET.

Flavor Version Tinstall Tcheck Ttotal Status Flags
r-devel-linux-x86_64-debian-clang 1.0.3 1.14 22.07 23.21 NOTE
r-devel-linux-x86_64-debian-gcc 1.0.3 1.09 17.36 18.45 NOTE
r-devel-linux-x86_64-fedora-clang 1.0.3 27.98 NOTE
r-devel-linux-x86_64-fedora-gcc 1.0.3 26.74 NOTE
r-devel-windows-ix86+x86_64 1.0.3 6.00 45.00 51.00 NOTE
r-patched-linux-x86_64 1.0.3 0.72 22.22 22.94 NOTE
r-patched-solaris-x86 1.0.3 34.90 NOTE
r-release-linux-x86_64 1.0.3 0.86 21.76 22.62 NOTE
r-release-windows-ix86+x86_64 1.0.3 3.00 44.00 47.00 NOTE
r-release-osx-x86_64 1.0.3 NOTE
r-oldrel-windows-ix86+x86_64 1.0.3 2.00 39.00 41.00 NOTE
r-oldrel-osx-x86_64 1.0.3 NOTE

Check Details

Version: 1.0.3
Check: R code for possible problems
Result: NOTE
    anovaF: no visible global function definition for ‘anova’
    anovaF: no visible global function definition for ‘lm’
    randInterval: no visible global function definition for ‘quantile’
    randInterval : <anonymous>: no visible global function definition for
     ‘quantile’
    randPlot: no visible global function definition for ‘par’
    randPlot: no visible global function definition for ‘hist’
    randPlot: no visible global function definition for ‘abline’
    Undefined global functions or variables:
     abline anova hist lm par quantile
    Consider adding
     importFrom("graphics", "abline", "hist", "par")
     importFrom("stats", "anova", "lm", "quantile")
    to your NAMESPACE file.
Flavors: r-devel-linux-x86_64-debian-clang, r-devel-linux-x86_64-debian-gcc, r-devel-linux-x86_64-fedora-clang, r-devel-linux-x86_64-fedora-gcc, r-devel-windows-ix86+x86_64, r-patched-linux-x86_64, r-patched-solaris-x86, r-release-linux-x86_64, r-release-windows-ix86+x86_64, r-release-osx-x86_64, r-oldrel-windows-ix86+x86_64, r-oldrel-osx-x86_64