CRAN Package Check Results for Package randomizationInference

Last updated on 2015-07-07 03:47:52.

Flavor Version Tinstall Tcheck Ttotal Status Flags
r-devel-linux-x86_64-debian-clang 1.0.3 0.62 12.51 13.13 NOTE
r-devel-linux-x86_64-debian-gcc 1.0.3 0.62 12.53 13.15 NOTE
r-devel-linux-x86_64-fedora-clang 1.0.3 25.43 NOTE
r-devel-linux-x86_64-fedora-gcc 1.0.3 24.04 NOTE
r-devel-osx-x86_64-clang 1.0.3 25.13 OK
r-devel-windows-ix86+x86_64 1.0.3 4.00 25.00 29.00 NOTE
r-patched-linux-x86_64 1.0.3 0.64 12.88 13.52 OK
r-patched-solaris-sparc 1.0.3 162.70 OK
r-patched-solaris-x86 1.0.3 38.10 OK
r-release-linux-x86_64 1.0.3 0.64 13.10 13.74 OK
r-release-osx-x86_64-mavericks 1.0.3 OK
r-release-windows-ix86+x86_64 1.0.3 4.00 22.00 26.00 OK
r-oldrel-windows-ix86+x86_64 1.0.3 5.00 26.00 31.00 OK

Check Details

Version: 1.0.3
Check: R code for possible problems
Result: NOTE
    anovaF: no visible global function definition for ‘anova’
    anovaF: no visible global function definition for ‘lm’
    randInterval: no visible global function definition for ‘quantile’
    randInterval : <anonymous>: no visible global function definition for
     ‘quantile’
    randPlot: no visible global function definition for ‘par’
    randPlot: no visible global function definition for ‘hist’
    randPlot: no visible global function definition for ‘abline’
    Undefined global functions or variables:
     abline anova hist lm par quantile
Flavors: r-devel-linux-x86_64-debian-clang, r-devel-linux-x86_64-debian-gcc, r-devel-linux-x86_64-fedora-clang, r-devel-linux-x86_64-fedora-gcc, r-devel-windows-ix86+x86_64