CRAN Package Check Results for Package randomizationInference

Last updated on 2016-07-23 21:49:57.

Flavor Version Tinstall Tcheck Ttotal Status Flags
r-devel-linux-x86_64-debian-clang 1.0.3 0.82 15.03 15.85 NOTE
r-devel-linux-x86_64-debian-gcc 1.0.3 0.76 15.30 16.05 NOTE
r-devel-linux-x86_64-fedora-clang 1.0.3 24.83 NOTE
r-devel-linux-x86_64-fedora-gcc 1.0.3 22.77 NOTE
r-devel-osx-x86_64-clang 1.0.3 21.79 NOTE
r-devel-windows-ix86+x86_64 1.0.3 4.00 34.00 38.00 NOTE
r-patched-linux-x86_64 1.0.3 0.79 15.73 16.52 NOTE
r-patched-solaris-sparc 1.0.3 153.80 NOTE
r-patched-solaris-x86 1.0.3 33.40 NOTE
r-release-linux-x86_64 1.0.3 0.80 15.57 16.37 NOTE
r-release-osx-x86_64-mavericks 1.0.3 NOTE
r-release-windows-ix86+x86_64 1.0.3 3.00 32.00 35.00 NOTE
r-oldrel-windows-ix86+x86_64 1.0.3 5.00 31.00 36.00 OK

Check Details

Version: 1.0.3
Check: R code for possible problems
Result: NOTE
    anovaF: no visible global function definition for ‘anova’
    anovaF: no visible global function definition for ‘lm’
    randInterval: no visible global function definition for ‘quantile’
    randInterval : <anonymous>: no visible global function definition for
     ‘quantile’
    randPlot: no visible global function definition for ‘par’
    randPlot: no visible global function definition for ‘hist’
    randPlot: no visible global function definition for ‘abline’
    Undefined global functions or variables:
     abline anova hist lm par quantile
    Consider adding
     importFrom("graphics", "abline", "hist", "par")
     importFrom("stats", "anova", "lm", "quantile")
    to your NAMESPACE file.
Flavors: r-devel-linux-x86_64-debian-clang, r-devel-linux-x86_64-debian-gcc, r-devel-linux-x86_64-fedora-clang, r-devel-linux-x86_64-fedora-gcc, r-devel-osx-x86_64-clang, r-devel-windows-ix86+x86_64, r-patched-linux-x86_64, r-patched-solaris-sparc, r-patched-solaris-x86, r-release-linux-x86_64, r-release-osx-x86_64-mavericks, r-release-windows-ix86+x86_64