CRAN Package Check Results for Package randomizationInference

Last updated on 2015-08-31 08:47:02.

Flavor Version Tinstall Tcheck Ttotal Status Flags
r-devel-linux-x86_64-debian-clang 1.0.3 0.60 12.42 13.02 NOTE
r-devel-linux-x86_64-debian-gcc 1.0.3 0.60 12.15 12.75 NOTE
r-devel-linux-x86_64-fedora-clang 1.0.3 25.75 NOTE
r-devel-linux-x86_64-fedora-gcc 1.0.3 22.86 NOTE
r-devel-osx-x86_64-clang 1.0.3 24.72 OK
r-devel-windows-ix86+x86_64 1.0.3 5.00 30.00 35.00 NOTE
r-patched-linux-x86_64 1.0.3 0.64 12.77 13.42 OK
r-patched-solaris-sparc 1.0.3 158.70 OK
r-patched-solaris-x86 1.0.3 38.40 OK
r-release-linux-x86_64 1.0.3 0.64 13.38 14.03 OK
r-release-osx-x86_64-mavericks 1.0.3 OK
r-release-windows-ix86+x86_64 1.0.3 4.00 39.00 43.00 OK
r-oldrel-windows-ix86+x86_64 1.0.3 5.00 41.00 46.00 OK

Check Details

Version: 1.0.3
Check: R code for possible problems
Result: NOTE
    anovaF: no visible global function definition for ‘anova’
    anovaF: no visible global function definition for ‘lm’
    randInterval: no visible global function definition for ‘quantile’
    randInterval : <anonymous>: no visible global function definition for
     ‘quantile’
    randPlot: no visible global function definition for ‘par’
    randPlot: no visible global function definition for ‘hist’
    randPlot: no visible global function definition for ‘abline’
    Undefined global functions or variables:
     abline anova hist lm par quantile
    Consider adding
     importFrom("graphics", "abline", "hist", "par")
     importFrom("stats", "anova", "lm", "quantile")
    to your NAMESPACE.
Flavors: r-devel-linux-x86_64-debian-clang, r-devel-linux-x86_64-debian-gcc, r-devel-linux-x86_64-fedora-clang, r-devel-linux-x86_64-fedora-gcc, r-devel-windows-ix86+x86_64