CRAN Package Check Results for Package randomizationInference

Last updated on 2017-08-17 18:46:58.

Flavor Version Tinstall Tcheck Ttotal Status Flags
r-devel-linux-x86_64-debian-clang 1.0.3 0.76 14.75 15.51 NOTE
r-devel-linux-x86_64-debian-gcc 1.0.3 0.77 14.67 15.44 NOTE
r-devel-linux-x86_64-fedora-clang 1.0.3 27.89 NOTE
r-devel-linux-x86_64-fedora-gcc 1.0.3 26.21 NOTE
r-devel-windows-ix86+x86_64 1.0.3 3.00 34.00 37.00 NOTE
r-patched-linux-x86_64 1.0.3 0.68 14.37 15.05 NOTE
r-patched-solaris-x86 1.0.3 34.30 NOTE
r-release-linux-x86_64 1.0.3 0.70 14.88 15.58 NOTE
r-release-windows-ix86+x86_64 1.0.3 3.00 32.00 35.00 NOTE
r-release-osx-x86_64 1.0.3 NOTE
r-oldrel-windows-ix86+x86_64 1.0.3 6.00 31.00 37.00 NOTE
r-oldrel-osx-x86_64 1.0.3 NOTE

Check Details

Version: 1.0.3
Check: R code for possible problems
Result: NOTE
    anovaF: no visible global function definition for ‘anova’
    anovaF: no visible global function definition for ‘lm’
    randInterval: no visible global function definition for ‘quantile’
    randInterval : <anonymous>: no visible global function definition for
     ‘quantile’
    randPlot: no visible global function definition for ‘par’
    randPlot: no visible global function definition for ‘hist’
    randPlot: no visible global function definition for ‘abline’
    Undefined global functions or variables:
     abline anova hist lm par quantile
    Consider adding
     importFrom("graphics", "abline", "hist", "par")
     importFrom("stats", "anova", "lm", "quantile")
    to your NAMESPACE file.
Flavors: r-devel-linux-x86_64-debian-clang, r-devel-linux-x86_64-debian-gcc, r-devel-linux-x86_64-fedora-clang, r-devel-linux-x86_64-fedora-gcc, r-devel-windows-ix86+x86_64, r-patched-linux-x86_64, r-patched-solaris-x86, r-release-linux-x86_64, r-release-windows-ix86+x86_64, r-release-osx-x86_64, r-oldrel-windows-ix86+x86_64, r-oldrel-osx-x86_64