CRAN Package Check Results for Package randomizationInference

Last updated on 2017-12-13 01:54:55 CET.

Flavor Version Tinstall Tcheck Ttotal Status Flags
r-devel-linux-x86_64-debian-clang 1.0.3 0.71 21.55 22.26 NOTE
r-devel-linux-x86_64-debian-gcc 1.0.3 0.60 16.66 17.26 NOTE
r-devel-linux-x86_64-fedora-clang 1.0.3 26.56 NOTE
r-devel-windows-ix86+x86_64 1.0.3 5.00 33.00 38.00 NOTE
r-patched-linux-x86_64 1.0.3 0.75 21.59 22.34 NOTE
r-patched-solaris-x86 1.0.3 35.00 NOTE
r-release-linux-x86_64 1.0.3 0.72 21.67 22.39 NOTE
r-release-windows-ix86+x86_64 1.0.3 3.00 52.00 55.00 NOTE
r-release-osx-x86_64 1.0.3 NOTE
r-oldrel-windows-ix86+x86_64 1.0.3 4.00 42.00 46.00 NOTE
r-oldrel-osx-x86_64 1.0.3 NOTE

Check Details

Version: 1.0.3
Check: R code for possible problems
Result: NOTE
    anovaF: no visible global function definition for ‘anova’
    anovaF: no visible global function definition for ‘lm’
    randInterval: no visible global function definition for ‘quantile’
    randInterval : <anonymous>: no visible global function definition for
     ‘quantile’
    randPlot: no visible global function definition for ‘par’
    randPlot: no visible global function definition for ‘hist’
    randPlot: no visible global function definition for ‘abline’
    Undefined global functions or variables:
     abline anova hist lm par quantile
    Consider adding
     importFrom("graphics", "abline", "hist", "par")
     importFrom("stats", "anova", "lm", "quantile")
    to your NAMESPACE file.
Flavors: r-devel-linux-x86_64-debian-clang, r-devel-linux-x86_64-debian-gcc, r-devel-linux-x86_64-fedora-clang, r-devel-windows-ix86+x86_64, r-patched-linux-x86_64, r-patched-solaris-x86, r-release-linux-x86_64, r-release-windows-ix86+x86_64, r-release-osx-x86_64, r-oldrel-windows-ix86+x86_64, r-oldrel-osx-x86_64